66.249.73.228 - - [29/Apr/2025:02:28:49 -0400] "GET /wp-content/uploads/elementor/css/post-17.css?ver=1734648779 HTTP/1.1" 200 1774 "https://rattanmotors.in/" "Mozilla/5.0 AppleWebKit/537.36 (KHTML, like Gecko; compatible; Googlebot/2.1; +http://www.google.com/bot.html) Chrome/135.0.7049.114 Safari/537.36"
66.249.73.228 - - [29/Apr/2025:02:28:49 -0400] "GET /wp-content/uploads/elementor/css/post-8.css?ver=1734648778 HTTP/1.1" 200 323 "https://rattanmotors.in/" "Mozilla/5.0 AppleWebKit/537.36 (KHTML, like Gecko; compatible; Googlebot/2.1; +http://www.google.com/bot.html) Chrome/135.0.7049.114 Safari/537.36"
66.249.73.228 - - [29/Apr/2025:02:28:49 -0400] "GET /wp-content/plugins/elementor/assets/css/frontend.min.css?ver=3.28.4 HTTP/1.1" 200 6453 "https://rattanmotors.in/" "Mozilla/5.0 AppleWebKit/537.36 (KHTML, like Gecko; compatible; Googlebot/2.1; +http://www.google.com/bot.html) Chrome/135.0.7049.114 Safari/537.36"
66.249.73.228 - - [29/Apr/2025:02:28:50 -0400] "GET /wp-content/uploads/elementor/google-fonts/css/roboto.css?ver=1742252039 HTTP/1.1" 200 1876 "https://rattanmotors.in/" "Mozilla/5.0 AppleWebKit/537.36 (KHTML, like Gecko; compatible; Googlebot/2.1; +http://www.google.com/bot.html) Chrome/135.0.7049.114 Safari/537.36"
66.249.73.228 - - [29/Apr/2025:02:28:50 -0400] "GET /wp-content/plugins/elementor/assets/css/widget-image.min.css?ver=3.28.4 HTTP/1.1" 200 254 "https://rattanmotors.in/" "Mozilla/5.0 AppleWebKit/537.36 (KHTML, like Gecko; compatible; Googlebot/2.1; +http://www.google.com/bot.html) Chrome/135.0.7049.114 Safari/537.36"
66.249.73.228 - - [29/Apr/2025:02:28:50 -0400] "GET /wp-content/uploads/elementor/css/post-115.css?ver=1734648779 HTTP/1.1" 200 1738 "https://rattanmotors.in/" "Mozilla/5.0 AppleWebKit/537.36 (KHTML, like Gecko; compatible; Googlebot/2.1; +http://www.google.com/bot.html) Chrome/135.0.7049.114 Safari/537.36"
66.249.73.228 - - [29/Apr/2025:02:28:50 -0400] "GET /wp-content/themes/astra/assets/js/minified/frontend.min.js?ver=4.8.11 HTTP/1.1" 200 5365 "https://rattanmotors.in/" "Mozilla/5.0 AppleWebKit/537.36 (KHTML, like Gecko; compatible; Googlebot/2.1; +http://www.google.com/bot.html) Chrome/135.0.7049.114 Safari/537.36"
66.249.73.228 - - [29/Apr/2025:02:28:51 -0400] "GET /wp-content/plugins/elementor/assets/lib/eicons/css/elementor-icons.min.css?ver=5.34.0 HTTP/1.1" 200 3845 "https://rattanmotors.in/" "Mozilla/5.0 AppleWebKit/537.36 (KHTML, like Gecko; compatible; Googlebot/2.1; +http://www.google.com/bot.html) Chrome/135.0.7049.114 Safari/537.36"
66.249.73.228 - - [29/Apr/2025:02:28:51 -0400] "GET /wp-content/plugins/elementor/assets/lib/font-awesome/css/fontawesome.min.css?ver=5.15.3 HTTP/1.1" 200 12164 "https://rattanmotors.in/" "Mozilla/5.0 AppleWebKit/537.36 (KHTML, like Gecko; compatible; Googlebot/2.1; +http://www.google.com/bot.html) Chrome/135.0.7049.114 Safari/537.36"
66.249.73.228 - - [29/Apr/2025:02:28:52 -0400] "GET /wp-content/uploads/elementor/google-fonts/css/robotoslab.css?ver=1742252053 HTTP/1.1" 200 712 "https://rattanmotors.in/" "Mozilla/5.0 AppleWebKit/537.36 (KHTML, like Gecko; compatible; Googlebot/2.1; +http://www.google.com/bot.html) Chrome/135.0.7049.114 Safari/537.36"
66.249.73.228 - - [29/Apr/2025:02:28:52 -0400] "GET /wp-content/plugins/elementor/assets/css/widget-social-icons.min.css?ver=3.24.0 HTTP/1.1" 200 1069 "https://rattanmotors.in/" "Mozilla/5.0 AppleWebKit/537.36 (KHTML, like Gecko; compatible; Googlebot/2.1; +http://www.google.com/bot.html) Chrome/135.0.7049.114 Safari/537.36"
66.249.73.228 - - [29/Apr/2025:02:28:53 -0400] "GET /wp-content/plugins/elementor/assets/lib/font-awesome/css/brands.min.css?ver=5.15.3 HTTP/1.1" 200 284 "https://rattanmotors.in/" "Mozilla/5.0 AppleWebKit/537.36 (KHTML, like Gecko; compatible; Googlebot/2.1; +http://www.google.com/bot.html) Chrome/135.0.7049.114 Safari/537.36"
66.249.73.228 - - [29/Apr/2025:02:28:53 -0400] "GET /wp-content/plugins/fluentform/assets/css/choices.css?ver=6.0.3 HTTP/1.1" 200 1698 "https://rattanmotors.in/" "Mozilla/5.0 AppleWebKit/537.36 (KHTML, like Gecko; compatible; Googlebot/2.1; +http://www.google.com/bot.html) Chrome/135.0.7049.114 Safari/537.36"
3.14.15.223 - - [29/Apr/2025:02:28:54 -0400] "GET /tipwin-casino-review-and-free-chips-bonus HTTP/1.1" 404 1251 "-" "Mozilla/5.0 AppleWebKit/537.36 (KHTML, like Gecko; compatible; ClaudeBot/1.0; +claudebot@anthropic.com)"
66.249.73.228 - - [29/Apr/2025:02:28:54 -0400] "GET /wp-includes/js/jquery/ui/core.min.js?ver=1.13.3 HTTP/1.1" 200 6812 "https://rattanmotors.in/" "Mozilla/5.0 AppleWebKit/537.36 (KHTML, like Gecko; compatible; Googlebot/2.1; +http://www.google.com/bot.html) Chrome/135.0.7049.114 Safari/537.36"
66.249.73.228 - - [29/Apr/2025:02:28:54 -0400] "GET /wp-content/plugins/elementor/assets/js/webpack.runtime.min.js?ver=3.28.4 HTTP/1.1" 200 2228 "https://rattanmotors.in/" "Mozilla/5.0 AppleWebKit/537.36 (KHTML, like Gecko; compatible; Googlebot/2.1; +http://www.google.com/bot.html) Chrome/135.0.7049.114 Safari/537.36"
66.249.73.228 - - [29/Apr/2025:02:28:54 -0400] "GET /wp-content/plugins/elementor/assets/js/frontend.min.js?ver=3.28.4 HTTP/1.1" 200 13099 "https://rattanmotors.in/" "Mozilla/5.0 AppleWebKit/537.36 (KHTML, like Gecko; compatible; Googlebot/2.1; +http://www.google.com/bot.html) Chrome/135.0.7049.114 Safari/537.36"
66.249.73.228 - - [29/Apr/2025:02:28:55 -0400] "GET /wp-content/plugins/elementor/assets/lib/font-awesome/webfonts/fa-solid-900.woff2 HTTP/1.1" 200 78196 "https://rattanmotors.in/wp-content/plugins/elementor/assets/lib/font-awesome/css/solid.css?ver=5.15.3" "Mozilla/5.0 AppleWebKit/537.36 (KHTML, like Gecko; compatible; Googlebot/2.1; +http://www.google.com/bot.html) Chrome/135.0.7049.114 Safari/537.36"
66.249.73.228 - - [29/Apr/2025:02:28:55 -0400] "GET /wp-content/plugins/elementor/assets/js/frontend-modules.min.js?ver=3.28.4 HTTP/1.1" 200 14421 "https://rattanmotors.in/" "Mozilla/5.0 AppleWebKit/537.36 (KHTML, like Gecko; compatible; Googlebot/2.1; +http://www.google.com/bot.html) Chrome/135.0.7049.114 Safari/537.36"
66.249.73.228 - - [29/Apr/2025:02:28:56 -0400] "GET /wp-content/plugins/elementor/assets/lib/swiper/v8/swiper.min.js?ver=8.4.5 HTTP/1.1" 200 38152 "https://rattanmotors.in/" "Mozilla/5.0 AppleWebKit/537.36 (KHTML, like Gecko; compatible; Googlebot/2.1; +http://www.google.com/bot.html) Chrome/135.0.7049.114 Safari/537.36"
66.249.73.228 - - [29/Apr/2025:02:28:56 -0400] "GET /wp-content/plugins/header-footer-elementor/inc/js/frontend.js?ver=2.3.0 HTTP/1.1" 200 3944 "https://rattanmotors.in/" "Mozilla/5.0 AppleWebKit/537.36 (KHTML, like Gecko; compatible; Googlebot/2.1; +http://www.google.com/bot.html) Chrome/135.0.7049.114 Safari/537.36"
66.249.73.228 - - [29/Apr/2025:02:28:56 -0400] "GET /wp-content/plugins/fluentform/assets/js/form-submission.js?ver=6.0.3 HTTP/1.1" 200 7276 "https://rattanmotors.in/" "Mozilla/5.0 AppleWebKit/537.36 (KHTML, like Gecko; compatible; Googlebot/2.1; +http://www.google.com/bot.html) Chrome/135.0.7049.114 Safari/537.36"
66.249.73.228 - - [29/Apr/2025:02:28:57 -0400] "GET /wp-content/plugins/fluentform/assets/libs/choices/choices.min.js?ver=9.0.1 HTTP/1.1" 200 18545 "https://rattanmotors.in/" "Mozilla/5.0 AppleWebKit/537.36 (KHTML, like Gecko; compatible; Googlebot/2.1; +http://www.google.com/bot.html) Chrome/135.0.7049.114 Safari/537.36"
66.249.73.228 - - [29/Apr/2025:02:28:57 -0400] "GET /wp-content/uploads/elementor/google-fonts/fonts/roboto-kfo7cnqeu92fr1me7ksn66agldtyluama3yuba.woff2 HTTP/1.1" 200 40128 "https://rattanmotors.in/wp-content/uploads/elementor/google-fonts/css/roboto.css?ver=1742252039" "Mozilla/5.0 AppleWebKit/537.36 (KHTML, like Gecko; compatible; Googlebot/2.1; +http://www.google.com/bot.html) Chrome/135.0.7049.114 Safari/537.36"
66.249.73.228 - - [29/Apr/2025:02:28:57 -0400] "GET /wp-content/plugins/elementor/assets/lib/flatpickr/flatpickr.min.js?ver=4.6.13 HTTP/1.1" 200 14078 "https://rattanmotors.in/" "Mozilla/5.0 AppleWebKit/537.36 (KHTML, like Gecko; compatible; Googlebot/2.1; +http://www.google.com/bot.html) Chrome/135.0.7049.114 Safari/537.36"
66.249.73.228 - - [29/Apr/2025:02:28:58 -0400] "GET /wp-content/uploads/elementor/google-fonts/fonts/poppins-pxieyp8kv8jhgfvrjjfecg.woff2 HTTP/1.1" 200 7884 "https://rattanmotors.in/wp-content/uploads/elementor/google-fonts/css/poppins.css?ver=1742252059" "Mozilla/5.0 AppleWebKit/537.36 (KHTML, like Gecko; compatible; Googlebot/2.1; +http://www.google.com/bot.html) Chrome/135.0.7049.114 Safari/537.36"
66.249.73.228 - - [29/Apr/2025:02:28:58 -0400] "GET /wp-content/plugins/elementor/assets/lib/font-awesome/webfonts/fa-brands-400.woff2 HTTP/1.1" 200 81612 "https://rattanmotors.in/wp-content/plugins/elementor/assets/lib/font-awesome/css/brands.css?ver=5.15.3" "Mozilla/5.0 AppleWebKit/537.36 (KHTML, like Gecko; compatible; Googlebot/2.1; +http://www.google.com/bot.html) Chrome/135.0.7049.114 Safari/537.36"
66.249.73.228 - - [29/Apr/2025:02:29:00 -0400] "GET /wp-includes/js/wp-emoji-release.min.js?ver=6.8 HTTP/1.1" 200 4771 "https://rattanmotors.in/" "Mozilla/5.0 AppleWebKit/537.36 (KHTML, like Gecko; compatible; Googlebot/2.1; +http://www.google.com/bot.html) Chrome/135.0.7049.114 Safari/537.36"
66.249.73.228 - - [29/Apr/2025:02:29:11 -0400] "GET /wp-content/plugins/elementor/assets/js/accordion.36aa4c8c4eba17bc8e03.bundle.min.js HTTP/1.1" 200 1318 "https://rattanmotors.in/" "Mozilla/5.0 AppleWebKit/537.36 (KHTML, like Gecko; compatible; Googlebot/2.1; +http://www.google.com/bot.html) Chrome/135.0.7049.114 Safari/537.36"
66.249.73.228 - - [29/Apr/2025:02:29:12 -0400] "GET /wp-content/plugins/elementor/assets/js/image-carousel.6167d20b95b33386757b.bundle.min.js HTTP/1.1" 200 256 "https://rattanmotors.in/" "Mozilla/5.0 AppleWebKit/537.36 (KHTML, like Gecko; compatible; Googlebot/2.1; +http://www.google.com/bot.html) Chrome/135.0.7049.114 Safari/537.36"
66.249.73.228 - - [29/Apr/2025:02:29:13 -0400] "GET /wp-content/plugins/elementor/assets/js/text-editor.c084ef86600b6f11690d.bundle.min.js HTTP/1.1" 200 621 "https://rattanmotors.in/" "Mozilla/5.0 AppleWebKit/537.36 (KHTML, like Gecko; compatible; Googlebot/2.1; +http://www.google.com/bot.html) Chrome/135.0.7049.114 Safari/537.36"
66.249.73.228 - - [29/Apr/2025:02:29:19 -0400] "GET /lucky-wins-casino-no-deposit-free-spins-bonus-codes/ HTTP/1.1" 404 1251 "-" "Mozilla/5.0 (Linux; Android 6.0.1; Nexus 5X Build/MMB29P) AppleWebKit/537.36 (KHTML, like Gecko) Chrome/135.0.7049.95 Mobile Safari/537.36 (compatible; Googlebot/2.1; +http://www.google.com/bot.html)"
66.249.73.228 - - [29/Apr/2025:02:29:30 -0400] "GET /android-casinoer-online/ HTTP/1.1" 404 1251 "-" "Mozilla/5.0 (Linux; Android 6.0.1; Nexus 5X Build/MMB29P) AppleWebKit/537.36 (KHTML, like Gecko) Chrome/135.0.7049.95 Mobile Safari/537.36 (compatible; Googlebot/2.1; +http://www.google.com/bot.html)"
17.241.219.181 - - [29/Apr/2025:02:35:25 -0400] "GET /hello-world/ HTTP/1.1" 404 1251 "-" "Mozilla/5.0 (Macintosh; Intel Mac OS X 10_15_7) AppleWebKit/605.1.15 (KHTML, like Gecko) Version/17.4 Safari/605.1.15 (Applebot/0.1; +http://www.apple.com/go/applebot)"
66.249.73.228 - - [29/Apr/2025:02:40:03 -0400] "GET /saint-vincent-casino-no-deposit-bonus-codes-for-free-spins-2025/ HTTP/1.1" 404 1251 "-" "Mozilla/5.0 (Linux; Android 6.0.1; Nexus 5X Build/MMB29P) AppleWebKit/537.36 (KHTML, like Gecko) Chrome/135.0.7049.95 Mobile Safari/537.36 (compatible; Googlebot/2.1; +http://www.google.com/bot.html)"
207.46.13.107 - - [29/Apr/2025:02:43:47 -0400] "GET /wp-json/wp/v2/posts/4856 HTTP/1.1" 404 1251 "-" "Mozilla/5.0 AppleWebKit/537.36 (KHTML, like Gecko; compatible; bingbot/2.0; +http://www.bing.com/bingbot.htm) Chrome/116.0.1938.76 Safari/537.36"
31.58.10.129 - - [29/Apr/2025:02:45:27 -0400] "GET /top-relax-gaming-slots-uk/ HTTP/1.1" 404 1251 "-" "Mozilla/5.0 (Macintosh; Intel Mac OS X 10_15_7) AppleWebKit/605.1.15 (KHTML, like Gecko) Version/17.3.1 Safari/605.1.15"
165.231.105.174 - - [29/Apr/2025:02:47:04 -0400] "GET /best-roxor-gaming-casino-sites/ HTTP/1.1" 404 1251 "-" "Mozilla/5.0 (Macintosh; Intel Mac OS X 12.5; rv:114.0) Gecko/20100101 Firefox/114.0"
69.57.162.13 - - [29/Apr/2025:02:47:35 -0400] "POST /wp-cron.php?doing_wp_cron=1745909254.7916829586029052734375 HTTP/1.1" 200 0 "-" "WordPress/6.8; https://rattanmotors.in"
165.231.105.174 - - [29/Apr/2025:02:47:05 -0400] "GET / HTTP/1.1" 200 30304 "-" "Mozilla/5.0 (Macintosh; Intel Mac OS X 12.5; rv:114.0) Gecko/20100101 Firefox/114.0"
196.245.164.43 - - [29/Apr/2025:02:47:45 -0400] "GET /services HTTP/1.1" 404 1251 "https://rattanmotors.in" "Mozilla/5.0 (Macintosh; Intel Mac OS X 12.5; rv:114.0) Gecko/20100101 Firefox/114.0"
196.245.164.43 - - [29/Apr/2025:02:47:46 -0400] "GET / HTTP/1.1" 200 30304 "https://rattanmotors.in" "Mozilla/5.0 (Macintosh; Intel Mac OS X 12.5; rv:114.0) Gecko/20100101 Firefox/114.0"
96.38.164.204 - - [29/Apr/2025:02:51:10 -0400] "GET /mega-medusa-casino-no-deposit-bonus-100-free-spins/ HTTP/1.1" 404 1251 "https://www.google.com/" "Mozilla/5.0 (iPhone; CPU iPhone OS 18_3_2 like Mac OS X) AppleWebKit/605.1.15 (KHTML, like Gecko) Version/18.3.1 Mobile/15E148 Safari/604.1"
96.38.164.204 - - [29/Apr/2025:02:51:10 -0400] "GET /favicon.ico HTTP/1.1" 404 1251 "https://rattanmotors.in/mega-medusa-casino-no-deposit-bonus-100-free-spins/" "Mozilla/5.0 (iPhone; CPU iPhone OS 18_3_2 like Mac OS X) AppleWebKit/605.1.15 (KHTML, like Gecko) Version/18.3.1 Mobile/15E148 Safari/604.1"
66.225.236.164 - - [29/Apr/2025:02:51:56 -0400] "GET /bingostars-casino-100-free-spins-bonus-2025/ HTTP/1.1" 404 1251 "-" "Mozilla/5.0 (Macintosh; Intel Mac OS X 10_15_7) AppleWebKit/537.36 (KHTML, like Gecko) Chrome/130.0.0.0 Safari/537.36"
66.249.73.229 - - [29/Apr/2025:03:01:25 -0400] "GET /bingo-online-bingo-ireland/ HTTP/1.1" 404 1251 "-" "Mozilla/5.0 (Linux; Android 6.0.1; Nexus 5X Build/MMB29P) AppleWebKit/537.36 (KHTML, like Gecko) Chrome/135.0.7049.95 Mobile Safari/537.36 (compatible; Googlebot/2.1; +http://www.google.com/bot.html)"
66.249.73.228 - - [29/Apr/2025:03:01:26 -0400] "GET /blackjack-ballroom-casino/ HTTP/1.1" 404 1251 "-" "Mozilla/5.0 (Linux; Android 6.0.1; Nexus 5X Build/MMB29P) AppleWebKit/537.36 (KHTML, like Gecko) Chrome/135.0.7049.95 Mobile Safari/537.36 (compatible; Googlebot/2.1; +http://www.google.com/bot.html)"
66.249.73.228 - - [29/Apr/2025:03:01:28 -0400] "GET /free-online-slots-no-downloads-no-registration/ HTTP/1.1" 404 1251 "-" "Mozilla/5.0 (Linux; Android 6.0.1; Nexus 5X Build/MMB29P) AppleWebKit/537.36 (KHTML, like Gecko) Chrome/135.0.7049.95 Mobile Safari/537.36 (compatible; Googlebot/2.1; +http://www.google.com/bot.html)"
66.249.73.228 - - [29/Apr/2025:03:01:39 -0400] "GET /free-10-no-deposit-new-casino-ireland/ HTTP/1.1" 404 1251 "-" "Mozilla/5.0 (Linux; Android 6.0.1; Nexus 5X Build/MMB29P) AppleWebKit/537.36 (KHTML, like Gecko) Chrome/135.0.7049.95 Mobile Safari/537.36 (compatible; Googlebot/2.1; +http://www.google.com/bot.html)"
161.123.33.74 - - [29/Apr/2025:03:04:49 -0400] "GET /best-reload-bonus-for-online-casino/ HTTP/1.1" 404 1251 "-" "Mozilla/5.0 (Macintosh; Intel Mac OS X 10_15_7) AppleWebKit/537.36 (KHTML, like Gecko) Chrome/130.0.0.0 Safari/537.36"
66.249.73.229 - - [29/Apr/2025:03:06:40 -0400] "GET /jp7-casino-bonus-codes-2025/ HTTP/1.1" 404 1251 "-" "Mozilla/5.0 (Linux; Android 6.0.1; Nexus 5X Build/MMB29P) AppleWebKit/537.36 (KHTML, like Gecko) Chrome/135.0.7049.95 Mobile Safari/537.36 (compatible; Googlebot/2.1; +http://www.google.com/bot.html)"
66.249.73.229 - - [29/Apr/2025:03:08:50 -0400] "GET /betvisa-casino-login-app-sign-up/ HTTP/1.1" 404 1251 "-" "Mozilla/5.0 (Linux; Android 6.0.1; Nexus 5X Build/MMB29P) AppleWebKit/537.36 (KHTML, like Gecko) Chrome/135.0.7049.95 Mobile Safari/537.36 (compatible; Googlebot/2.1; +http://www.google.com/bot.html)"
66.249.73.229 - - [29/Apr/2025:03:14:55 -0400] "GET /online-gambling-free-welcome-bonus/ HTTP/1.1" 404 1251 "-" "Mozilla/5.0 (Linux; Android 6.0.1; Nexus 5X Build/MMB29P) AppleWebKit/537.36 (KHTML, like Gecko) Chrome/135.0.7049.95 Mobile Safari/537.36 (compatible; Googlebot/2.1; +http://www.google.com/bot.html)"
66.249.73.230 - - [29/Apr/2025:03:18:51 -0400] "GET /free-bonus-no-deposit-slots/ HTTP/1.1" 404 1251 "-" "Mozilla/5.0 (Linux; Android 6.0.1; Nexus 5X Build/MMB29P) AppleWebKit/537.36 (KHTML, like Gecko) Chrome/135.0.7049.95 Mobile Safari/537.36 (compatible; Googlebot/2.1; +http://www.google.com/bot.html)"
69.57.162.13 - - [29/Apr/2025:03:21:30 -0400] "POST /wp-cron.php?doing_wp_cron=1745911290.0859661102294921875000 HTTP/1.1" 200 0 "-" "WordPress/6.8; https://rattanmotors.in"
69.57.162.13 - - [29/Apr/2025:03:21:30 -0400] "POST /wp-cron.php?doing_wp_cron=1745911290.5264120101928710937500 HTTP/1.1" 200 0 "-" "WordPress/6.8; https://rattanmotors.in"
157.55.39.63 - - [29/Apr/2025:03:21:11 -0400] "GET /?p=5116 HTTP/1.1" 301 0 "-" "Mozilla/5.0 AppleWebKit/537.36 (KHTML, like Gecko; compatible; bingbot/2.0; +http://www.bing.com/bingbot.htm) Chrome/116.0.1938.76 Safari/537.36"
66.249.73.229 - - [29/Apr/2025:03:23:38 -0400] "GET /casino-free-spins-without-deposit/ HTTP/1.1" 404 1251 "-" "Mozilla/5.0 (Linux; Android 6.0.1; Nexus 5X Build/MMB29P) AppleWebKit/537.36 (KHTML, like Gecko) Chrome/135.0.7049.95 Mobile Safari/537.36 (compatible; Googlebot/2.1; +http://www.google.com/bot.html)"
69.171.231.4 - - [29/Apr/2025:03:27:12 -0400] "GET /robots.txt HTTP/1.1" 206 310 "-" "facebookexternalhit/1.1 (+http://www.facebook.com/externalhit_uatext.php)"
23.27.184.50 - - [29/Apr/2025:03:27:55 -0400] "GET /which-online-casino-is-not-rigged/ HTTP/1.1" 404 1251 "-" "Mozilla/5.0 (Windows NT 10.0; Win64; x64) AppleWebKit/537.36 (KHTML, like Gecko) Chrome/130.0.0.0 Safari/537.36"
69.57.162.13 - - [29/Apr/2025:03:28:11 -0400] "POST /wp-cron.php?doing_wp_cron=1745911691.5993111133575439453125 HTTP/1.1" 200 0 "-" "WordPress/6.8; https://rattanmotors.in"
83.220.237.118 - - [29/Apr/2025:03:28:03 -0400] "GET / HTTP/1.1" 200 30307 "-" "Mozilla/4.0 (compatible; MSIE 6.0; Windows NT 5.1; SV1)"
47.128.30.253 - - [29/Apr/2025:03:30:24 -0400] "GET /robots.txt HTTP/1.1" 200 156 "-" "Mozilla/5.0 (Linux; Android 5.0) AppleWebKit/537.36 (KHTML, like Gecko) Mobile Safari/537.36 (compatible; Bytespider; spider-feedback@bytedance.com)"
66.249.73.229 - - [29/Apr/2025:03:31:50 -0400] "GET /betking-casino-no-deposit-bonus-100-free-spins/ HTTP/1.1" 404 1251 "-" "Mozilla/5.0 (Linux; Android 6.0.1; Nexus 5X Build/MMB29P) AppleWebKit/537.36 (KHTML, like Gecko) Chrome/135.0.7049.95 Mobile Safari/537.36 (compatible; Googlebot/2.1; +http://www.google.com/bot.html)"
69.57.162.13 - - [29/Apr/2025:03:34:33 -0400] "POST /wp-cron.php?doing_wp_cron=1745912073.8744909763336181640625 HTTP/1.1" 200 0 "-" "WordPress/6.8; https://rattanmotors.in"
47.128.62.247 - - [29/Apr/2025:03:34:25 -0400] "GET / HTTP/1.1" 200 30330 "-" "Mozilla/5.0 (Linux; Android 5.0) AppleWebKit/537.36 (KHTML, like Gecko) Mobile Safari/537.36 (compatible; Bytespider; spider-feedback@bytedance.com)"
47.128.62.247 - - [29/Apr/2025:03:34:38 -0400] "GET /wp-content/themes/astra/assets/css/minified/main.min.css?ver=4.8.11 HTTP/1.1" 200 8204 "https://rattanmotors.in/" "Mozilla/5.0 (Linux; Android 5.0) AppleWebKit/537.36 (KHTML, like Gecko) Mobile Safari/537.36 (compatible; Bytespider; spider-feedback@bytedance.com)"
47.128.62.247 - - [29/Apr/2025:03:34:38 -0400] "GET /wp-content/plugins/header-footer-elementor/inc/widgets-css/frontend.css?ver=2.3.0 HTTP/1.1" 200 8133 "https://rattanmotors.in/" "Mozilla/5.0 (Linux; Android 5.0) AppleWebKit/537.36 (KHTML, like Gecko) Mobile Safari/537.36 (compatible; Bytespider; spider-feedback@bytedance.com)"
47.128.62.247 - - [29/Apr/2025:03:34:38 -0400] "GET /wp-content/plugins/elementor/assets/lib/eicons/css/elementor-icons.min.css?ver=5.36.0 HTTP/1.1" 200 3845 "https://rattanmotors.in/" "Mozilla/5.0 (Linux; Android 5.0) AppleWebKit/537.36 (KHTML, like Gecko) Mobile Safari/537.36 (compatible; Bytespider; spider-feedback@bytedance.com)"
47.128.62.247 - - [29/Apr/2025:03:34:38 -0400] "GET /wp-content/plugins/elementor/assets/css/frontend.min.css?ver=3.28.4 HTTP/1.1" 200 6453 "https://rattanmotors.in/" "Mozilla/5.0 (Linux; Android 5.0) AppleWebKit/537.36 (KHTML, like Gecko) Mobile Safari/537.36 (compatible; Bytespider; spider-feedback@bytedance.com)"
47.128.62.247 - - [29/Apr/2025:03:34:38 -0400] "GET /wp-content/plugins/header-footer-elementor/assets/css/header-footer-elementor.css?ver=2.3.0 HTTP/1.1" 200 259 "https://rattanmotors.in/" "Mozilla/5.0 (Linux; Android 5.0) AppleWebKit/537.36 (KHTML, like Gecko) Mobile Safari/537.36 (compatible; Bytespider; spider-feedback@bytedance.com)"
47.128.62.247 - - [29/Apr/2025:03:34:38 -0400] "GET /wp-content/plugins/instagram-feed/css/sbi-styles.min.css?ver=6.6.1 HTTP/1.1" 200 8449 "https://rattanmotors.in/" "Mozilla/5.0 (Linux; Android 5.0) AppleWebKit/537.36 (KHTML, like Gecko) Mobile Safari/537.36 (compatible; Bytespider; spider-feedback@bytedance.com)"
47.128.62.247 - - [29/Apr/2025:03:34:38 -0400] "GET /wp-content/plugins/elementor/assets/css/widget-image-carousel.min.css?ver=3.28.4 HTTP/1.1" 200 163 "https://rattanmotors.in/" "Mozilla/5.0 (Linux; Android 5.0) AppleWebKit/537.36 (KHTML, like Gecko) Mobile Safari/537.36 (compatible; Bytespider; spider-feedback@bytedance.com)"
47.128.62.247 - - [29/Apr/2025:03:34:39 -0400] "GET /wp-content/plugins/elementor/assets/css/conditionals/e-swiper.min.css?ver=3.28.4 HTTP/1.1" 200 699 "https://rattanmotors.in/" "Mozilla/5.0 (Linux; Android 5.0) AppleWebKit/537.36 (KHTML, like Gecko) Mobile Safari/537.36 (compatible; Bytespider; spider-feedback@bytedance.com)"
47.128.62.247 - - [29/Apr/2025:03:34:39 -0400] "GET /wp-content/uploads/elementor/css/post-8.css?ver=1734648778 HTTP/1.1" 200 323 "https://rattanmotors.in/" "Mozilla/5.0 (Linux; Android 5.0) AppleWebKit/537.36 (KHTML, like Gecko) Mobile Safari/537.36 (compatible; Bytespider; spider-feedback@bytedance.com)"
47.128.62.247 - - [29/Apr/2025:03:34:39 -0400] "GET /wp-content/plugins/elementor/assets/lib/swiper/v8/css/swiper.min.css?ver=8.4.5 HTTP/1.1" 200 4248 "https://rattanmotors.in/" "Mozilla/5.0 (Linux; Android 5.0) AppleWebKit/537.36 (KHTML, like Gecko) Mobile Safari/537.36 (compatible; Bytespider; spider-feedback@bytedance.com)"
47.128.62.247 - - [29/Apr/2025:03:34:39 -0400] "GET /wp-content/plugins/elementor/assets/css/widget-icon-list.min.css?ver=3.24.3 HTTP/1.1" 200 957 "https://rattanmotors.in/" "Mozilla/5.0 (Linux; Android 5.0) AppleWebKit/537.36 (KHTML, like Gecko) Mobile Safari/537.36 (compatible; Bytespider; spider-feedback@bytedance.com)"
47.128.62.247 - - [29/Apr/2025:03:34:39 -0400] "GET /wp-content/plugins/elementor/assets/lib/eicons/css/elementor-icons.min.css?ver=5.34.0 HTTP/1.1" 200 3845 "https://rattanmotors.in/" "Mozilla/5.0 (Linux; Android 5.0) AppleWebKit/537.36 (KHTML, like Gecko) Mobile Safari/537.36 (compatible; Bytespider; spider-feedback@bytedance.com)"
47.128.62.247 - - [29/Apr/2025:03:34:39 -0400] "GET /wp-content/uploads/elementor/css/post-17.css?ver=1734648779 HTTP/1.1" 200 1774 "https://rattanmotors.in/" "Mozilla/5.0 (Linux; Android 5.0) AppleWebKit/537.36 (KHTML, like Gecko) Mobile Safari/537.36 (compatible; Bytespider; spider-feedback@bytedance.com)"
47.128.62.247 - - [29/Apr/2025:03:34:39 -0400] "GET /wp-content/plugins/elementor/assets/css/widget-social-icons.min.css?ver=3.24.0 HTTP/1.1" 200 1069 "https://rattanmotors.in/" "Mozilla/5.0 (Linux; Android 5.0) AppleWebKit/537.36 (KHTML, like Gecko) Mobile Safari/537.36 (compatible; Bytespider; spider-feedback@bytedance.com)"
47.128.62.247 - - [29/Apr/2025:03:34:39 -0400] "GET /wp-content/uploads/elementor/css/post-11.css?ver=1734648779 HTTP/1.1" 200 1797 "https://rattanmotors.in/" "Mozilla/5.0 (Linux; Android 5.0) AppleWebKit/537.36 (KHTML, like Gecko) Mobile Safari/537.36 (compatible; Bytespider; spider-feedback@bytedance.com)"
47.128.62.247 - - [29/Apr/2025:03:34:39 -0400] "GET /wp-content/plugins/fluentform/assets/css/fluentform-public-default.css?ver=6.0.3 HTTP/1.1" 200 1036 "https://rattanmotors.in/" "Mozilla/5.0 (Linux; Android 5.0) AppleWebKit/537.36 (KHTML, like Gecko) Mobile Safari/537.36 (compatible; Bytespider; spider-feedback@bytedance.com)"
47.128.62.247 - - [29/Apr/2025:03:34:39 -0400] "GET /wp-content/uploads/elementor/css/post-115.css?ver=1734648779 HTTP/1.1" 200 1738 "https://rattanmotors.in/" "Mozilla/5.0 (Linux; Android 5.0) AppleWebKit/537.36 (KHTML, like Gecko) Mobile Safari/537.36 (compatible; Bytespider; spider-feedback@bytedance.com)"
47.128.62.247 - - [29/Apr/2025:03:34:39 -0400] "GET /wp-content/plugins/elementor/assets/css/widget-text-editor.min.css?ver=3.28.4 HTTP/1.1" 200 208 "https://rattanmotors.in/" "Mozilla/5.0 (Linux; Android 5.0) AppleWebKit/537.36 (KHTML, like Gecko) Mobile Safari/537.36 (compatible; Bytespider; spider-feedback@bytedance.com)"
47.128.62.247 - - [29/Apr/2025:03:34:39 -0400] "GET /wp-content/plugins/fluentform/assets/css/fluent-forms-public.css?ver=6.0.3 HTTP/1.1" 200 5578 "https://rattanmotors.in/" "Mozilla/5.0 (Linux; Android 5.0) AppleWebKit/537.36 (KHTML, like Gecko) Mobile Safari/537.36 (compatible; Bytespider; spider-feedback@bytedance.com)"
47.128.62.247 - - [29/Apr/2025:03:34:39 -0400] "GET /wp-content/plugins/elementor/assets/css/widget-accordion.min.css?ver=3.28.4 HTTP/1.1" 200 377 "https://rattanmotors.in/" "Mozilla/5.0 (Linux; Android 5.0) AppleWebKit/537.36 (KHTML, like Gecko) Mobile Safari/537.36 (compatible; Bytespider; spider-feedback@bytedance.com)"
47.128.62.247 - - [29/Apr/2025:03:34:39 -0400] "GET /wp-content/plugins/elementor/assets/css/widget-heading.min.css?ver=3.28.4 HTTP/1.1" 200 154 "https://rattanmotors.in/" "Mozilla/5.0 (Linux; Android 5.0) AppleWebKit/537.36 (KHTML, like Gecko) Mobile Safari/537.36 (compatible; Bytespider; spider-feedback@bytedance.com)"
47.128.62.247 - - [29/Apr/2025:03:34:39 -0400] "GET /wp-content/plugins/elementor/assets/css/widget-image.min.css?ver=3.28.4 HTTP/1.1" 200 254 "https://rattanmotors.in/" "Mozilla/5.0 (Linux; Android 5.0) AppleWebKit/537.36 (KHTML, like Gecko) Mobile Safari/537.36 (compatible; Bytespider; spider-feedback@bytedance.com)"
47.128.62.247 - - [29/Apr/2025:03:34:40 -0400] "GET /wp-content/plugins/elementor/assets/lib/font-awesome/css/solid.min.css?ver=5.15.3 HTTP/1.1" 200 286 "https://rattanmotors.in/" "Mozilla/5.0 (Linux; Android 5.0) AppleWebKit/537.36 (KHTML, like Gecko) Mobile Safari/537.36 (compatible; Bytespider; spider-feedback@bytedance.com)"
47.128.62.247 - - [29/Apr/2025:03:34:40 -0400] "GET /wp-content/plugins/elementor/assets/lib/font-awesome/css/brands.css?ver=5.15.3 HTTP/1.1" 200 296 "https://rattanmotors.in/" "Mozilla/5.0 (Linux; Android 5.0) AppleWebKit/537.36 (KHTML, like Gecko) Mobile Safari/537.36 (compatible; Bytespider; spider-feedback@bytedance.com)"
47.128.62.247 - - [29/Apr/2025:03:34:40 -0400] "GET /wp-content/uploads/elementor/google-fonts/css/poppins.css?ver=1742252059 HTTP/1.1" 200 622 "https://rattanmotors.in/" "Mozilla/5.0 (Linux; Android 5.0) AppleWebKit/537.36 (KHTML, like Gecko) Mobile Safari/537.36 (compatible; Bytespider; spider-feedback@bytedance.com)"
47.128.62.247 - - [29/Apr/2025:03:34:40 -0400] "GET /wp-content/plugins/elementor/assets/lib/font-awesome/css/solid.css?ver=5.15.3 HTTP/1.1" 200 296 "https://rattanmotors.in/" "Mozilla/5.0 (Linux; Android 5.0) AppleWebKit/537.36 (KHTML, like Gecko) Mobile Safari/537.36 (compatible; Bytespider; spider-feedback@bytedance.com)"
47.128.62.247 - - [29/Apr/2025:03:34:40 -0400] "GET /wp-content/plugins/elementor/assets/lib/font-awesome/css/regular.min.css?ver=5.15.3 HTTP/1.1" 200 283 "https://rattanmotors.in/" "Mozilla/5.0 (Linux; Android 5.0) AppleWebKit/537.36 (KHTML, like Gecko) Mobile Safari/537.36 (compatible; Bytespider; spider-feedback@bytedance.com)"
47.128.62.247 - - [29/Apr/2025:03:34:40 -0400] "GET /wp-content/plugins/elementor/assets/lib/font-awesome/css/brands.min.css?ver=5.15.3 HTTP/1.1" 200 284 "https://rattanmotors.in/" "Mozilla/5.0 (Linux; Android 5.0) AppleWebKit/537.36 (KHTML, like Gecko) Mobile Safari/537.36 (compatible; Bytespider; spider-feedback@bytedance.com)"
47.128.62.247 - - [29/Apr/2025:03:34:40 -0400] "GET /wp-content/uploads/elementor/google-fonts/css/robotoslab.css?ver=1742252053 HTTP/1.1" 200 712 "https://rattanmotors.in/" "Mozilla/5.0 (Linux; Android 5.0) AppleWebKit/537.36 (KHTML, like Gecko) Mobile Safari/537.36 (compatible; Bytespider; spider-feedback@bytedance.com)"
47.128.62.247 - - [29/Apr/2025:03:34:40 -0400] "GET /wp-content/uploads/elementor/google-fonts/css/roboto.css?ver=1742252039 HTTP/1.1" 200 1876 "https://rattanmotors.in/" "Mozilla/5.0 (Linux; Android 5.0) AppleWebKit/537.36 (KHTML, like Gecko) Mobile Safari/537.36 (compatible; Bytespider; spider-feedback@bytedance.com)"
47.128.62.247 - - [29/Apr/2025:03:34:40 -0400] "GET /wp-content/plugins/elementor/assets/lib/font-awesome/css/fontawesome.css?ver=5.15.3 HTTP/1.1" 200 12526 "https://rattanmotors.in/" "Mozilla/5.0 (Linux; Android 5.0) AppleWebKit/537.36 (KHTML, like Gecko) Mobile Safari/537.36 (compatible; Bytespider; spider-feedback@bytedance.com)"
47.128.62.247 - - [29/Apr/2025:03:34:40 -0400] "GET /wp-content/plugins/elementor/assets/lib/font-awesome/css/fontawesome.min.css?ver=5.15.3 HTTP/1.1" 200 12164 "https://rattanmotors.in/" "Mozilla/5.0 (Linux; Android 5.0) AppleWebKit/537.36 (KHTML, like Gecko) Mobile Safari/537.36 (compatible; Bytespider; spider-feedback@bytedance.com)"
47.128.62.247 - - [29/Apr/2025:03:34:40 -0400] "GET /wp-content/uploads/2023/03/SES-1.jpg HTTP/1.1" 206 500 "https://rattanmotors.in/" "Mozilla/5.0 (Linux; Android 5.0) AppleWebKit/537.36 (KHTML, like Gecko) Mobile Safari/537.36 (compatible; Bytespider; spider-feedback@bytedance.com)"
47.128.62.247 - - [29/Apr/2025:03:34:40 -0400] "GET /wp-content/plugins/elementor/assets/lib/flatpickr/flatpickr.min.css?ver=4.6.13 HTTP/1.1" 200 2797 "https://rattanmotors.in/" "Mozilla/5.0 (Linux; Android 5.0) AppleWebKit/537.36 (KHTML, like Gecko) Mobile Safari/537.36 (compatible; Bytespider; spider-feedback@bytedance.com)"
47.128.62.247 - - [29/Apr/2025:03:34:41 -0400] "GET /wp-content/plugins/fluentform/assets/css/fluent-forms-elementor-widget.css?ver=6.0.3 HTTP/1.1" 200 771 "https://rattanmotors.in/" "Mozilla/5.0 (Linux; Android 5.0) AppleWebKit/537.36 (KHTML, like Gecko) Mobile Safari/537.36 (compatible; Bytespider; spider-feedback@bytedance.com)"
47.128.62.247 - - [29/Apr/2025:03:34:41 -0400] "GET /wp-content/plugins/fluentform/assets/css/choices.css?ver=6.0.3 HTTP/1.1" 200 1698 "https://rattanmotors.in/" "Mozilla/5.0 (Linux; Android 5.0) AppleWebKit/537.36 (KHTML, like Gecko) Mobile Safari/537.36 (compatible; Bytespider; spider-feedback@bytedance.com)"
47.128.62.247 - - [29/Apr/2025:03:34:41 -0400] "GET /wp-content/uploads/2023/03/SEO-597x1024-1.jpg HTTP/1.1" 206 500 "https://rattanmotors.in/" "Mozilla/5.0 (Linux; Android 5.0) AppleWebKit/537.36 (KHTML, like Gecko) Mobile Safari/537.36 (compatible; Bytespider; spider-feedback@bytedance.com)"
47.128.62.247 - - [29/Apr/2025:03:34:41 -0400] "GET /wp-content/uploads/2023/03/Screenshot-2023-03-03-164945-768x510.png HTTP/1.1" 206 500 "https://rattanmotors.in/" "Mozilla/5.0 (Linux; Android 5.0) AppleWebKit/537.36 (KHTML, like Gecko) Mobile Safari/537.36 (compatible; Bytespider; spider-feedback@bytedance.com)"
47.128.62.247 - - [29/Apr/2025:03:34:41 -0400] "GET /wp-content/uploads/2023/07/HONDA-GENSET-3.jpg HTTP/1.1" 206 500 "https://rattanmotors.in/" "Mozilla/5.0 (Linux; Android 5.0) AppleWebKit/537.36 (KHTML, like Gecko) Mobile Safari/537.36 (compatible; Bytespider; spider-feedback@bytedance.com)"
47.128.62.247 - - [29/Apr/2025:03:34:41 -0400] "GET /wp-content/uploads/2023/05/E-Rickshaw.png HTTP/1.1" 206 500 "https://rattanmotors.in/" "Mozilla/5.0 (Linux; Android 5.0) AppleWebKit/537.36 (KHTML, like Gecko) Mobile Safari/537.36 (compatible; Bytespider; spider-feedback@bytedance.com)"
47.128.62.247 - - [29/Apr/2025:03:34:41 -0400] "GET /wp-content/uploads/2023/05/Exide-Batteries-1.png HTTP/1.1" 206 500 "https://rattanmotors.in/" "Mozilla/5.0 (Linux; Android 5.0) AppleWebKit/537.36 (KHTML, like Gecko) Mobile Safari/537.36 (compatible; Bytespider; spider-feedback@bytedance.com)"
47.128.62.247 - - [29/Apr/2025:03:34:41 -0400] "GET /wp-content/uploads/2023/07/Maruti-Authorised-Service-Center-2.jpg HTTP/1.1" 206 500 "https://rattanmotors.in/" "Mozilla/5.0 (Linux; Android 5.0) AppleWebKit/537.36 (KHTML, like Gecko) Mobile Safari/537.36 (compatible; Bytespider; spider-feedback@bytedance.com)"
47.128.62.247 - - [29/Apr/2025:03:34:41 -0400] "GET /wp-content/uploads/2023/05/MRF-Tyres-2.png HTTP/1.1" 206 500 "https://rattanmotors.in/" "Mozilla/5.0 (Linux; Android 5.0) AppleWebKit/537.36 (KHTML, like Gecko) Mobile Safari/537.36 (compatible; Bytespider; spider-feedback@bytedance.com)"
47.128.62.247 - - [29/Apr/2025:03:34:41 -0400] "GET /wp-content/uploads/2023/01/244469453_364381265469081_8555635903566368284_n.png HTTP/1.1" 206 500 "https://rattanmotors.in/" "Mozilla/5.0 (Linux; Android 5.0) AppleWebKit/537.36 (KHTML, like Gecko) Mobile Safari/537.36 (compatible; Bytespider; spider-feedback@bytedance.com)"
47.128.62.247 - - [29/Apr/2025:03:34:41 -0400] "GET /wp-content/uploads/2023/03/Types-of-Car-Service-in-Rattan-Motor-768x480.jpg HTTP/1.1" 206 500 "https://rattanmotors.in/" "Mozilla/5.0 (Linux; Android 5.0) AppleWebKit/537.36 (KHTML, like Gecko) Mobile Safari/537.36 (compatible; Bytespider; spider-feedback@bytedance.com)"
69.57.162.13 - - [29/Apr/2025:03:36:55 -0400] "POST /wp-cron.php?doing_wp_cron=1745912214.9934771060943603515625 HTTP/1.1" 200 0 "-" "WordPress/6.8; https://rattanmotors.in"
190.92.212.10 - - [29/Apr/2025:03:36:45 -0400] "GET /?p=1915 HTTP/1.1" 301 0 "https://rattanmotors.in/?p=1915" "Mozilla/5.0 (Windows NT 10.0; Win64; x64) AppleWebKit/537.36 (KHTML, like Gecko) Chrome/101.0.4951.64 Safari/537.36 Edg/101.0.1210.47"
190.92.212.10 - - [29/Apr/2025:03:36:57 -0400] "GET /casinos-online-uk-no-deposit/ HTTP/1.1" 404 1251 "https://rattanmotors.in/casinos-online-uk-no-deposit/" "Mozilla/5.0 (Windows NT 10.0; Win64; x64) AppleWebKit/537.36 (KHTML, like Gecko) Chrome/101.0.4951.64 Safari/537.36 Edg/101.0.1210.47"
66.249.73.229 - - [29/Apr/2025:03:38:59 -0400] "GET /slot-ice-bar-27-by-kajot-demo-free-play/ HTTP/1.1" 404 1251 "-" "Mozilla/5.0 (Linux; Android 6.0.1; Nexus 5X Build/MMB29P) AppleWebKit/537.36 (KHTML, like Gecko) Chrome/135.0.7049.95 Mobile Safari/537.36 (compatible; Googlebot/2.1; +http://www.google.com/bot.html)"
66.249.73.228 - - [29/Apr/2025:03:39:49 -0400] "GET /gambling-spins-canada/ HTTP/1.1" 404 1251 "-" "Mozilla/5.0 (Linux; Android 6.0.1; Nexus 5X Build/MMB29P) AppleWebKit/537.36 (KHTML, like Gecko) Chrome/135.0.7049.95 Mobile Safari/537.36 (compatible; Googlebot/2.1; +http://www.google.com/bot.html)"
69.57.162.13 - - [29/Apr/2025:03:40:14 -0400] "POST /wp-cron.php?doing_wp_cron=1745912414.1767740249633789062500 HTTP/1.1" 200 0 "-" "WordPress/6.8; https://rattanmotors.in"
40.77.167.37 - - [29/Apr/2025:03:40:04 -0400] "GET /?p=2970 HTTP/1.1" 301 0 "-" "Mozilla/5.0 AppleWebKit/537.36 (KHTML, like Gecko; compatible; bingbot/2.0; +http://www.bing.com/bingbot.htm) Chrome/116.0.1938.76 Safari/537.36"
40.77.167.8 - - [29/Apr/2025:03:41:34 -0400] "GET /play-casino-slots-for-real-money-canada/ HTTP/1.1" 404 1251 "-" "Mozilla/5.0 AppleWebKit/537.36 (KHTML, like Gecko; compatible; bingbot/2.0; +http://www.bing.com/bingbot.htm) Chrome/116.0.1938.76 Safari/537.36"
66.249.73.228 - - [29/Apr/2025:03:45:50 -0400] "GET /mobile-phone-gambling-sites/ HTTP/1.1" 404 1251 "-" "Mozilla/5.0 (Linux; Android 6.0.1; Nexus 5X Build/MMB29P) AppleWebKit/537.36 (KHTML, like Gecko) Chrome/135.0.7049.95 Mobile Safari/537.36 (compatible; Googlebot/2.1; +http://www.google.com/bot.html)"
64.233.173.69 - - [29/Apr/2025:03:49:31 -0400] "GET /.well-known/traffic-advice HTTP/1.1" 404 1251 "-" "Chrome Privacy Preserving Prefetch Proxy"
72.14.201.143 - - [29/Apr/2025:03:49:31 -0400] "GET / HTTP/1.1" 200 0 "https://www.google.com/" "Mozilla/5.0 (Linux; Android 10; K) AppleWebKit/537.36 (KHTML, like Gecko) Chrome/135.0.0.0 Mobile Safari/537.36"
69.57.162.13 - - [29/Apr/2025:03:49:43 -0400] "POST /wp-cron.php?doing_wp_cron=1745912983.3803191184997558593750 HTTP/1.1" 200 0 "-" "WordPress/6.8; https://rattanmotors.in"
104.249.61.26 - - [29/Apr/2025:03:56:24 -0400] "GET /lowen-play-casino-no-deposit-bonus-100-free-spins/ HTTP/1.1" 404 1251 "-" "Mozilla/5.0 (Macintosh; Intel Mac OS X 10_15_7) AppleWebKit/537.36 (KHTML, like Gecko) Chrome/129.0.0.0 Safari/537.36"
66.249.73.230 - - [29/Apr/2025:03:52:39 -0400] "GET /totogaming-casino-100-free-spins-bonus-2025/ HTTP/1.1" 404 1251 "-" "Mozilla/5.0 (Linux; Android 6.0.1; Nexus 5X Build/MMB29P) AppleWebKit/537.36 (KHTML, like Gecko) Chrome/135.0.7049.95 Mobile Safari/537.36 (compatible; Googlebot/2.1; +http://www.google.com/bot.html)"
45.41.162.142 - - [29/Apr/2025:03:57:30 -0400] "GET /slots-bank-transfer-uk/ HTTP/1.1" 404 1251 "-" "Mozilla/5.0 (Macintosh; Intel Mac OS X 10_15_7) AppleWebKit/537.36 (KHTML, like Gecko) Chrome/128.0.0.0 Safari/537.36"
193.186.4.130 - - [29/Apr/2025:03:59:16 -0400] "GET / HTTP/1.1" 200 0 "https://www.google.com/" "Mozilla/5.0 (Linux; Android 10; K) AppleWebKit/537.36 (KHTML, like Gecko) Chrome/135.0.0.0 Mobile Safari/537.36"
69.57.162.13 - - [29/Apr/2025:03:59:28 -0400] "POST /wp-cron.php?doing_wp_cron=1745913568.4965989589691162109375 HTTP/1.1" 200 0 "-" "WordPress/6.8; https://rattanmotors.in"
104.253.48.36 - - [29/Apr/2025:04:00:33 -0400] "GET /android-casino-review-and-free-chips-bonus/ HTTP/1.1" 404 1251 "-" "Mozilla/5.0 (Macintosh; Intel Mac OS X 10_15_7) AppleWebKit/537.36 (KHTML, like Gecko) Chrome/130.0.0.0 Safari/537.36"
38.170.171.228 - - [29/Apr/2025:04:01:24 -0400] "GET /mafabet-casino-100-free-spins-bonus-2025/ HTTP/1.1" 404 1251 "-" "Mozilla/5.0 (Macintosh; Intel Mac OS X 10_15_7) AppleWebKit/537.36 (KHTML, like Gecko) Chrome/130.0.0.0 Safari/537.36"
69.57.162.13 - - [29/Apr/2025:04:04:48 -0400] "POST /wp-cron.php?doing_wp_cron=1745913888.2794010639190673828125 HTTP/1.1" 200 0 "-" "WordPress/6.8; https://rattanmotors.in"
54.176.5.183 - - [29/Apr/2025:04:04:38 -0400] "GET / HTTP/1.1" 200 37039 "-" "Mozilla/5.0 (X11; Linux x86_64) AppleWebKit/537.36 (KHTML, like Gecko) Chrome/51.0.2704.103 Safari/537.36"
69.57.162.13 - - [29/Apr/2025:04:09:49 -0400] "POST /wp-cron.php?doing_wp_cron=1745914189.3787629604339599609375 HTTP/1.1" 200 0 "-" "WordPress/6.8; https://rattanmotors.in"
103.39.247.101 - - [29/Apr/2025:04:09:38 -0400] "GET / HTTP/1.1" 200 30339 "https://www.google.com/" "Mozilla/5.0 (X11; CrOS x86_64 14541.0.0) AppleWebKit/537.36 (KHTML, like Gecko) Chrome/135.0.0.0 Safari/537.36"
66.249.73.228 - - [29/Apr/2025:04:09:38 -0400] "GET / HTTP/1.1" 200 30339 "-" "GoogleOther"
103.39.247.101 - - [29/Apr/2025:04:09:53 -0400] "GET /wp-content/themes/astra/assets/css/minified/main.min.css?ver=4.8.11 HTTP/1.1" 200 8204 "https://rattanmotors.in/" "Mozilla/5.0 (X11; CrOS x86_64 14541.0.0) AppleWebKit/537.36 (KHTML, like Gecko) Chrome/135.0.0.0 Safari/537.36"
103.39.247.101 - - [29/Apr/2025:04:09:53 -0400] "GET /wp-content/plugins/instagram-feed/css/sbi-styles.min.css?ver=6.6.1 HTTP/1.1" 200 8449 "https://rattanmotors.in/" "Mozilla/5.0 (X11; CrOS x86_64 14541.0.0) AppleWebKit/537.36 (KHTML, like Gecko) Chrome/135.0.0.0 Safari/537.36"
103.39.247.101 - - [29/Apr/2025:04:09:53 -0400] "GET /wp-content/plugins/header-footer-elementor/inc/widgets-css/frontend.css?ver=2.3.0 HTTP/1.1" 200 8133 "https://rattanmotors.in/" "Mozilla/5.0 (X11; CrOS x86_64 14541.0.0) AppleWebKit/537.36 (KHTML, like Gecko) Chrome/135.0.0.0 Safari/537.36"
103.39.247.101 - - [29/Apr/2025:04:09:55 -0400] "GET /wp-content/plugins/elementor/assets/lib/eicons/css/elementor-icons.min.css?ver=5.34.0 HTTP/1.1" 200 3845 "https://rattanmotors.in/" "Mozilla/5.0 (X11; CrOS x86_64 14541.0.0) AppleWebKit/537.36 (KHTML, like Gecko) Chrome/135.0.0.0 Safari/537.36"
103.39.247.101 - - [29/Apr/2025:04:09:55 -0400] "GET /wp-content/plugins/elementor/assets/lib/font-awesome/css/regular.min.css?ver=5.15.3 HTTP/1.1" 200 283 "https://rattanmotors.in/" "Mozilla/5.0 (X11; CrOS x86_64 14541.0.0) AppleWebKit/537.36 (KHTML, like Gecko) Chrome/135.0.0.0 Safari/537.36"
103.39.247.101 - - [29/Apr/2025:04:09:55 -0400] "GET /wp-content/plugins/elementor/assets/lib/font-awesome/css/brands.min.css?ver=5.15.3 HTTP/1.1" 200 284 "https://rattanmotors.in/" "Mozilla/5.0 (X11; CrOS x86_64 14541.0.0) AppleWebKit/537.36 (KHTML, like Gecko) Chrome/135.0.0.0 Safari/537.36"
103.39.247.101 - - [29/Apr/2025:04:09:55 -0400] "GET /wp-content/plugins/header-footer-elementor/assets/css/header-footer-elementor.css?ver=2.3.0 HTTP/1.1" 200 259 "https://rattanmotors.in/" "Mozilla/5.0 (X11; CrOS x86_64 14541.0.0) AppleWebKit/537.36 (KHTML, like Gecko) Chrome/135.0.0.0 Safari/537.36"
103.39.247.101 - - [29/Apr/2025:04:09:55 -0400] "GET /wp-content/plugins/elementor/assets/lib/eicons/css/elementor-icons.min.css?ver=5.36.0 HTTP/1.1" 200 3845 "https://rattanmotors.in/" "Mozilla/5.0 (X11; CrOS x86_64 14541.0.0) AppleWebKit/537.36 (KHTML, like Gecko) Chrome/135.0.0.0 Safari/537.36"
103.39.247.101 - - [29/Apr/2025:04:09:55 -0400] "GET /wp-content/plugins/elementor/assets/css/widget-heading.min.css?ver=3.28.4 HTTP/1.1" 200 154 "https://rattanmotors.in/" "Mozilla/5.0 (X11; CrOS x86_64 14541.0.0) AppleWebKit/537.36 (KHTML, like Gecko) Chrome/135.0.0.0 Safari/537.36"
103.39.247.101 - - [29/Apr/2025:04:09:55 -0400] "GET /wp-content/plugins/elementor/assets/css/conditionals/e-swiper.min.css?ver=3.28.4 HTTP/1.1" 200 699 "https://rattanmotors.in/" "Mozilla/5.0 (X11; CrOS x86_64 14541.0.0) AppleWebKit/537.36 (KHTML, like Gecko) Chrome/135.0.0.0 Safari/537.36"
103.39.247.101 - - [29/Apr/2025:04:09:55 -0400] "GET /wp-content/uploads/elementor/css/post-8.css?ver=1734648778 HTTP/1.1" 200 323 "https://rattanmotors.in/" "Mozilla/5.0 (X11; CrOS x86_64 14541.0.0) AppleWebKit/537.36 (KHTML, like Gecko) Chrome/135.0.0.0 Safari/537.36"
103.39.247.101 - - [29/Apr/2025:04:09:55 -0400] "GET /wp-content/plugins/elementor/assets/css/widget-text-editor.min.css?ver=3.28.4 HTTP/1.1" 200 208 "https://rattanmotors.in/" "Mozilla/5.0 (X11; CrOS x86_64 14541.0.0) AppleWebKit/537.36 (KHTML, like Gecko) Chrome/135.0.0.0 Safari/537.36"
103.39.247.101 - - [29/Apr/2025:04:09:55 -0400] "GET /wp-content/plugins/elementor/assets/css/widget-image.min.css?ver=3.28.4 HTTP/1.1" 200 254 "https://rattanmotors.in/" "Mozilla/5.0 (X11; CrOS x86_64 14541.0.0) AppleWebKit/537.36 (KHTML, like Gecko) Chrome/135.0.0.0 Safari/537.36"
103.39.247.101 - - [29/Apr/2025:04:09:55 -0400] "GET /wp-content/plugins/elementor/assets/css/widget-image-carousel.min.css?ver=3.28.4 HTTP/1.1" 200 163 "https://rattanmotors.in/" "Mozilla/5.0 (X11; CrOS x86_64 14541.0.0) AppleWebKit/537.36 (KHTML, like Gecko) Chrome/135.0.0.0 Safari/537.36"
103.39.247.101 - - [29/Apr/2025:04:09:55 -0400] "GET /wp-content/plugins/elementor/assets/css/widget-accordion.min.css?ver=3.28.4 HTTP/1.1" 200 377 "https://rattanmotors.in/" "Mozilla/5.0 (X11; CrOS x86_64 14541.0.0) AppleWebKit/537.36 (KHTML, like Gecko) Chrome/135.0.0.0 Safari/537.36"
103.39.247.101 - - [29/Apr/2025:04:09:55 -0400] "GET /wp-content/uploads/elementor/css/post-11.css?ver=1734648779 HTTP/1.1" 200 1797 "https://rattanmotors.in/" "Mozilla/5.0 (X11; CrOS x86_64 14541.0.0) AppleWebKit/537.36 (KHTML, like Gecko) Chrome/135.0.0.0 Safari/537.36"
103.39.247.101 - - [29/Apr/2025:04:09:55 -0400] "GET /wp-content/uploads/elementor/css/post-17.css?ver=1734648779 HTTP/1.1" 200 1774 "https://rattanmotors.in/" "Mozilla/5.0 (X11; CrOS x86_64 14541.0.0) AppleWebKit/537.36 (KHTML, like Gecko) Chrome/135.0.0.0 Safari/537.36"
103.39.247.101 - - [29/Apr/2025:04:09:55 -0400] "GET /wp-content/uploads/elementor/css/post-115.css?ver=1734648779 HTTP/1.1" 200 1738 "https://rattanmotors.in/" "Mozilla/5.0 (X11; CrOS x86_64 14541.0.0) AppleWebKit/537.36 (KHTML, like Gecko) Chrome/135.0.0.0 Safari/537.36"
103.39.247.101 - - [29/Apr/2025:04:09:55 -0400] "GET /wp-content/plugins/fluentform/assets/css/fluentform-public-default.css?ver=6.0.3 HTTP/1.1" 200 1036 "https://rattanmotors.in/" "Mozilla/5.0 (X11; CrOS x86_64 14541.0.0) AppleWebKit/537.36 (KHTML, like Gecko) Chrome/135.0.0.0 Safari/537.36"
103.39.247.101 - - [29/Apr/2025:04:09:55 -0400] "GET /wp-content/uploads/elementor/google-fonts/css/poppins.css?ver=1742252059 HTTP/1.1" 200 622 "https://rattanmotors.in/" "Mozilla/5.0 (X11; CrOS x86_64 14541.0.0) AppleWebKit/537.36 (KHTML, like Gecko) Chrome/135.0.0.0 Safari/537.36"
103.39.247.101 - - [29/Apr/2025:04:09:55 -0400] "GET /wp-content/uploads/elementor/google-fonts/css/roboto.css?ver=1742252039 HTTP/1.1" 200 1876 "https://rattanmotors.in/" "Mozilla/5.0 (X11; CrOS x86_64 14541.0.0) AppleWebKit/537.36 (KHTML, like Gecko) Chrome/135.0.0.0 Safari/537.36"
103.39.247.101 - - [29/Apr/2025:04:09:55 -0400] "GET /wp-content/plugins/elementor/assets/css/widget-social-icons.min.css?ver=3.24.0 HTTP/1.1" 200 1069 "https://rattanmotors.in/" "Mozilla/5.0 (X11; CrOS x86_64 14541.0.0) AppleWebKit/537.36 (KHTML, like Gecko) Chrome/135.0.0.0 Safari/537.36"
103.39.247.101 - - [29/Apr/2025:04:09:55 -0400] "GET /wp-content/plugins/elementor/assets/lib/font-awesome/css/solid.min.css?ver=5.15.3 HTTP/1.1" 200 286 "https://rattanmotors.in/" "Mozilla/5.0 (X11; CrOS x86_64 14541.0.0) AppleWebKit/537.36 (KHTML, like Gecko) Chrome/135.0.0.0 Safari/537.36"
103.39.247.101 - - [29/Apr/2025:04:09:55 -0400] "GET /wp-content/plugins/elementor/assets/css/widget-icon-list.min.css?ver=3.24.3 HTTP/1.1" 200 957 "https://rattanmotors.in/" "Mozilla/5.0 (X11; CrOS x86_64 14541.0.0) AppleWebKit/537.36 (KHTML, like Gecko) Chrome/135.0.0.0 Safari/537.36"
103.39.247.101 - - [29/Apr/2025:04:09:55 -0400] "GET /wp-content/plugins/elementor/assets/lib/font-awesome/css/brands.css?ver=5.15.3 HTTP/1.1" 200 296 "https://rattanmotors.in/" "Mozilla/5.0 (X11; CrOS x86_64 14541.0.0) AppleWebKit/537.36 (KHTML, like Gecko) Chrome/135.0.0.0 Safari/537.36"
103.39.247.101 - - [29/Apr/2025:04:09:55 -0400] "GET /wp-content/plugins/elementor/assets/lib/font-awesome/css/solid.css?ver=5.15.3 HTTP/1.1" 200 296 "https://rattanmotors.in/" "Mozilla/5.0 (X11; CrOS x86_64 14541.0.0) AppleWebKit/537.36 (KHTML, like Gecko) Chrome/135.0.0.0 Safari/537.36"
103.39.247.101 - - [29/Apr/2025:04:09:55 -0400] "GET /wp-content/uploads/elementor/google-fonts/css/robotoslab.css?ver=1742252053 HTTP/1.1" 200 712 "https://rattanmotors.in/" "Mozilla/5.0 (X11; CrOS x86_64 14541.0.0) AppleWebKit/537.36 (KHTML, like Gecko) Chrome/135.0.0.0 Safari/537.36"
103.39.247.101 - - [29/Apr/2025:04:09:55 -0400] "GET /wp-content/plugins/elementor/assets/css/frontend.min.css?ver=3.28.4 HTTP/1.1" 200 6453 "https://rattanmotors.in/" "Mozilla/5.0 (X11; CrOS x86_64 14541.0.0) AppleWebKit/537.36 (KHTML, like Gecko) Chrome/135.0.0.0 Safari/537.36"
103.39.247.101 - - [29/Apr/2025:04:09:55 -0400] "GET /wp-content/plugins/fluentform/assets/css/fluent-forms-public.css?ver=6.0.3 HTTP/1.1" 200 5578 "https://rattanmotors.in/" "Mozilla/5.0 (X11; CrOS x86_64 14541.0.0) AppleWebKit/537.36 (KHTML, like Gecko) Chrome/135.0.0.0 Safari/537.36"
103.39.247.101 - - [29/Apr/2025:04:09:55 -0400] "GET /wp-content/plugins/elementor/assets/lib/swiper/v8/css/swiper.min.css?ver=8.4.5 HTTP/1.1" 200 4248 "https://rattanmotors.in/" "Mozilla/5.0 (X11; CrOS x86_64 14541.0.0) AppleWebKit/537.36 (KHTML, like Gecko) Chrome/135.0.0.0 Safari/537.36"
103.39.247.101 - - [29/Apr/2025:04:09:55 -0400] "GET /wp-content/plugins/elementor/assets/lib/font-awesome/css/fontawesome.css?ver=5.15.3 HTTP/1.1" 200 12526 "https://rattanmotors.in/" "Mozilla/5.0 (X11; CrOS x86_64 14541.0.0) AppleWebKit/537.36 (KHTML, like Gecko) Chrome/135.0.0.0 Safari/537.36"
103.39.247.101 - - [29/Apr/2025:04:09:55 -0400] "GET /wp-includes/js/jquery/jquery.min.js?ver=3.7.1 HTTP/1.1" 200 29744 "https://rattanmotors.in/" "Mozilla/5.0 (X11; CrOS x86_64 14541.0.0) AppleWebKit/537.36 (KHTML, like Gecko) Chrome/135.0.0.0 Safari/537.36"
103.39.247.101 - - [29/Apr/2025:04:09:55 -0400] "GET /wp-content/uploads/2023/03/SES-1.jpg HTTP/1.1" 200 107255 "https://rattanmotors.in/" "Mozilla/5.0 (X11; CrOS x86_64 14541.0.0) AppleWebKit/537.36 (KHTML, like Gecko) Chrome/135.0.0.0 Safari/537.36"
103.39.247.101 - - [29/Apr/2025:04:09:55 -0400] "GET /wp-content/uploads/2023/01/244469453_364381265469081_8555635903566368284_n.png HTTP/1.1" 200 8595 "https://rattanmotors.in/" "Mozilla/5.0 (X11; CrOS x86_64 14541.0.0) AppleWebKit/537.36 (KHTML, like Gecko) Chrome/135.0.0.0 Safari/537.36"
103.39.247.101 - - [29/Apr/2025:04:09:55 -0400] "GET /wp-includes/js/jquery/jquery-migrate.min.js?ver=3.4.1 HTTP/1.1" 200 4678 "https://rattanmotors.in/" "Mozilla/5.0 (X11; CrOS x86_64 14541.0.0) AppleWebKit/537.36 (KHTML, like Gecko) Chrome/135.0.0.0 Safari/537.36"
103.39.247.101 - - [29/Apr/2025:04:09:55 -0400] "GET /wp-content/plugins/elementor/assets/lib/font-awesome/css/fontawesome.min.css?ver=5.15.3 HTTP/1.1" 200 12164 "https://rattanmotors.in/" "Mozilla/5.0 (X11; CrOS x86_64 14541.0.0) AppleWebKit/537.36 (KHTML, like Gecko) Chrome/135.0.0.0 Safari/537.36"
103.39.247.101 - - [29/Apr/2025:04:09:55 -0400] "GET /wp-content/uploads/2023/05/MRF-Tyres-2.png HTTP/1.1" 200 573388 "https://rattanmotors.in/" "Mozilla/5.0 (X11; CrOS x86_64 14541.0.0) AppleWebKit/537.36 (KHTML, like Gecko) Chrome/135.0.0.0 Safari/537.36"
69.57.162.13 - - [29/Apr/2025:04:12:50 -0400] "POST /wp-cron.php?doing_wp_cron=1745914370.5738270282745361328125 HTTP/1.1" 200 0 "-" "WordPress/6.8; https://rattanmotors.in"
209.131.254.133 - - [29/Apr/2025:04:12:41 -0400] "GET / HTTP/1.1" 200 30340 "https://www.google.com/" "Mozilla/5.0 (X11; CrOS x86_64 14541.0.0) AppleWebKit/537.36 (KHTML, like Gecko) Chrome/135.0.0.0 Safari/537.36"
209.131.254.133 - - [29/Apr/2025:04:12:53 -0400] "GET /wp-content/themes/astra/assets/css/minified/main.min.css?ver=4.8.11 HTTP/1.1" 200 8204 "https://rattanmotors.in/" "Mozilla/5.0 (X11; CrOS x86_64 14541.0.0) AppleWebKit/537.36 (KHTML, like Gecko) Chrome/135.0.0.0 Safari/537.36"
