whoami7 - Manager
:
/
home
/
rattkxnv
/
access-logs
/
Upload File:
files >> //home/rattkxnv/access-logs/rattanmotors.in-ssl_log
66.249.73.228 - - [29/Apr/2025:01:17:32 -0400] "GET /friday-casino-login-app-sign-up/ HTTP/1.1" 404 1251 "-" "Mozilla/5.0 (Linux; Android 6.0.1; Nexus 5X Build/MMB29P) AppleWebKit/537.36 (KHTML, like Gecko) Chrome/135.0.7049.95 Mobile Safari/537.36 (compatible; Googlebot/2.1; +http://www.google.com/bot.html)"
66.249.73.228 - - [29/Apr/2025:01:17:43 -0400] "GET /betunited-kingdom-online-casino-bonus/ HTTP/1.1" 404 1251 "-" "Mozilla/5.0 (Linux; Android 6.0.1; Nexus 5X Build/MMB29P) AppleWebKit/537.36 (KHTML, like Gecko) Chrome/135.0.7049.95 Mobile Safari/537.36 (compatible; Googlebot/2.1; +http://www.google.com/bot.html)"
154.92.112.53 - - [29/Apr/2025:01:17:54 -0400] "GET /fast-payout-slots-uk/ HTTP/1.1" 404 1251 "-" "Mozilla/5.0 (Windows NT 10.0; Win64; x64) AppleWebKit/537.36 (KHTML, like Gecko) Chrome/130.0.0.0 Safari/537.36"
66.249.73.229 - - [29/Apr/2025:01:18:06 -0400] "GET /wolf-winner-casino-no-deposit-free-spins-bonus-codes/ HTTP/1.1" 404 1251 "-" "Mozilla/5.0 (Linux; Android 6.0.1; Nexus 5X Build/MMB29P) AppleWebKit/537.36 (KHTML, like Gecko) Chrome/135.0.7049.95 Mobile Safari/537.36 (compatible; Googlebot/2.1; +http://www.google.com/bot.html)"
66.249.73.228 - - [29/Apr/2025:01:18:18 -0400] "GET /cool-cat-casino-no-deposit-bonus-100-free-spins/ HTTP/1.1" 404 1251 "-" "Mozilla/5.0 (Linux; Android 6.0.1; Nexus 5X Build/MMB29P) AppleWebKit/537.36 (KHTML, like Gecko) Chrome/135.0.7049.95 Mobile Safari/537.36 (compatible; Googlebot/2.1; +http://www.google.com/bot.html)"
66.249.73.228 - - [29/Apr/2025:01:18:30 -0400] "GET /free-spins-no-deposit-registration-australia/ HTTP/1.1" 404 1251 "-" "Mozilla/5.0 (Linux; Android 6.0.1; Nexus 5X Build/MMB29P) AppleWebKit/537.36 (KHTML, like Gecko) Chrome/135.0.7049.95 Mobile Safari/537.36 (compatible; Googlebot/2.1; +http://www.google.com/bot.html)"
66.249.73.228 - - [29/Apr/2025:01:18:53 -0400] "GET /bell-fruit-casino-100-free-spins-bonus-2025/ HTTP/1.1" 404 1251 "-" "Mozilla/5.0 (Linux; Android 6.0.1; Nexus 5X Build/MMB29P) AppleWebKit/537.36 (KHTML, like Gecko) Chrome/135.0.7049.95 Mobile Safari/537.36 (compatible; Googlebot/2.1; +http://www.google.com/bot.html)"
66.249.73.229 - - [29/Apr/2025:01:19:05 -0400] "GET /casino-online-big-win/ HTTP/1.1" 404 1251 "-" "Mozilla/5.0 (Linux; Android 6.0.1; Nexus 5X Build/MMB29P) AppleWebKit/537.36 (KHTML, like Gecko) Chrome/135.0.7049.95 Mobile Safari/537.36 (compatible; Googlebot/2.1; +http://www.google.com/bot.html)"
66.249.73.228 - - [29/Apr/2025:01:19:31 -0400] "GET /what-online-gambling-accept-amex/ HTTP/1.1" 404 1251 "-" "Mozilla/5.0 (Linux; Android 6.0.1; Nexus 5X Build/MMB29P) AppleWebKit/537.36 (KHTML, like Gecko) Chrome/135.0.7049.95 Mobile Safari/537.36 (compatible; Googlebot/2.1; +http://www.google.com/bot.html)"
66.249.73.228 - - [29/Apr/2025:01:19:44 -0400] "GET /online-slots-real-money-europe/ HTTP/1.1" 404 1251 "-" "Mozilla/5.0 (Linux; Android 6.0.1; Nexus 5X Build/MMB29P) AppleWebKit/537.36 (KHTML, like Gecko) Chrome/135.0.7049.95 Mobile Safari/537.36 (compatible; Googlebot/2.1; +http://www.google.com/bot.html)"
66.249.73.228 - - [29/Apr/2025:01:20:31 -0400] "GET /free-vpn-for-online-gambling/ HTTP/1.1" 404 1251 "-" "Mozilla/5.0 (Linux; Android 6.0.1; Nexus 5X Build/MMB29P) AppleWebKit/537.36 (KHTML, like Gecko) Chrome/135.0.7049.95 Mobile Safari/537.36 (compatible; Googlebot/2.1; +http://www.google.com/bot.html)"
66.249.73.229 - - [29/Apr/2025:01:20:38 -0400] "GET /chester-casino/ HTTP/1.1" 404 1251 "-" "Mozilla/5.0 (Linux; Android 6.0.1; Nexus 5X Build/MMB29P) AppleWebKit/537.36 (KHTML, like Gecko) Chrome/135.0.7049.95 Mobile Safari/537.36 (compatible; Googlebot/2.1; +http://www.google.com/bot.html)"
66.249.73.228 - - [29/Apr/2025:01:20:48 -0400] "GET /online-casinos-instant-withdrawal/ HTTP/1.1" 404 1251 "-" "Mozilla/5.0 (Linux; Android 6.0.1; Nexus 5X Build/MMB29P) AppleWebKit/537.36 (KHTML, like Gecko) Chrome/135.0.7049.95 Mobile Safari/537.36 (compatible; Googlebot/2.1; +http://www.google.com/bot.html)"
66.249.73.230 - - [29/Apr/2025:01:21:00 -0400] "GET /rules-of-gin-rummy/ HTTP/1.1" 404 1251 "-" "Mozilla/5.0 (Linux; Android 6.0.1; Nexus 5X Build/MMB29P) AppleWebKit/537.36 (KHTML, like Gecko) Chrome/135.0.7049.95 Mobile Safari/537.36 (compatible; Googlebot/2.1; +http://www.google.com/bot.html)"
66.249.73.228 - - [29/Apr/2025:01:21:26 -0400] "GET /shwe-casino-no-deposit-bonus-codes-for-free-spins-2025/ HTTP/1.1" 404 1251 "-" "Mozilla/5.0 (Linux; Android 6.0.1; Nexus 5X Build/MMB29P) AppleWebKit/537.36 (KHTML, like Gecko) Chrome/135.0.7049.95 Mobile Safari/537.36 (compatible; Googlebot/2.1; +http://www.google.com/bot.html)"
66.249.73.228 - - [29/Apr/2025:01:21:39 -0400] "GET /viperspin-casino-no-deposit-bonus-100-free-spins/ HTTP/1.1" 404 1251 "-" "Mozilla/5.0 (Linux; Android 6.0.1; Nexus 5X Build/MMB29P) AppleWebKit/537.36 (KHTML, like Gecko) Chrome/135.0.7049.95 Mobile Safari/537.36 (compatible; Googlebot/2.1; +http://www.google.com/bot.html)"
66.249.73.229 - - [29/Apr/2025:01:22:04 -0400] "GET /chancer-bet-casino-no-deposit-bonus-100-free-spins/ HTTP/1.1" 404 1251 "-" "Mozilla/5.0 (Linux; Android 6.0.1; Nexus 5X Build/MMB29P) AppleWebKit/537.36 (KHTML, like Gecko) Chrome/135.0.7049.95 Mobile Safari/537.36 (compatible; Googlebot/2.1; +http://www.google.com/bot.html)"
66.249.73.228 - - [29/Apr/2025:01:22:17 -0400] "GET /eagle-aruba-casino-login-app-sign-up/ HTTP/1.1" 404 1251 "-" "Mozilla/5.0 (Linux; Android 6.0.1; Nexus 5X Build/MMB29P) AppleWebKit/537.36 (KHTML, like Gecko) Chrome/135.0.7049.95 Mobile Safari/537.36 (compatible; Googlebot/2.1; +http://www.google.com/bot.html)"
66.249.73.228 - - [29/Apr/2025:01:22:30 -0400] "GET /333-casino-login-app-sign-up/ HTTP/1.1" 404 1251 "-" "Mozilla/5.0 (Linux; Android 6.0.1; Nexus 5X Build/MMB29P) AppleWebKit/537.36 (KHTML, like Gecko) Chrome/135.0.7049.95 Mobile Safari/537.36 (compatible; Googlebot/2.1; +http://www.google.com/bot.html)"
66.249.73.228 - - [29/Apr/2025:01:22:56 -0400] "GET /free-online-slot-machines-that-pay-real-money/ HTTP/1.1" 404 1251 "-" "Mozilla/5.0 (Linux; Android 6.0.1; Nexus 5X Build/MMB29P) AppleWebKit/537.36 (KHTML, like Gecko) Chrome/135.0.7049.95 Mobile Safari/537.36 (compatible; Googlebot/2.1; +http://www.google.com/bot.html)"
66.249.73.228 - - [29/Apr/2025:01:23:08 -0400] "GET /sic-bo-online/ HTTP/1.1" 404 1251 "-" "Mozilla/5.0 (Linux; Android 6.0.1; Nexus 5X Build/MMB29P) AppleWebKit/537.36 (KHTML, like Gecko) Chrome/135.0.7049.95 Mobile Safari/537.36 (compatible; Googlebot/2.1; +http://www.google.com/bot.html)"
69.57.162.13 - - [29/Apr/2025:01:23:22 -0400] "POST /wp-cron.php?doing_wp_cron=1745904201.9800050258636474609375 HTTP/1.1" 200 0 "-" "WordPress/6.8; https://rattanmotors.in"
52.167.144.184 - - [29/Apr/2025:01:23:10 -0400] "GET /?p=2339 HTTP/1.1" 301 0 "-" "Mozilla/5.0 AppleWebKit/537.36 (KHTML, like Gecko; compatible; bingbot/2.0; +http://www.bing.com/bingbot.htm) Chrome/116.0.1938.76 Safari/537.36"
66.249.73.228 - - [29/Apr/2025:01:23:52 -0400] "GET /play-for-free-elvis-frog-trueways-free-spins-no-deposit/ HTTP/1.1" 404 1251 "-" "Mozilla/5.0 (Linux; Android 6.0.1; Nexus 5X Build/MMB29P) AppleWebKit/537.36 (KHTML, like Gecko) Chrome/135.0.7049.95 Mobile Safari/537.36 (compatible; Googlebot/2.1; +http://www.google.com/bot.html)"
66.249.73.229 - - [29/Apr/2025:01:24:14 -0400] "GET /rules-for-gin-rummy-2-player-new-zealand/ HTTP/1.1" 404 1251 "-" "Mozilla/5.0 (Linux; Android 6.0.1; Nexus 5X Build/MMB29P) AppleWebKit/537.36 (KHTML, like Gecko) Chrome/135.0.7049.95 Mobile Safari/537.36 (compatible; Googlebot/2.1; +http://www.google.com/bot.html)"
66.249.73.228 - - [29/Apr/2025:01:24:35 -0400] "GET /casino-minimum-deposit-1-pound/ HTTP/1.1" 404 1251 "-" "Mozilla/5.0 (Linux; Android 6.0.1; Nexus 5X Build/MMB29P) AppleWebKit/537.36 (KHTML, like Gecko) Chrome/135.0.7049.95 Mobile Safari/537.36 (compatible; Googlebot/2.1; +http://www.google.com/bot.html)"
69.57.162.13 - - [29/Apr/2025:01:24:47 -0400] "POST /wp-cron.php?doing_wp_cron=1745904287.0010869503021240234375 HTTP/1.1" 200 0 "-" "WordPress/6.8; https://rattanmotors.in"
66.249.73.228 - - [29/Apr/2025:01:24:45 -0400] "GET / HTTP/1.1" 200 30340 "-" "Mozilla/5.0 (compatible; Googlebot/2.1; +http://www.google.com/bot.html)"
66.249.73.228 - - [29/Apr/2025:01:24:52 -0400] "GET /wp-content/plugins/elementor/assets/lib/font-awesome/css/solid.css?ver=5.15.3 HTTP/1.1" 200 296 "https://rattanmotors.in/" "Mozilla/5.0 AppleWebKit/537.36 (KHTML, like Gecko; compatible; Googlebot/2.1; +http://www.google.com/bot.html) Chrome/134.0.6998.165 Safari/537.36"
66.249.73.228 - - [29/Apr/2025:01:24:58 -0400] "GET /flexepin-casino-100-free-spins-bonus-2025/ HTTP/1.1" 404 1251 "-" "Mozilla/5.0 (Linux; Android 6.0.1; Nexus 5X Build/MMB29P) AppleWebKit/537.36 (KHTML, like Gecko) Chrome/135.0.7049.95 Mobile Safari/537.36 (compatible; Googlebot/2.1; +http://www.google.com/bot.html)"
82.23.209.192 - - [29/Apr/2025:01:25:09 -0400] "GET /ag-communications-casino/ HTTP/1.1" 404 1251 "-" "Mozilla/5.0 (Macintosh; Intel Mac OS X 10_15_7) AppleWebKit/537.36 (KHTML, like Gecko) Chrome/129.0.0.0 Safari/537.36"
66.249.73.229 - - [29/Apr/2025:01:25:20 -0400] "GET /freedom-casino-no-deposit-bonus-100-free-spins/ HTTP/1.1" 404 1251 "-" "Mozilla/5.0 (Linux; Android 6.0.1; Nexus 5X Build/MMB29P) AppleWebKit/537.36 (KHTML, like Gecko) Chrome/135.0.7049.95 Mobile Safari/537.36 (compatible; Googlebot/2.1; +http://www.google.com/bot.html)"
66.249.73.229 - - [29/Apr/2025:01:25:31 -0400] "GET /online-british-casinos/ HTTP/1.1" 404 1251 "-" "Mozilla/5.0 (Linux; Android 6.0.1; Nexus 5X Build/MMB29P) AppleWebKit/537.36 (KHTML, like Gecko) Chrome/135.0.7049.95 Mobile Safari/537.36 (compatible; Googlebot/2.1; +http://www.google.com/bot.html)"
66.249.73.228 - - [29/Apr/2025:01:25:41 -0400] "GET /how-to-win-on-casino-fruit-machines-australia/ HTTP/1.1" 404 1251 "-" "Mozilla/5.0 (Linux; Android 6.0.1; Nexus 5X Build/MMB29P) AppleWebKit/537.36 (KHTML, like Gecko) Chrome/135.0.7049.95 Mobile Safari/537.36 (compatible; Googlebot/2.1; +http://www.google.com/bot.html)"
66.249.73.230 - - [29/Apr/2025:01:26:04 -0400] "GET /slot-hunters-dream-2-by-playn-go-demo-free-play/ HTTP/1.1" 404 1251 "-" "Mozilla/5.0 (Linux; Android 6.0.1; Nexus 5X Build/MMB29P) AppleWebKit/537.36 (KHTML, like Gecko) Chrome/135.0.7049.95 Mobile Safari/537.36 (compatible; Googlebot/2.1; +http://www.google.com/bot.html)"
66.249.73.228 - - [29/Apr/2025:01:26:15 -0400] "GET /divas-casino-no-deposit-bonus-codes-for-free-spins-2025/ HTTP/1.1" 404 1251 "-" "Mozilla/5.0 (Linux; Android 6.0.1; Nexus 5X Build/MMB29P) AppleWebKit/537.36 (KHTML, like Gecko) Chrome/135.0.7049.95 Mobile Safari/537.36 (compatible; Googlebot/2.1; +http://www.google.com/bot.html)"
66.249.73.228 - - [29/Apr/2025:01:26:25 -0400] "GET /vivabet-casino-no-deposit-bonus-100-free-spins/ HTTP/1.1" 404 1251 "-" "Mozilla/5.0 (Linux; Android 6.0.1; Nexus 5X Build/MMB29P) AppleWebKit/537.36 (KHTML, like Gecko) Chrome/135.0.7049.95 Mobile Safari/537.36 (compatible; Googlebot/2.1; +http://www.google.com/bot.html)"
66.249.73.228 - - [29/Apr/2025:01:26:48 -0400] "GET /how-do-casino-slot-tournaments-work/ HTTP/1.1" 404 1251 "-" "Mozilla/5.0 (Linux; Android 6.0.1; Nexus 5X Build/MMB29P) AppleWebKit/537.36 (KHTML, like Gecko) Chrome/135.0.7049.95 Mobile Safari/537.36 (compatible; Googlebot/2.1; +http://www.google.com/bot.html)"
66.249.73.228 - - [29/Apr/2025:01:26:59 -0400] "GET /fun-play-slots-online/ HTTP/1.1" 404 1251 "-" "Mozilla/5.0 (Linux; Android 6.0.1; Nexus 5X Build/MMB29P) AppleWebKit/537.36 (KHTML, like Gecko) Chrome/135.0.7049.95 Mobile Safari/537.36 (compatible; Googlebot/2.1; +http://www.google.com/bot.html)"
66.249.73.228 - - [29/Apr/2025:01:26:59 -0400] "GET /casino-rules-for-roulette/ HTTP/1.1" 404 1251 "-" "Mozilla/5.0 (Linux; Android 6.0.1; Nexus 5X Build/MMB29P) AppleWebKit/537.36 (KHTML, like Gecko) Chrome/135.0.7049.95 Mobile Safari/537.36 (compatible; Googlebot/2.1; +http://www.google.com/bot.html)"
66.249.73.230 - - [29/Apr/2025:01:27:20 -0400] "GET /jili-casino-no-deposit-bonus-codes-for-free-spins-2025/ HTTP/1.1" 404 1251 "-" "Mozilla/5.0 (Linux; Android 6.0.1; Nexus 5X Build/MMB29P) AppleWebKit/537.36 (KHTML, like Gecko) Chrome/135.0.7049.95 Mobile Safari/537.36 (compatible; Googlebot/2.1; +http://www.google.com/bot.html)"
66.249.73.228 - - [29/Apr/2025:01:27:42 -0400] "GET /incredible-spins-casino-no-deposit-bonus-100-free-spins/ HTTP/1.1" 404 1251 "-" "Mozilla/5.0 (Linux; Android 6.0.1; Nexus 5X Build/MMB29P) AppleWebKit/537.36 (KHTML, like Gecko) Chrome/135.0.7049.95 Mobile Safari/537.36 (compatible; Googlebot/2.1; +http://www.google.com/bot.html)"
69.57.162.13 - - [29/Apr/2025:01:27:58 -0400] "POST /wp-cron.php?doing_wp_cron=1745904478.2983551025390625000000 HTTP/1.1" 200 0 "-" "WordPress/6.8; https://rattanmotors.in"
66.249.73.228 - - [29/Apr/2025:01:27:48 -0400] "GET / HTTP/1.1" 200 30339 "-" "Mozilla/5.0 (compatible; Googlebot/2.1; +http://www.google.com/bot.html)"
66.249.73.228 - - [29/Apr/2025:01:28:04 -0400] "GET /roulette-illegal-in-united-kingdom/ HTTP/1.1" 404 1251 "-" "Mozilla/5.0 (Linux; Android 6.0.1; Nexus 5X Build/MMB29P) AppleWebKit/537.36 (KHTML, like Gecko) Chrome/135.0.7049.95 Mobile Safari/537.36 (compatible; Googlebot/2.1; +http://www.google.com/bot.html)"
66.249.73.228 - - [29/Apr/2025:01:28:25 -0400] "GET /gb-casino/ HTTP/1.1" 404 1251 "-" "Mozilla/5.0 (Linux; Android 6.0.1; Nexus 5X Build/MMB29P) AppleWebKit/537.36 (KHTML, like Gecko) Chrome/135.0.7049.95 Mobile Safari/537.36 (compatible; Googlebot/2.1; +http://www.google.com/bot.html)"
66.249.73.228 - - [29/Apr/2025:01:28:47 -0400] "GET /1v1-online-blackjack/ HTTP/1.1" 404 1251 "-" "Mozilla/5.0 (Linux; Android 6.0.1; Nexus 5X Build/MMB29P) AppleWebKit/537.36 (KHTML, like Gecko) Chrome/135.0.7049.95 Mobile Safari/537.36 (compatible; Googlebot/2.1; +http://www.google.com/bot.html)"
66.249.73.228 - - [29/Apr/2025:01:28:47 -0400] "GET /cololsseum-casino-bonus-codes-2025/ HTTP/1.1" 404 1251 "-" "Mozilla/5.0 (Linux; Android 6.0.1; Nexus 5X Build/MMB29P) AppleWebKit/537.36 (KHTML, like Gecko) Chrome/135.0.7049.95 Mobile Safari/537.36 (compatible; Googlebot/2.1; +http://www.google.com/bot.html)"
66.249.73.228 - - [29/Apr/2025:01:28:58 -0400] "GET /nova-gorica-casino-100-free-spins-bonus-2025/ HTTP/1.1" 404 1251 "-" "Mozilla/5.0 (Linux; Android 6.0.1; Nexus 5X Build/MMB29P) AppleWebKit/537.36 (KHTML, like Gecko) Chrome/135.0.7049.95 Mobile Safari/537.36 (compatible; Googlebot/2.1; +http://www.google.com/bot.html)"
64.64.110.251 - - [29/Apr/2025:01:29:17 -0400] "GET /best-neteller-casinos-new-zealand/ HTTP/1.1" 404 1251 "-" "Mozilla/5.0 (Windows NT 10.0; Win64; x64) AppleWebKit/537.36 (KHTML, like Gecko) Chrome/130.0.0.0 Safari/537.36"
66.249.73.229 - - [29/Apr/2025:01:29:19 -0400] "GET /blackjack-double-exposure-slot/ HTTP/1.1" 404 1251 "-" "Mozilla/5.0 (Linux; Android 6.0.1; Nexus 5X Build/MMB29P) AppleWebKit/537.36 (KHTML, like Gecko) Chrome/135.0.7049.95 Mobile Safari/537.36 (compatible; Googlebot/2.1; +http://www.google.com/bot.html)"
66.249.73.228 - - [29/Apr/2025:01:29:52 -0400] "GET /free-practice-blackjack-uk/ HTTP/1.1" 404 1251 "-" "Mozilla/5.0 (Linux; Android 6.0.1; Nexus 5X Build/MMB29P) AppleWebKit/537.36 (KHTML, like Gecko) Chrome/135.0.7049.95 Mobile Safari/537.36 (compatible; Googlebot/2.1; +http://www.google.com/bot.html)"
66.249.73.229 - - [29/Apr/2025:01:30:02 -0400] "GET /non-deposit-casino-bonus/ HTTP/1.1" 404 1251 "-" "Mozilla/5.0 (Linux; Android 6.0.1; Nexus 5X Build/MMB29P) AppleWebKit/537.36 (KHTML, like Gecko) Chrome/135.0.7049.95 Mobile Safari/537.36 (compatible; Googlebot/2.1; +http://www.google.com/bot.html)"
66.249.73.228 - - [29/Apr/2025:01:30:24 -0400] "GET /indaxis-casino-no-deposit-bonus-100-free-spins/ HTTP/1.1" 404 1251 "-" "Mozilla/5.0 (Linux; Android 6.0.1; Nexus 5X Build/MMB29P) AppleWebKit/537.36 (KHTML, like Gecko) Chrome/135.0.7049.95 Mobile Safari/537.36 (compatible; Googlebot/2.1; +http://www.google.com/bot.html)"
66.249.73.228 - - [29/Apr/2025:01:30:46 -0400] "GET /playuzu-casino-no-deposit-bonus-100-free-spins/ HTTP/1.1" 404 1251 "-" "Mozilla/5.0 (Linux; Android 6.0.1; Nexus 5X Build/MMB29P) AppleWebKit/537.36 (KHTML, like Gecko) Chrome/135.0.7049.95 Mobile Safari/537.36 (compatible; Googlebot/2.1; +http://www.google.com/bot.html)"
66.249.73.228 - - [29/Apr/2025:01:30:57 -0400] "GET /online-gambling-real-money-uk/ HTTP/1.1" 404 1251 "-" "Mozilla/5.0 (Linux; Android 6.0.1; Nexus 5X Build/MMB29P) AppleWebKit/537.36 (KHTML, like Gecko) Chrome/135.0.7049.95 Mobile Safari/537.36 (compatible; Googlebot/2.1; +http://www.google.com/bot.html)"
66.249.73.228 - - [29/Apr/2025:01:31:14 -0400] "GET /jp7-casino-login-app-sign-up/ HTTP/1.1" 404 1251 "-" "Mozilla/5.0 (Linux; Android 6.0.1; Nexus 5X Build/MMB29P) AppleWebKit/537.36 (KHTML, like Gecko) Chrome/135.0.7049.95 Mobile Safari/537.36 (compatible; Googlebot/2.1; +http://www.google.com/bot.html)"
66.249.73.229 - - [29/Apr/2025:01:31:36 -0400] "GET /arena-casino-no-deposit-bonus-100-free-spins/ HTTP/1.1" 404 1251 "-" "Mozilla/5.0 (Linux; Android 6.0.1; Nexus 5X Build/MMB29P) AppleWebKit/537.36 (KHTML, like Gecko) Chrome/135.0.7049.95 Mobile Safari/537.36 (compatible; Googlebot/2.1; +http://www.google.com/bot.html)"
66.249.73.228 - - [29/Apr/2025:01:31:57 -0400] "GET /casino-bonus-deposit-100/ HTTP/1.1" 404 1251 "-" "Mozilla/5.0 (Linux; Android 6.0.1; Nexus 5X Build/MMB29P) AppleWebKit/537.36 (KHTML, like Gecko) Chrome/135.0.7049.95 Mobile Safari/537.36 (compatible; Googlebot/2.1; +http://www.google.com/bot.html)"
66.249.73.228 - - [29/Apr/2025:01:32:18 -0400] "GET /why-is-there-no-craps-in-canada/ HTTP/1.1" 404 1251 "-" "Mozilla/5.0 (Linux; Android 6.0.1; Nexus 5X Build/MMB29P) AppleWebKit/537.36 (KHTML, like Gecko) Chrome/135.0.7049.95 Mobile Safari/537.36 (compatible; Googlebot/2.1; +http://www.google.com/bot.html)"
66.249.73.228 - - [29/Apr/2025:01:32:40 -0400] "GET /uk-licensed-casinos-not-on-gamstop/ HTTP/1.1" 404 1251 "-" "Mozilla/5.0 (Linux; Android 6.0.1; Nexus 5X Build/MMB29P) AppleWebKit/537.36 (KHTML, like Gecko) Chrome/135.0.7049.95 Mobile Safari/537.36 (compatible; Googlebot/2.1; +http://www.google.com/bot.html)"
66.249.73.228 - - [29/Apr/2025:01:33:06 -0400] "GET /free-mobile-casino-no-deposit-bonuses/ HTTP/1.1" 404 1251 "-" "Mozilla/5.0 (Linux; Android 6.0.1; Nexus 5X Build/MMB29P) AppleWebKit/537.36 (KHTML, like Gecko) Chrome/135.0.7049.95 Mobile Safari/537.36 (compatible; Googlebot/2.1; +http://www.google.com/bot.html)"
66.249.73.229 - - [29/Apr/2025:01:33:27 -0400] "GET /50-free-spins-10-spins-per-day-casino/ HTTP/1.1" 404 1251 "-" "Mozilla/5.0 (Linux; Android 6.0.1; Nexus 5X Build/MMB29P) AppleWebKit/537.36 (KHTML, like Gecko) Chrome/135.0.7049.95 Mobile Safari/537.36 (compatible; Googlebot/2.1; +http://www.google.com/bot.html)"
66.249.73.228 - - [29/Apr/2025:01:33:27 -0400] "GET /visa-gift-card-for-online-gambling/ HTTP/1.1" 404 1251 "-" "Mozilla/5.0 (Linux; Android 6.0.1; Nexus 5X Build/MMB29P) AppleWebKit/537.36 (KHTML, like Gecko) Chrome/135.0.7049.95 Mobile Safari/537.36 (compatible; Googlebot/2.1; +http://www.google.com/bot.html)"
66.249.73.228 - - [29/Apr/2025:01:33:37 -0400] "GET /age-for-casino-in-united-kingdom/ HTTP/1.1" 404 1251 "-" "Mozilla/5.0 (Linux; Android 6.0.1; Nexus 5X Build/MMB29P) AppleWebKit/537.36 (KHTML, like Gecko) Chrome/135.0.7049.95 Mobile Safari/537.36 (compatible; Googlebot/2.1; +http://www.google.com/bot.html)"
66.249.73.229 - - [29/Apr/2025:01:34:24 -0400] "GET /slot-triple-triple-chance-by-merkur-gaming-demo-free-play/ HTTP/1.1" 404 1251 "-" "Mozilla/5.0 (Linux; Android 6.0.1; Nexus 5X Build/MMB29P) AppleWebKit/537.36 (KHTML, like Gecko) Chrome/135.0.7049.95 Mobile Safari/537.36 (compatible; Googlebot/2.1; +http://www.google.com/bot.html)"
66.249.73.228 - - [29/Apr/2025:01:34:39 -0400] "GET /20-minimum-deposit-casino/ HTTP/1.1" 404 1251 "-" "Mozilla/5.0 (Linux; Android 6.0.1; Nexus 5X Build/MMB29P) AppleWebKit/537.36 (KHTML, like Gecko) Chrome/135.0.7049.95 Mobile Safari/537.36 (compatible; Googlebot/2.1; +http://www.google.com/bot.html)"
66.249.73.230 - - [29/Apr/2025:01:35:11 -0400] "GET /big-bet-world-casino-no-deposit-bonus-100-free-spins/ HTTP/1.1" 404 1251 "-" "Mozilla/5.0 (Linux; Android 6.0.1; Nexus 5X Build/MMB29P) AppleWebKit/537.36 (KHTML, like Gecko) Chrome/135.0.7049.95 Mobile Safari/537.36 (compatible; Googlebot/2.1; +http://www.google.com/bot.html)"
66.249.73.229 - - [29/Apr/2025:01:36:47 -0400] "GET /inetbet-casino-no-deposit-bonus-100-free-spins/ HTTP/1.1" 404 1251 "-" "Mozilla/5.0 (Linux; Android 6.0.1; Nexus 5X Build/MMB29P) AppleWebKit/537.36 (KHTML, like Gecko) Chrome/135.0.7049.95 Mobile Safari/537.36 (compatible; Googlebot/2.1; +http://www.google.com/bot.html)"
45.41.178.87 - - [29/Apr/2025:01:38:13 -0400] "GET /quasar-gaming-casino-review-and-free-chips-bonus/ HTTP/1.1" 404 1251 "-" "Mozilla/5.0 (Macintosh; Intel Mac OS X 10_15_7) AppleWebKit/537.36 (KHTML, like Gecko) Chrome/130.0.0.0 Safari/537.36"
66.249.73.228 - - [29/Apr/2025:01:38:24 -0400] "GET /slot-release-the-kraken-by-pragmatic-play-demo-free-play/ HTTP/1.1" 404 1251 "-" "Mozilla/5.0 (Linux; Android 6.0.1; Nexus 5X Build/MMB29P) AppleWebKit/537.36 (KHTML, like Gecko) Chrome/135.0.7049.95 Mobile Safari/537.36 (compatible; Googlebot/2.1; +http://www.google.com/bot.html)"
66.249.73.230 - - [29/Apr/2025:01:38:24 -0400] "GET /playmoola-casino-no-deposit-bonus-100-free-spins/ HTTP/1.1" 404 1251 "-" "Mozilla/5.0 (Linux; Android 6.0.1; Nexus 5X Build/MMB29P) AppleWebKit/537.36 (KHTML, like Gecko) Chrome/135.0.7049.95 Mobile Safari/537.36 (compatible; Googlebot/2.1; +http://www.google.com/bot.html)"
66.249.73.228 - - [29/Apr/2025:01:39:42 -0400] "GET /casino-australia-dublin/ HTTP/1.1" 404 1251 "-" "Mozilla/5.0 (Linux; Android 6.0.1; Nexus 5X Build/MMB29P) AppleWebKit/537.36 (KHTML, like Gecko) Chrome/135.0.7049.95 Mobile Safari/537.36 (compatible; Googlebot/2.1; +http://www.google.com/bot.html)"
66.249.73.228 - - [29/Apr/2025:01:41:41 -0400] "GET /bacanaplay-casino-login-app-sign-up/ HTTP/1.1" 404 1251 "-" "Mozilla/5.0 (Linux; Android 6.0.1; Nexus 5X Build/MMB29P) AppleWebKit/537.36 (KHTML, like Gecko) Chrome/135.0.7049.95 Mobile Safari/537.36 (compatible; Googlebot/2.1; +http://www.google.com/bot.html)"
69.57.162.13 - - [29/Apr/2025:01:43:10 -0400] "POST /wp-cron.php?doing_wp_cron=1745905390.8796300888061523437500 HTTP/1.1" 200 0 "-" "WordPress/6.8; https://rattanmotors.in"
69.57.162.13 - - [29/Apr/2025:01:43:10 -0400] "POST /wp-cron.php?doing_wp_cron=1745905390.8796379566192626953125 HTTP/1.1" 200 0 "-" "WordPress/6.8; https://rattanmotors.in"
207.46.13.155 - - [29/Apr/2025:01:42:54 -0400] "GET /?p=2566 HTTP/1.1" 301 0 "-" "Mozilla/5.0 AppleWebKit/537.36 (KHTML, like Gecko; compatible; bingbot/2.0; +http://www.bing.com/bingbot.htm) Chrome/116.0.1938.76 Safari/537.36"
40.77.167.41 - - [29/Apr/2025:01:43:02 -0400] "GET /?p=5449 HTTP/1.1" 301 0 "-" "Mozilla/5.0 AppleWebKit/537.36 (KHTML, like Gecko; compatible; bingbot/2.0; +http://www.bing.com/bingbot.htm) Chrome/116.0.1938.76 Safari/537.36"
207.46.13.107 - - [29/Apr/2025:01:44:01 -0400] "GET /?p=5866 HTTP/1.1" 301 0 "-" "Mozilla/5.0 AppleWebKit/537.36 (KHTML, like Gecko; compatible; bingbot/2.0; +http://www.bing.com/bingbot.htm) Chrome/116.0.1938.76 Safari/537.36"
69.57.162.13 - - [29/Apr/2025:01:44:45 -0400] "POST /wp-cron.php?doing_wp_cron=1745905485.4019439220428466796875 HTTP/1.1" 200 0 "-" "WordPress/6.8; https://rattanmotors.in"
207.46.13.155 - - [29/Apr/2025:01:44:44 -0400] "GET /?p=3062 HTTP/1.1" 301 0 "-" "Mozilla/5.0 AppleWebKit/537.36 (KHTML, like Gecko; compatible; bingbot/2.0; +http://www.bing.com/bingbot.htm) Chrome/116.0.1938.76 Safari/537.36"
66.249.73.230 - - [29/Apr/2025:01:44:49 -0400] "GET /android-friendly-mobile-casino-sites/ HTTP/1.1" 404 1251 "-" "Mozilla/5.0 (Linux; Android 6.0.1; Nexus 5X Build/MMB29P) AppleWebKit/537.36 (KHTML, like Gecko) Chrome/135.0.7049.95 Mobile Safari/537.36 (compatible; Googlebot/2.1; +http://www.google.com/bot.html)"
161.123.5.112 - - [29/Apr/2025:01:49:43 -0400] "GET /majestic-slots-club-casino-no-deposit-bonus-100-free-spins/ HTTP/1.1" 404 1251 "-" "Mozilla/5.0 (Macintosh; Intel Mac OS X 10_15_7) AppleWebKit/537.36 (KHTML, like Gecko) Chrome/130.0.0.0 Safari/537.36"
69.57.162.13 - - [29/Apr/2025:01:52:02 -0400] "POST /wp-cron.php?doing_wp_cron=1745905921.9945030212402343750000 HTTP/1.1" 200 0 "-" "WordPress/6.8; https://rattanmotors.in"
66.249.73.228 - - [29/Apr/2025:01:51:42 -0400] "GET /?p=1949 HTTP/1.1" 301 0 "-" "Mozilla/5.0 (Linux; Android 6.0.1; Nexus 5X Build/MMB29P) AppleWebKit/537.36 (KHTML, like Gecko) Chrome/135.0.7049.95 Mobile Safari/537.36 (compatible; Googlebot/2.1; +http://www.google.com/bot.html)"
66.249.73.229 - - [29/Apr/2025:01:52:02 -0400] "GET /online-casino-virtual-money/ HTTP/1.1" 404 1251 "-" "Mozilla/5.0 (Linux; Android 6.0.1; Nexus 5X Build/MMB29P) AppleWebKit/537.36 (KHTML, like Gecko) Chrome/135.0.7049.95 Mobile Safari/537.36 (compatible; Googlebot/2.1; +http://www.google.com/bot.html)"
69.57.162.13 - - [29/Apr/2025:01:52:34 -0400] "POST /wp-cron.php?doing_wp_cron=1745905954.5883700847625732421875 HTTP/1.1" 200 0 "-" "WordPress/6.8; https://rattanmotors.in"
106.196.86.74 - - [29/Apr/2025:01:52:33 -0400] "GET /?keyword=carservice&matchtype=b&keyword=maruti%20suzuki%20car%20service%20center&matchtype=b&gad_source=1&gclid=Cj0KCQjwzrzABhD8ARIsANlSWNNn6PRrUIVmuXbyJRMKA1tnpDDVBhNA_IqM7fhC1OunBOJsxehtlqwaAgYpEALw_wcB HTTP/1.1" 301 0 "https://www.google.com/" "Mozilla/5.0 (iPhone; CPU iPhone OS 16_0_0 like Mac OS X) AppleWebKit/605.1.15 (KHTML, like Gecko) GSA/364.0.744893471 Mobile/15E148 Safari/604.1"
106.196.86.74 - - [29/Apr/2025:01:52:35 -0400] "GET /?keyword=maruti%20suzuki%20car%20service%20center&matchtype=b&gad_source=1&gclid=Cj0KCQjwzrzABhD8ARIsANlSWNNn6PRrUIVmuXbyJRMKA1tnpDDVBhNA_IqM7fhC1OunBOJsxehtlqwaAgYpEALw_wcB HTTP/1.1" 200 30464 "https://www.google.com/" "Mozilla/5.0 (iPhone; CPU iPhone OS 16_0_0 like Mac OS X) AppleWebKit/605.1.15 (KHTML, like Gecko) GSA/364.0.744893471 Mobile/15E148 Safari/604.1"
106.196.86.74 - - [29/Apr/2025:01:52:40 -0400] "GET /wp-content/themes/astra/assets/css/minified/main.min.css?ver=4.8.11 HTTP/1.1" 200 8204 "https://rattanmotors.in/?keyword=maruti%20suzuki%20car%20service%20center&matchtype=b&gad_source=1&gclid=Cj0KCQjwzrzABhD8ARIsANlSWNNn6PRrUIVmuXbyJRMKA1tnpDDVBhNA_IqM7fhC1OunBOJsxehtlqwaAgYpEALw_wcB" "Mozilla/5.0 (iPhone; CPU iPhone OS 16_0_0 like Mac OS X) AppleWebKit/605.1.15 (KHTML, like Gecko) GSA/364.0.744893471 Mobile/15E148 Safari/604.1"
106.196.86.74 - - [29/Apr/2025:01:52:40 -0400] "GET /wp-content/plugins/elementor/assets/lib/eicons/css/elementor-icons.min.css?ver=5.34.0 HTTP/1.1" 200 3845 "https://rattanmotors.in/?keyword=maruti%20suzuki%20car%20service%20center&matchtype=b&gad_source=1&gclid=Cj0KCQjwzrzABhD8ARIsANlSWNNn6PRrUIVmuXbyJRMKA1tnpDDVBhNA_IqM7fhC1OunBOJsxehtlqwaAgYpEALw_wcB" "Mozilla/5.0 (iPhone; CPU iPhone OS 16_0_0 like Mac OS X) AppleWebKit/605.1.15 (KHTML, like Gecko) GSA/364.0.744893471 Mobile/15E148 Safari/604.1"
106.196.86.74 - - [29/Apr/2025:01:52:40 -0400] "GET /wp-content/plugins/elementor/assets/lib/eicons/css/elementor-icons.min.css?ver=5.36.0 HTTP/1.1" 200 3845 "https://rattanmotors.in/?keyword=maruti%20suzuki%20car%20service%20center&matchtype=b&gad_source=1&gclid=Cj0KCQjwzrzABhD8ARIsANlSWNNn6PRrUIVmuXbyJRMKA1tnpDDVBhNA_IqM7fhC1OunBOJsxehtlqwaAgYpEALw_wcB" "Mozilla/5.0 (iPhone; CPU iPhone OS 16_0_0 like Mac OS X) AppleWebKit/605.1.15 (KHTML, like Gecko) GSA/364.0.744893471 Mobile/15E148 Safari/604.1"
106.196.86.74 - - [29/Apr/2025:01:52:40 -0400] "GET /wp-content/uploads/elementor/css/post-8.css?ver=1734648778 HTTP/1.1" 200 323 "https://rattanmotors.in/?keyword=maruti%20suzuki%20car%20service%20center&matchtype=b&gad_source=1&gclid=Cj0KCQjwzrzABhD8ARIsANlSWNNn6PRrUIVmuXbyJRMKA1tnpDDVBhNA_IqM7fhC1OunBOJsxehtlqwaAgYpEALw_wcB" "Mozilla/5.0 (iPhone; CPU iPhone OS 16_0_0 like Mac OS X) AppleWebKit/605.1.15 (KHTML, like Gecko) GSA/364.0.744893471 Mobile/15E148 Safari/604.1"
106.196.86.74 - - [29/Apr/2025:01:52:40 -0400] "GET /wp-content/plugins/header-footer-elementor/assets/css/header-footer-elementor.css?ver=2.3.0 HTTP/1.1" 200 259 "https://rattanmotors.in/?keyword=maruti%20suzuki%20car%20service%20center&matchtype=b&gad_source=1&gclid=Cj0KCQjwzrzABhD8ARIsANlSWNNn6PRrUIVmuXbyJRMKA1tnpDDVBhNA_IqM7fhC1OunBOJsxehtlqwaAgYpEALw_wcB" "Mozilla/5.0 (iPhone; CPU iPhone OS 16_0_0 like Mac OS X) AppleWebKit/605.1.15 (KHTML, like Gecko) GSA/364.0.744893471 Mobile/15E148 Safari/604.1"
106.196.86.74 - - [29/Apr/2025:01:52:40 -0400] "GET /wp-content/plugins/instagram-feed/css/sbi-styles.min.css?ver=6.6.1 HTTP/1.1" 200 8449 "https://rattanmotors.in/?keyword=maruti%20suzuki%20car%20service%20center&matchtype=b&gad_source=1&gclid=Cj0KCQjwzrzABhD8ARIsANlSWNNn6PRrUIVmuXbyJRMKA1tnpDDVBhNA_IqM7fhC1OunBOJsxehtlqwaAgYpEALw_wcB" "Mozilla/5.0 (iPhone; CPU iPhone OS 16_0_0 like Mac OS X) AppleWebKit/605.1.15 (KHTML, like Gecko) GSA/364.0.744893471 Mobile/15E148 Safari/604.1"
106.196.86.74 - - [29/Apr/2025:01:52:40 -0400] "GET /wp-content/plugins/elementor/assets/css/frontend.min.css?ver=3.28.4 HTTP/1.1" 200 6453 "https://rattanmotors.in/?keyword=maruti%20suzuki%20car%20service%20center&matchtype=b&gad_source=1&gclid=Cj0KCQjwzrzABhD8ARIsANlSWNNn6PRrUIVmuXbyJRMKA1tnpDDVBhNA_IqM7fhC1OunBOJsxehtlqwaAgYpEALw_wcB" "Mozilla/5.0 (iPhone; CPU iPhone OS 16_0_0 like Mac OS X) AppleWebKit/605.1.15 (KHTML, like Gecko) GSA/364.0.744893471 Mobile/15E148 Safari/604.1"
106.196.86.74 - - [29/Apr/2025:01:52:40 -0400] "GET /wp-content/plugins/header-footer-elementor/inc/widgets-css/frontend.css?ver=2.3.0 HTTP/1.1" 200 8133 "https://rattanmotors.in/?keyword=maruti%20suzuki%20car%20service%20center&matchtype=b&gad_source=1&gclid=Cj0KCQjwzrzABhD8ARIsANlSWNNn6PRrUIVmuXbyJRMKA1tnpDDVBhNA_IqM7fhC1OunBOJsxehtlqwaAgYpEALw_wcB" "Mozilla/5.0 (iPhone; CPU iPhone OS 16_0_0 like Mac OS X) AppleWebKit/605.1.15 (KHTML, like Gecko) GSA/364.0.744893471 Mobile/15E148 Safari/604.1"
106.196.86.74 - - [29/Apr/2025:01:52:40 -0400] "GET /wp-content/plugins/elementor/assets/css/widget-image-carousel.min.css?ver=3.28.4 HTTP/1.1" 200 163 "https://rattanmotors.in/?keyword=maruti%20suzuki%20car%20service%20center&matchtype=b&gad_source=1&gclid=Cj0KCQjwzrzABhD8ARIsANlSWNNn6PRrUIVmuXbyJRMKA1tnpDDVBhNA_IqM7fhC1OunBOJsxehtlqwaAgYpEALw_wcB" "Mozilla/5.0 (iPhone; CPU iPhone OS 16_0_0 like Mac OS X) AppleWebKit/605.1.15 (KHTML, like Gecko) GSA/364.0.744893471 Mobile/15E148 Safari/604.1"
106.196.86.74 - - [29/Apr/2025:01:52:40 -0400] "GET /wp-content/plugins/elementor/assets/css/widget-image.min.css?ver=3.28.4 HTTP/1.1" 200 254 "https://rattanmotors.in/?keyword=maruti%20suzuki%20car%20service%20center&matchtype=b&gad_source=1&gclid=Cj0KCQjwzrzABhD8ARIsANlSWNNn6PRrUIVmuXbyJRMKA1tnpDDVBhNA_IqM7fhC1OunBOJsxehtlqwaAgYpEALw_wcB" "Mozilla/5.0 (iPhone; CPU iPhone OS 16_0_0 like Mac OS X) AppleWebKit/605.1.15 (KHTML, like Gecko) GSA/364.0.744893471 Mobile/15E148 Safari/604.1"
106.196.86.74 - - [29/Apr/2025:01:52:40 -0400] "GET /wp-content/plugins/elementor/assets/css/widget-heading.min.css?ver=3.28.4 HTTP/1.1" 200 154 "https://rattanmotors.in/?keyword=maruti%20suzuki%20car%20service%20center&matchtype=b&gad_source=1&gclid=Cj0KCQjwzrzABhD8ARIsANlSWNNn6PRrUIVmuXbyJRMKA1tnpDDVBhNA_IqM7fhC1OunBOJsxehtlqwaAgYpEALw_wcB" "Mozilla/5.0 (iPhone; CPU iPhone OS 16_0_0 like Mac OS X) AppleWebKit/605.1.15 (KHTML, like Gecko) GSA/364.0.744893471 Mobile/15E148 Safari/604.1"
106.196.86.74 - - [29/Apr/2025:01:52:40 -0400] "GET /wp-content/plugins/elementor/assets/css/widget-text-editor.min.css?ver=3.28.4 HTTP/1.1" 200 208 "https://rattanmotors.in/?keyword=maruti%20suzuki%20car%20service%20center&matchtype=b&gad_source=1&gclid=Cj0KCQjwzrzABhD8ARIsANlSWNNn6PRrUIVmuXbyJRMKA1tnpDDVBhNA_IqM7fhC1OunBOJsxehtlqwaAgYpEALw_wcB" "Mozilla/5.0 (iPhone; CPU iPhone OS 16_0_0 like Mac OS X) AppleWebKit/605.1.15 (KHTML, like Gecko) GSA/364.0.744893471 Mobile/15E148 Safari/604.1"
106.196.86.74 - - [29/Apr/2025:01:52:40 -0400] "GET /wp-content/plugins/elementor/assets/css/conditionals/e-swiper.min.css?ver=3.28.4 HTTP/1.1" 200 699 "https://rattanmotors.in/?keyword=maruti%20suzuki%20car%20service%20center&matchtype=b&gad_source=1&gclid=Cj0KCQjwzrzABhD8ARIsANlSWNNn6PRrUIVmuXbyJRMKA1tnpDDVBhNA_IqM7fhC1OunBOJsxehtlqwaAgYpEALw_wcB" "Mozilla/5.0 (iPhone; CPU iPhone OS 16_0_0 like Mac OS X) AppleWebKit/605.1.15 (KHTML, like Gecko) GSA/364.0.744893471 Mobile/15E148 Safari/604.1"
106.196.86.74 - - [29/Apr/2025:01:52:40 -0400] "GET /wp-content/plugins/elementor/assets/css/widget-accordion.min.css?ver=3.28.4 HTTP/1.1" 200 377 "https://rattanmotors.in/?keyword=maruti%20suzuki%20car%20service%20center&matchtype=b&gad_source=1&gclid=Cj0KCQjwzrzABhD8ARIsANlSWNNn6PRrUIVmuXbyJRMKA1tnpDDVBhNA_IqM7fhC1OunBOJsxehtlqwaAgYpEALw_wcB" "Mozilla/5.0 (iPhone; CPU iPhone OS 16_0_0 like Mac OS X) AppleWebKit/605.1.15 (KHTML, like Gecko) GSA/364.0.744893471 Mobile/15E148 Safari/604.1"
106.196.86.74 - - [29/Apr/2025:01:52:40 -0400] "GET /wp-content/plugins/fluentform/assets/css/fluentform-public-default.css?ver=6.0.3 HTTP/1.1" 200 1036 "https://rattanmotors.in/?keyword=maruti%20suzuki%20car%20service%20center&matchtype=b&gad_source=1&gclid=Cj0KCQjwzrzABhD8ARIsANlSWNNn6PRrUIVmuXbyJRMKA1tnpDDVBhNA_IqM7fhC1OunBOJsxehtlqwaAgYpEALw_wcB" "Mozilla/5.0 (iPhone; CPU iPhone OS 16_0_0 like Mac OS X) AppleWebKit/605.1.15 (KHTML, like Gecko) GSA/364.0.744893471 Mobile/15E148 Safari/604.1"
106.196.86.74 - - [29/Apr/2025:01:52:40 -0400] "GET /wp-content/uploads/elementor/css/post-11.css?ver=1734648779 HTTP/1.1" 200 1797 "https://rattanmotors.in/?keyword=maruti%20suzuki%20car%20service%20center&matchtype=b&gad_source=1&gclid=Cj0KCQjwzrzABhD8ARIsANlSWNNn6PRrUIVmuXbyJRMKA1tnpDDVBhNA_IqM7fhC1OunBOJsxehtlqwaAgYpEALw_wcB" "Mozilla/5.0 (iPhone; CPU iPhone OS 16_0_0 like Mac OS X) AppleWebKit/605.1.15 (KHTML, like Gecko) GSA/364.0.744893471 Mobile/15E148 Safari/604.1"
106.196.86.74 - - [29/Apr/2025:01:52:40 -0400] "GET /wp-content/plugins/elementor/assets/css/widget-social-icons.min.css?ver=3.24.0 HTTP/1.1" 200 1069 "https://rattanmotors.in/?keyword=maruti%20suzuki%20car%20service%20center&matchtype=b&gad_source=1&gclid=Cj0KCQjwzrzABhD8ARIsANlSWNNn6PRrUIVmuXbyJRMKA1tnpDDVBhNA_IqM7fhC1OunBOJsxehtlqwaAgYpEALw_wcB" "Mozilla/5.0 (iPhone; CPU iPhone OS 16_0_0 like Mac OS X) AppleWebKit/605.1.15 (KHTML, like Gecko) GSA/364.0.744893471 Mobile/15E148 Safari/604.1"
106.196.86.74 - - [29/Apr/2025:01:52:40 -0400] "GET /wp-content/uploads/elementor/css/post-17.css?ver=1734648779 HTTP/1.1" 200 1774 "https://rattanmotors.in/?keyword=maruti%20suzuki%20car%20service%20center&matchtype=b&gad_source=1&gclid=Cj0KCQjwzrzABhD8ARIsANlSWNNn6PRrUIVmuXbyJRMKA1tnpDDVBhNA_IqM7fhC1OunBOJsxehtlqwaAgYpEALw_wcB" "Mozilla/5.0 (iPhone; CPU iPhone OS 16_0_0 like Mac OS X) AppleWebKit/605.1.15 (KHTML, like Gecko) GSA/364.0.744893471 Mobile/15E148 Safari/604.1"
106.196.86.74 - - [29/Apr/2025:01:52:40 -0400] "GET /wp-content/plugins/elementor/assets/css/widget-icon-list.min.css?ver=3.24.3 HTTP/1.1" 200 957 "https://rattanmotors.in/?keyword=maruti%20suzuki%20car%20service%20center&matchtype=b&gad_source=1&gclid=Cj0KCQjwzrzABhD8ARIsANlSWNNn6PRrUIVmuXbyJRMKA1tnpDDVBhNA_IqM7fhC1OunBOJsxehtlqwaAgYpEALw_wcB" "Mozilla/5.0 (iPhone; CPU iPhone OS 16_0_0 like Mac OS X) AppleWebKit/605.1.15 (KHTML, like Gecko) GSA/364.0.744893471 Mobile/15E148 Safari/604.1"
106.196.86.74 - - [29/Apr/2025:01:52:40 -0400] "GET /wp-content/uploads/elementor/css/post-115.css?ver=1734648779 HTTP/1.1" 200 1738 "https://rattanmotors.in/?keyword=maruti%20suzuki%20car%20service%20center&matchtype=b&gad_source=1&gclid=Cj0KCQjwzrzABhD8ARIsANlSWNNn6PRrUIVmuXbyJRMKA1tnpDDVBhNA_IqM7fhC1OunBOJsxehtlqwaAgYpEALw_wcB" "Mozilla/5.0 (iPhone; CPU iPhone OS 16_0_0 like Mac OS X) AppleWebKit/605.1.15 (KHTML, like Gecko) GSA/364.0.744893471 Mobile/15E148 Safari/604.1"
106.196.86.74 - - [29/Apr/2025:01:52:40 -0400] "GET /wp-content/plugins/elementor/assets/lib/swiper/v8/css/swiper.min.css?ver=8.4.5 HTTP/1.1" 200 4248 "https://rattanmotors.in/?keyword=maruti%20suzuki%20car%20service%20center&matchtype=b&gad_source=1&gclid=Cj0KCQjwzrzABhD8ARIsANlSWNNn6PRrUIVmuXbyJRMKA1tnpDDVBhNA_IqM7fhC1OunBOJsxehtlqwaAgYpEALw_wcB" "Mozilla/5.0 (iPhone; CPU iPhone OS 16_0_0 like Mac OS X) AppleWebKit/605.1.15 (KHTML, like Gecko) GSA/364.0.744893471 Mobile/15E148 Safari/604.1"
106.196.86.74 - - [29/Apr/2025:01:52:40 -0400] "GET /wp-content/plugins/fluentform/assets/css/fluent-forms-public.css?ver=6.0.3 HTTP/1.1" 200 5578 "https://rattanmotors.in/?keyword=maruti%20suzuki%20car%20service%20center&matchtype=b&gad_source=1&gclid=Cj0KCQjwzrzABhD8ARIsANlSWNNn6PRrUIVmuXbyJRMKA1tnpDDVBhNA_IqM7fhC1OunBOJsxehtlqwaAgYpEALw_wcB" "Mozilla/5.0 (iPhone; CPU iPhone OS 16_0_0 like Mac OS X) AppleWebKit/605.1.15 (KHTML, like Gecko) GSA/364.0.744893471 Mobile/15E148 Safari/604.1"
106.196.86.74 - - [29/Apr/2025:01:52:40 -0400] "GET /wp-content/plugins/elementor/assets/lib/font-awesome/css/brands.css?ver=5.15.3 HTTP/1.1" 200 296 "https://rattanmotors.in/?keyword=maruti%20suzuki%20car%20service%20center&matchtype=b&gad_source=1&gclid=Cj0KCQjwzrzABhD8ARIsANlSWNNn6PRrUIVmuXbyJRMKA1tnpDDVBhNA_IqM7fhC1OunBOJsxehtlqwaAgYpEALw_wcB" "Mozilla/5.0 (iPhone; CPU iPhone OS 16_0_0 like Mac OS X) AppleWebKit/605.1.15 (KHTML, like Gecko) GSA/364.0.744893471 Mobile/15E148 Safari/604.1"
106.196.86.74 - - [29/Apr/2025:01:52:40 -0400] "GET /wp-content/plugins/elementor/assets/lib/font-awesome/css/solid.min.css?ver=5.15.3 HTTP/1.1" 200 286 "https://rattanmotors.in/?keyword=maruti%20suzuki%20car%20service%20center&matchtype=b&gad_source=1&gclid=Cj0KCQjwzrzABhD8ARIsANlSWNNn6PRrUIVmuXbyJRMKA1tnpDDVBhNA_IqM7fhC1OunBOJsxehtlqwaAgYpEALw_wcB" "Mozilla/5.0 (iPhone; CPU iPhone OS 16_0_0 like Mac OS X) AppleWebKit/605.1.15 (KHTML, like Gecko) GSA/364.0.744893471 Mobile/15E148 Safari/604.1"
106.196.86.74 - - [29/Apr/2025:01:52:40 -0400] "GET /wp-content/plugins/elementor/assets/lib/font-awesome/css/fontawesome.min.css?ver=5.15.3 HTTP/1.1" 200 12164 "https://rattanmotors.in/?keyword=maruti%20suzuki%20car%20service%20center&matchtype=b&gad_source=1&gclid=Cj0KCQjwzrzABhD8ARIsANlSWNNn6PRrUIVmuXbyJRMKA1tnpDDVBhNA_IqM7fhC1OunBOJsxehtlqwaAgYpEALw_wcB" "Mozilla/5.0 (iPhone; CPU iPhone OS 16_0_0 like Mac OS X) AppleWebKit/605.1.15 (KHTML, like Gecko) GSA/364.0.744893471 Mobile/15E148 Safari/604.1"
106.196.86.74 - - [29/Apr/2025:01:52:40 -0400] "GET /wp-content/uploads/elementor/google-fonts/css/roboto.css?ver=1742252039 HTTP/1.1" 200 1876 "https://rattanmotors.in/?keyword=maruti%20suzuki%20car%20service%20center&matchtype=b&gad_source=1&gclid=Cj0KCQjwzrzABhD8ARIsANlSWNNn6PRrUIVmuXbyJRMKA1tnpDDVBhNA_IqM7fhC1OunBOJsxehtlqwaAgYpEALw_wcB" "Mozilla/5.0 (iPhone; CPU iPhone OS 16_0_0 like Mac OS X) AppleWebKit/605.1.15 (KHTML, like Gecko) GSA/364.0.744893471 Mobile/15E148 Safari/604.1"
106.196.86.74 - - [29/Apr/2025:01:52:40 -0400] "GET /wp-includes/js/jquery/jquery.min.js?ver=3.7.1 HTTP/1.1" 200 29744 "https://rattanmotors.in/?keyword=maruti%20suzuki%20car%20service%20center&matchtype=b&gad_source=1&gclid=Cj0KCQjwzrzABhD8ARIsANlSWNNn6PRrUIVmuXbyJRMKA1tnpDDVBhNA_IqM7fhC1OunBOJsxehtlqwaAgYpEALw_wcB" "Mozilla/5.0 (iPhone; CPU iPhone OS 16_0_0 like Mac OS X) AppleWebKit/605.1.15 (KHTML, like Gecko) GSA/364.0.744893471 Mobile/15E148 Safari/604.1"
106.196.86.74 - - [29/Apr/2025:01:52:40 -0400] "GET /wp-content/plugins/elementor/assets/lib/font-awesome/css/solid.css?ver=5.15.3 HTTP/1.1" 200 296 "https://rattanmotors.in/?keyword=maruti%20suzuki%20car%20service%20center&matchtype=b&gad_source=1&gclid=Cj0KCQjwzrzABhD8ARIsANlSWNNn6PRrUIVmuXbyJRMKA1tnpDDVBhNA_IqM7fhC1OunBOJsxehtlqwaAgYpEALw_wcB" "Mozilla/5.0 (iPhone; CPU iPhone OS 16_0_0 like Mac OS X) AppleWebKit/605.1.15 (KHTML, like Gecko) GSA/364.0.744893471 Mobile/15E148 Safari/604.1"
106.196.86.74 - - [29/Apr/2025:01:52:40 -0400] "GET /wp-content/uploads/elementor/google-fonts/css/robotoslab.css?ver=1742252053 HTTP/1.1" 200 712 "https://rattanmotors.in/?keyword=maruti%20suzuki%20car%20service%20center&matchtype=b&gad_source=1&gclid=Cj0KCQjwzrzABhD8ARIsANlSWNNn6PRrUIVmuXbyJRMKA1tnpDDVBhNA_IqM7fhC1OunBOJsxehtlqwaAgYpEALw_wcB" "Mozilla/5.0 (iPhone; CPU iPhone OS 16_0_0 like Mac OS X) AppleWebKit/605.1.15 (KHTML, like Gecko) GSA/364.0.744893471 Mobile/15E148 Safari/604.1"
106.196.86.74 - - [29/Apr/2025:01:52:40 -0400] "GET /wp-content/plugins/elementor/assets/lib/font-awesome/css/regular.min.css?ver=5.15.3 HTTP/1.1" 200 283 "https://rattanmotors.in/?keyword=maruti%20suzuki%20car%20service%20center&matchtype=b&gad_source=1&gclid=Cj0KCQjwzrzABhD8ARIsANlSWNNn6PRrUIVmuXbyJRMKA1tnpDDVBhNA_IqM7fhC1OunBOJsxehtlqwaAgYpEALw_wcB" "Mozilla/5.0 (iPhone; CPU iPhone OS 16_0_0 like Mac OS X) AppleWebKit/605.1.15 (KHTML, like Gecko) GSA/364.0.744893471 Mobile/15E148 Safari/604.1"
106.196.86.74 - - [29/Apr/2025:01:52:40 -0400] "GET /wp-content/uploads/elementor/google-fonts/css/poppins.css?ver=1742252059 HTTP/1.1" 200 622 "https://rattanmotors.in/?keyword=maruti%20suzuki%20car%20service%20center&matchtype=b&gad_source=1&gclid=Cj0KCQjwzrzABhD8ARIsANlSWNNn6PRrUIVmuXbyJRMKA1tnpDDVBhNA_IqM7fhC1OunBOJsxehtlqwaAgYpEALw_wcB" "Mozilla/5.0 (iPhone; CPU iPhone OS 16_0_0 like Mac OS X) AppleWebKit/605.1.15 (KHTML, like Gecko) GSA/364.0.744893471 Mobile/15E148 Safari/604.1"
106.196.86.74 - - [29/Apr/2025:01:52:40 -0400] "GET /wp-content/plugins/fluentform/assets/css/fluent-forms-elementor-widget.css?ver=6.0.3 HTTP/1.1" 200 771 "https://rattanmotors.in/?keyword=maruti%20suzuki%20car%20service%20center&matchtype=b&gad_source=1&gclid=Cj0KCQjwzrzABhD8ARIsANlSWNNn6PRrUIVmuXbyJRMKA1tnpDDVBhNA_IqM7fhC1OunBOJsxehtlqwaAgYpEALw_wcB" "Mozilla/5.0 (iPhone; CPU iPhone OS 16_0_0 like Mac OS X) AppleWebKit/605.1.15 (KHTML, like Gecko) GSA/364.0.744893471 Mobile/15E148 Safari/604.1"
106.196.86.74 - - [29/Apr/2025:01:52:40 -0400] "GET /wp-content/plugins/header-footer-elementor/inc/js/frontend.js?ver=2.3.0 HTTP/1.1" 200 3944 "https://rattanmotors.in/?keyword=maruti%20suzuki%20car%20service%20center&matchtype=b&gad_source=1&gclid=Cj0KCQjwzrzABhD8ARIsANlSWNNn6PRrUIVmuXbyJRMKA1tnpDDVBhNA_IqM7fhC1OunBOJsxehtlqwaAgYpEALw_wcB" "Mozilla/5.0 (iPhone; CPU iPhone OS 16_0_0 like Mac OS X) AppleWebKit/605.1.15 (KHTML, like Gecko) GSA/364.0.744893471 Mobile/15E148 Safari/604.1"
106.196.86.74 - - [29/Apr/2025:01:52:40 -0400] "GET /wp-content/plugins/elementor/assets/lib/flatpickr/flatpickr.min.css?ver=4.6.13 HTTP/1.1" 200 2797 "https://rattanmotors.in/?keyword=maruti%20suzuki%20car%20service%20center&matchtype=b&gad_source=1&gclid=Cj0KCQjwzrzABhD8ARIsANlSWNNn6PRrUIVmuXbyJRMKA1tnpDDVBhNA_IqM7fhC1OunBOJsxehtlqwaAgYpEALw_wcB" "Mozilla/5.0 (iPhone; CPU iPhone OS 16_0_0 like Mac OS X) AppleWebKit/605.1.15 (KHTML, like Gecko) GSA/364.0.744893471 Mobile/15E148 Safari/604.1"
106.196.86.74 - - [29/Apr/2025:01:52:40 -0400] "GET /wp-includes/js/jquery/jquery-migrate.min.js?ver=3.4.1 HTTP/1.1" 200 4678 "https://rattanmotors.in/?keyword=maruti%20suzuki%20car%20service%20center&matchtype=b&gad_source=1&gclid=Cj0KCQjwzrzABhD8ARIsANlSWNNn6PRrUIVmuXbyJRMKA1tnpDDVBhNA_IqM7fhC1OunBOJsxehtlqwaAgYpEALw_wcB" "Mozilla/5.0 (iPhone; CPU iPhone OS 16_0_0 like Mac OS X) AppleWebKit/605.1.15 (KHTML, like Gecko) GSA/364.0.744893471 Mobile/15E148 Safari/604.1"
106.196.86.74 - - [29/Apr/2025:01:52:40 -0400] "GET /wp-content/plugins/elementor/assets/lib/font-awesome/css/brands.min.css?ver=5.15.3 HTTP/1.1" 200 284 "https://rattanmotors.in/?keyword=maruti%20suzuki%20car%20service%20center&matchtype=b&gad_source=1&gclid=Cj0KCQjwzrzABhD8ARIsANlSWNNn6PRrUIVmuXbyJRMKA1tnpDDVBhNA_IqM7fhC1OunBOJsxehtlqwaAgYpEALw_wcB" "Mozilla/5.0 (iPhone; CPU iPhone OS 16_0_0 like Mac OS X) AppleWebKit/605.1.15 (KHTML, like Gecko) GSA/364.0.744893471 Mobile/15E148 Safari/604.1"
106.196.86.74 - - [29/Apr/2025:01:52:40 -0400] "GET /wp-content/plugins/fluentform/assets/css/choices.css?ver=6.0.3 HTTP/1.1" 200 1698 "https://rattanmotors.in/?keyword=maruti%20suzuki%20car%20service%20center&matchtype=b&gad_source=1&gclid=Cj0KCQjwzrzABhD8ARIsANlSWNNn6PRrUIVmuXbyJRMKA1tnpDDVBhNA_IqM7fhC1OunBOJsxehtlqwaAgYpEALw_wcB" "Mozilla/5.0 (iPhone; CPU iPhone OS 16_0_0 like Mac OS X) AppleWebKit/605.1.15 (KHTML, like Gecko) GSA/364.0.744893471 Mobile/15E148 Safari/604.1"
106.196.86.74 - - [29/Apr/2025:01:52:40 -0400] "GET /wp-content/plugins/elementor/assets/lib/flatpickr/flatpickr.min.js?ver=4.6.13 HTTP/1.1" 200 14078 "https://rattanmotors.in/?keyword=maruti%20suzuki%20car%20service%20center&matchtype=b&gad_source=1&gclid=Cj0KCQjwzrzABhD8ARIsANlSWNNn6PRrUIVmuXbyJRMKA1tnpDDVBhNA_IqM7fhC1OunBOJsxehtlqwaAgYpEALw_wcB" "Mozilla/5.0 (iPhone; CPU iPhone OS 16_0_0 like Mac OS X) AppleWebKit/605.1.15 (KHTML, like Gecko) GSA/364.0.744893471 Mobile/15E148 Safari/604.1"
106.196.86.74 - - [29/Apr/2025:01:52:40 -0400] "GET /wp-content/plugins/fluentform/assets/js/form-submission.js?ver=6.0.3 HTTP/1.1" 200 7276 "https://rattanmotors.in/?keyword=maruti%20suzuki%20car%20service%20center&matchtype=b&gad_source=1&gclid=Cj0KCQjwzrzABhD8ARIsANlSWNNn6PRrUIVmuXbyJRMKA1tnpDDVBhNA_IqM7fhC1OunBOJsxehtlqwaAgYpEALw_wcB" "Mozilla/5.0 (iPhone; CPU iPhone OS 16_0_0 like Mac OS X) AppleWebKit/605.1.15 (KHTML, like Gecko) GSA/364.0.744893471 Mobile/15E148 Safari/604.1"
106.196.86.74 - - [29/Apr/2025:01:52:40 -0400] "GET /wp-content/plugins/elementor/assets/js/frontend.min.js?ver=3.28.4 HTTP/1.1" 200 13099 "https://rattanmotors.in/?keyword=maruti%20suzuki%20car%20service%20center&matchtype=b&gad_source=1&gclid=Cj0KCQjwzrzABhD8ARIsANlSWNNn6PRrUIVmuXbyJRMKA1tnpDDVBhNA_IqM7fhC1OunBOJsxehtlqwaAgYpEALw_wcB" "Mozilla/5.0 (iPhone; CPU iPhone OS 16_0_0 like Mac OS X) AppleWebKit/605.1.15 (KHTML, like Gecko) GSA/364.0.744893471 Mobile/15E148 Safari/604.1"
106.196.86.74 - - [29/Apr/2025:01:52:40 -0400] "GET /wp-content/themes/astra/assets/js/minified/frontend.min.js?ver=4.8.11 HTTP/1.1" 200 5365 "https://rattanmotors.in/?keyword=maruti%20suzuki%20car%20service%20center&matchtype=b&gad_source=1&gclid=Cj0KCQjwzrzABhD8ARIsANlSWNNn6PRrUIVmuXbyJRMKA1tnpDDVBhNA_IqM7fhC1OunBOJsxehtlqwaAgYpEALw_wcB" "Mozilla/5.0 (iPhone; CPU iPhone OS 16_0_0 like Mac OS X) AppleWebKit/605.1.15 (KHTML, like Gecko) GSA/364.0.744893471 Mobile/15E148 Safari/604.1"
106.196.86.74 - - [29/Apr/2025:01:52:40 -0400] "GET /wp-content/plugins/elementor/assets/js/webpack.runtime.min.js?ver=3.28.4 HTTP/1.1" 200 2228 "https://rattanmotors.in/?keyword=maruti%20suzuki%20car%20service%20center&matchtype=b&gad_source=1&gclid=Cj0KCQjwzrzABhD8ARIsANlSWNNn6PRrUIVmuXbyJRMKA1tnpDDVBhNA_IqM7fhC1OunBOJsxehtlqwaAgYpEALw_wcB" "Mozilla/5.0 (iPhone; CPU iPhone OS 16_0_0 like Mac OS X) AppleWebKit/605.1.15 (KHTML, like Gecko) GSA/364.0.744893471 Mobile/15E148 Safari/604.1"
106.196.86.74 - - [29/Apr/2025:01:52:40 -0400] "GET /wp-content/plugins/fluentform/assets/libs/choices/choices.min.js?ver=9.0.1 HTTP/1.1" 200 18545 "https://rattanmotors.in/?keyword=maruti%20suzuki%20car%20service%20center&matchtype=b&gad_source=1&gclid=Cj0KCQjwzrzABhD8ARIsANlSWNNn6PRrUIVmuXbyJRMKA1tnpDDVBhNA_IqM7fhC1OunBOJsxehtlqwaAgYpEALw_wcB" "Mozilla/5.0 (iPhone; CPU iPhone OS 16_0_0 like Mac OS X) AppleWebKit/605.1.15 (KHTML, like Gecko) GSA/364.0.744893471 Mobile/15E148 Safari/604.1"
106.196.86.74 - - [29/Apr/2025:01:52:40 -0400] "GET /wp-content/plugins/elementor/assets/lib/swiper/v8/swiper.min.js?ver=8.4.5 HTTP/1.1" 200 38152 "https://rattanmotors.in/?keyword=maruti%20suzuki%20car%20service%20center&matchtype=b&gad_source=1&gclid=Cj0KCQjwzrzABhD8ARIsANlSWNNn6PRrUIVmuXbyJRMKA1tnpDDVBhNA_IqM7fhC1OunBOJsxehtlqwaAgYpEALw_wcB" "Mozilla/5.0 (iPhone; CPU iPhone OS 16_0_0 like Mac OS X) AppleWebKit/605.1.15 (KHTML, like Gecko) GSA/364.0.744893471 Mobile/15E148 Safari/604.1"
106.196.86.74 - - [29/Apr/2025:01:52:40 -0400] "GET /wp-content/plugins/elementor/assets/js/frontend-modules.min.js?ver=3.28.4 HTTP/1.1" 200 14421 "https://rattanmotors.in/?keyword=maruti%20suzuki%20car%20service%20center&matchtype=b&gad_source=1&gclid=Cj0KCQjwzrzABhD8ARIsANlSWNNn6PRrUIVmuXbyJRMKA1tnpDDVBhNA_IqM7fhC1OunBOJsxehtlqwaAgYpEALw_wcB" "Mozilla/5.0 (iPhone; CPU iPhone OS 16_0_0 like Mac OS X) AppleWebKit/605.1.15 (KHTML, like Gecko) GSA/364.0.744893471 Mobile/15E148 Safari/604.1"
106.196.86.74 - - [29/Apr/2025:01:52:40 -0400] "GET /wp-content/plugins/elementor/assets/lib/font-awesome/css/fontawesome.css?ver=5.15.3 HTTP/1.1" 200 12526 "https://rattanmotors.in/?keyword=maruti%20suzuki%20car%20service%20center&matchtype=b&gad_source=1&gclid=Cj0KCQjwzrzABhD8ARIsANlSWNNn6PRrUIVmuXbyJRMKA1tnpDDVBhNA_IqM7fhC1OunBOJsxehtlqwaAgYpEALw_wcB" "Mozilla/5.0 (iPhone; CPU iPhone OS 16_0_0 like Mac OS X) AppleWebKit/605.1.15 (KHTML, like Gecko) GSA/364.0.744893471 Mobile/15E148 Safari/604.1"
106.196.86.74 - - [29/Apr/2025:01:52:40 -0400] "GET /wp-includes/js/jquery/ui/core.min.js?ver=1.13.3 HTTP/1.1" 200 6812 "https://rattanmotors.in/?keyword=maruti%20suzuki%20car%20service%20center&matchtype=b&gad_source=1&gclid=Cj0KCQjwzrzABhD8ARIsANlSWNNn6PRrUIVmuXbyJRMKA1tnpDDVBhNA_IqM7fhC1OunBOJsxehtlqwaAgYpEALw_wcB" "Mozilla/5.0 (iPhone; CPU iPhone OS 16_0_0 like Mac OS X) AppleWebKit/605.1.15 (KHTML, like Gecko) GSA/364.0.744893471 Mobile/15E148 Safari/604.1"
106.196.86.74 - - [29/Apr/2025:01:52:41 -0400] "GET /wp-content/uploads/2023/01/244469453_364381265469081_8555635903566368284_n.png HTTP/1.1" 200 8595 "https://rattanmotors.in/?keyword=maruti%20suzuki%20car%20service%20center&matchtype=b&gad_source=1&gclid=Cj0KCQjwzrzABhD8ARIsANlSWNNn6PRrUIVmuXbyJRMKA1tnpDDVBhNA_IqM7fhC1OunBOJsxehtlqwaAgYpEALw_wcB" "Mozilla/5.0 (iPhone; CPU iPhone OS 16_0_0 like Mac OS X) AppleWebKit/605.1.15 (KHTML, like Gecko) GSA/364.0.744893471 Mobile/15E148 Safari/604.1"
