106.196.86.74 - - [29/Apr/2025:01:52:41 -0400] "GET /wp-content/plugins/elementor/assets/lib/font-awesome/webfonts/fa-solid-900.woff2 HTTP/1.1" 200 78196 "https://rattanmotors.in/?keyword=maruti%20suzuki%20car%20service%20center&matchtype=b&gad_source=1&gclid=Cj0KCQjwzrzABhD8ARIsANlSWNNn6PRrUIVmuXbyJRMKA1tnpDDVBhNA_IqM7fhC1OunBOJsxehtlqwaAgYpEALw_wcB" "Mozilla/5.0 (iPhone; CPU iPhone OS 16_0_0 like Mac OS X) AppleWebKit/605.1.15 (KHTML, like Gecko) GSA/364.0.744893471 Mobile/15E148 Safari/604.1"
106.196.86.74 - - [29/Apr/2025:01:52:41 -0400] "GET /wp-content/uploads/elementor/google-fonts/fonts/poppins-pxieyp8kv8jhgfvrjjfecg.woff2 HTTP/1.1" 200 7884 "https://rattanmotors.in/?keyword=maruti%20suzuki%20car%20service%20center&matchtype=b&gad_source=1&gclid=Cj0KCQjwzrzABhD8ARIsANlSWNNn6PRrUIVmuXbyJRMKA1tnpDDVBhNA_IqM7fhC1OunBOJsxehtlqwaAgYpEALw_wcB" "Mozilla/5.0 (iPhone; CPU iPhone OS 16_0_0 like Mac OS X) AppleWebKit/605.1.15 (KHTML, like Gecko) GSA/364.0.744893471 Mobile/15E148 Safari/604.1"
106.196.86.74 - - [29/Apr/2025:01:52:41 -0400] "GET /wp-content/uploads/elementor/google-fonts/fonts/roboto-kfo7cnqeu92fr1me7ksn66agldtyluama3yuba.woff2 HTTP/1.1" 200 40128 "https://rattanmotors.in/?keyword=maruti%20suzuki%20car%20service%20center&matchtype=b&gad_source=1&gclid=Cj0KCQjwzrzABhD8ARIsANlSWNNn6PRrUIVmuXbyJRMKA1tnpDDVBhNA_IqM7fhC1OunBOJsxehtlqwaAgYpEALw_wcB" "Mozilla/5.0 (iPhone; CPU iPhone OS 16_0_0 like Mac OS X) AppleWebKit/605.1.15 (KHTML, like Gecko) GSA/364.0.744893471 Mobile/15E148 Safari/604.1"
106.196.86.74 - - [29/Apr/2025:01:52:41 -0400] "GET /wp-content/plugins/elementor/assets/lib/font-awesome/webfonts/fa-brands-400.woff2 HTTP/1.1" 200 81612 "https://rattanmotors.in/?keyword=maruti%20suzuki%20car%20service%20center&matchtype=b&gad_source=1&gclid=Cj0KCQjwzrzABhD8ARIsANlSWNNn6PRrUIVmuXbyJRMKA1tnpDDVBhNA_IqM7fhC1OunBOJsxehtlqwaAgYpEALw_wcB" "Mozilla/5.0 (iPhone; CPU iPhone OS 16_0_0 like Mac OS X) AppleWebKit/605.1.15 (KHTML, like Gecko) GSA/364.0.744893471 Mobile/15E148 Safari/604.1"
106.196.86.74 - - [29/Apr/2025:01:52:41 -0400] "GET /wp-content/uploads/2023/05/MRF-Tyres-2.png HTTP/1.1" 200 573388 "https://rattanmotors.in/?keyword=maruti%20suzuki%20car%20service%20center&matchtype=b&gad_source=1&gclid=Cj0KCQjwzrzABhD8ARIsANlSWNNn6PRrUIVmuXbyJRMKA1tnpDDVBhNA_IqM7fhC1OunBOJsxehtlqwaAgYpEALw_wcB" "Mozilla/5.0 (iPhone; CPU iPhone OS 16_0_0 like Mac OS X) AppleWebKit/605.1.15 (KHTML, like Gecko) GSA/364.0.744893471 Mobile/15E148 Safari/604.1"
106.196.86.74 - - [29/Apr/2025:01:52:41 -0400] "GET /wp-includes/js/wp-emoji-release.min.js?ver=6.8 HTTP/1.1" 200 4771 "https://rattanmotors.in/?keyword=maruti%20suzuki%20car%20service%20center&matchtype=b&gad_source=1&gclid=Cj0KCQjwzrzABhD8ARIsANlSWNNn6PRrUIVmuXbyJRMKA1tnpDDVBhNA_IqM7fhC1OunBOJsxehtlqwaAgYpEALw_wcB" "Mozilla/5.0 (iPhone; CPU iPhone OS 16_0_0 like Mac OS X) AppleWebKit/605.1.15 (KHTML, like Gecko) GSA/364.0.744893471 Mobile/15E148 Safari/604.1"
106.196.86.74 - - [29/Apr/2025:01:52:42 -0400] "GET /wp-content/plugins/elementor/assets/js/accordion.36aa4c8c4eba17bc8e03.bundle.min.js HTTP/1.1" 200 1318 "https://rattanmotors.in/?keyword=maruti%20suzuki%20car%20service%20center&matchtype=b&gad_source=1&gclid=Cj0KCQjwzrzABhD8ARIsANlSWNNn6PRrUIVmuXbyJRMKA1tnpDDVBhNA_IqM7fhC1OunBOJsxehtlqwaAgYpEALw_wcB" "Mozilla/5.0 (iPhone; CPU iPhone OS 16_0_0 like Mac OS X) AppleWebKit/605.1.15 (KHTML, like Gecko) GSA/364.0.744893471 Mobile/15E148 Safari/604.1"
106.196.86.74 - - [29/Apr/2025:01:52:42 -0400] "GET /wp-content/plugins/elementor/assets/lib/font-awesome/webfonts/fa-regular-400.woff2 HTTP/1.1" 200 13276 "https://rattanmotors.in/?keyword=maruti%20suzuki%20car%20service%20center&matchtype=b&gad_source=1&gclid=Cj0KCQjwzrzABhD8ARIsANlSWNNn6PRrUIVmuXbyJRMKA1tnpDDVBhNA_IqM7fhC1OunBOJsxehtlqwaAgYpEALw_wcB" "Mozilla/5.0 (iPhone; CPU iPhone OS 16_0_0 like Mac OS X) AppleWebKit/605.1.15 (KHTML, like Gecko) GSA/364.0.744893471 Mobile/15E148 Safari/604.1"
106.196.86.74 - - [29/Apr/2025:01:52:42 -0400] "GET /wp-content/plugins/elementor/assets/js/text-editor.c084ef86600b6f11690d.bundle.min.js HTTP/1.1" 200 621 "https://rattanmotors.in/?keyword=maruti%20suzuki%20car%20service%20center&matchtype=b&gad_source=1&gclid=Cj0KCQjwzrzABhD8ARIsANlSWNNn6PRrUIVmuXbyJRMKA1tnpDDVBhNA_IqM7fhC1OunBOJsxehtlqwaAgYpEALw_wcB" "Mozilla/5.0 (iPhone; CPU iPhone OS 16_0_0 like Mac OS X) AppleWebKit/605.1.15 (KHTML, like Gecko) GSA/364.0.744893471 Mobile/15E148 Safari/604.1"
106.196.86.74 - - [29/Apr/2025:01:52:42 -0400] "GET /wp-content/plugins/elementor/assets/js/image-carousel.6167d20b95b33386757b.bundle.min.js HTTP/1.1" 200 256 "https://rattanmotors.in/?keyword=maruti%20suzuki%20car%20service%20center&matchtype=b&gad_source=1&gclid=Cj0KCQjwzrzABhD8ARIsANlSWNNn6PRrUIVmuXbyJRMKA1tnpDDVBhNA_IqM7fhC1OunBOJsxehtlqwaAgYpEALw_wcB" "Mozilla/5.0 (iPhone; CPU iPhone OS 16_0_0 like Mac OS X) AppleWebKit/605.1.15 (KHTML, like Gecko) GSA/364.0.744893471 Mobile/15E148 Safari/604.1"
66.249.73.230 - - [29/Apr/2025:01:55:26 -0400] "GET /ab33-casino-no-deposit-bonus-100-free-spins/ HTTP/1.1" 404 1251 "-" "Mozilla/5.0 (Linux; Android 6.0.1; Nexus 5X Build/MMB29P) AppleWebKit/537.36 (KHTML, like Gecko) Chrome/135.0.7049.95 Mobile Safari/537.36 (compatible; Googlebot/2.1; +http://www.google.com/bot.html)"
3.149.249.124 - - [29/Apr/2025:01:55:43 -0400] "GET /robots.txt HTTP/1.1" 200 135 "-" "Mozilla/5.0 AppleWebKit/537.36 (KHTML, like Gecko; compatible; ClaudeBot/1.0; +claudebot@anthropic.com)"
3.149.249.124 - - [29/Apr/2025:01:55:43 -0400] "GET /list-of-pragmatic-play-slots HTTP/1.1" 404 1251 "-" "Mozilla/5.0 AppleWebKit/537.36 (KHTML, like Gecko; compatible; ClaudeBot/1.0; +claudebot@anthropic.com)"
106.196.86.74 - - [29/Apr/2025:01:52:42 -0400] "GET /wp-content/uploads/2023/07/Maruti-Authorised-Service-Center-2.jpg HTTP/1.1" 200 97824 "https://rattanmotors.in/?keyword=maruti%20suzuki%20car%20service%20center&matchtype=b&gad_source=1&gclid=Cj0KCQjwzrzABhD8ARIsANlSWNNn6PRrUIVmuXbyJRMKA1tnpDDVBhNA_IqM7fhC1OunBOJsxehtlqwaAgYpEALw_wcB" "Mozilla/5.0 (iPhone; CPU iPhone OS 16_0_0 like Mac OS X) AppleWebKit/605.1.15 (KHTML, like Gecko) GSA/364.0.744893471 Mobile/15E148 Safari/604.1"
106.196.86.74 - - [29/Apr/2025:01:52:42 -0400] "GET /wp-content/uploads/2023/05/E-Rickshaw.png HTTP/1.1" 200 346963 "https://rattanmotors.in/?keyword=maruti%20suzuki%20car%20service%20center&matchtype=b&gad_source=1&gclid=Cj0KCQjwzrzABhD8ARIsANlSWNNn6PRrUIVmuXbyJRMKA1tnpDDVBhNA_IqM7fhC1OunBOJsxehtlqwaAgYpEALw_wcB" "Mozilla/5.0 (iPhone; CPU iPhone OS 16_0_0 like Mac OS X) AppleWebKit/605.1.15 (KHTML, like Gecko) GSA/364.0.744893471 Mobile/15E148 Safari/604.1"
106.196.86.74 - - [29/Apr/2025:01:52:42 -0400] "GET /wp-content/uploads/2023/03/SES-1.jpg HTTP/1.1" 200 107255 "https://rattanmotors.in/?keyword=maruti%20suzuki%20car%20service%20center&matchtype=b&gad_source=1&gclid=Cj0KCQjwzrzABhD8ARIsANlSWNNn6PRrUIVmuXbyJRMKA1tnpDDVBhNA_IqM7fhC1OunBOJsxehtlqwaAgYpEALw_wcB" "Mozilla/5.0 (iPhone; CPU iPhone OS 16_0_0 like Mac OS X) AppleWebKit/605.1.15 (KHTML, like Gecko) GSA/364.0.744893471 Mobile/15E148 Safari/604.1"
106.196.86.74 - - [29/Apr/2025:01:52:42 -0400] "GET /wp-content/uploads/2023/03/SEO-597x1024-1.jpg HTTP/1.1" 200 36812 "https://rattanmotors.in/?keyword=maruti%20suzuki%20car%20service%20center&matchtype=b&gad_source=1&gclid=Cj0KCQjwzrzABhD8ARIsANlSWNNn6PRrUIVmuXbyJRMKA1tnpDDVBhNA_IqM7fhC1OunBOJsxehtlqwaAgYpEALw_wcB" "Mozilla/5.0 (iPhone; CPU iPhone OS 16_0_0 like Mac OS X) AppleWebKit/605.1.15 (KHTML, like Gecko) GSA/364.0.744893471 Mobile/15E148 Safari/604.1"
106.196.86.74 - - [29/Apr/2025:01:52:42 -0400] "GET /wp-content/uploads/2023/07/HONDA-GENSET-3.jpg HTTP/1.1" 200 73999 "https://rattanmotors.in/?keyword=maruti%20suzuki%20car%20service%20center&matchtype=b&gad_source=1&gclid=Cj0KCQjwzrzABhD8ARIsANlSWNNn6PRrUIVmuXbyJRMKA1tnpDDVBhNA_IqM7fhC1OunBOJsxehtlqwaAgYpEALw_wcB" "Mozilla/5.0 (iPhone; CPU iPhone OS 16_0_0 like Mac OS X) AppleWebKit/605.1.15 (KHTML, like Gecko) GSA/364.0.744893471 Mobile/15E148 Safari/604.1"
106.196.86.74 - - [29/Apr/2025:01:52:42 -0400] "GET /wp-content/uploads/2023/03/Screenshot-2023-03-03-164945.png HTTP/1.1" 200 519347 "https://rattanmotors.in/?keyword=maruti%20suzuki%20car%20service%20center&matchtype=b&gad_source=1&gclid=Cj0KCQjwzrzABhD8ARIsANlSWNNn6PRrUIVmuXbyJRMKA1tnpDDVBhNA_IqM7fhC1OunBOJsxehtlqwaAgYpEALw_wcB" "Mozilla/5.0 (iPhone; CPU iPhone OS 16_0_0 like Mac OS X) AppleWebKit/605.1.15 (KHTML, like Gecko) GSA/364.0.744893471 Mobile/15E148 Safari/604.1"
106.196.86.74 - - [29/Apr/2025:01:52:42 -0400] "GET /wp-content/uploads/2023/05/Exide-Batteries-1.png HTTP/1.1" 200 727872 "https://rattanmotors.in/?keyword=maruti%20suzuki%20car%20service%20center&matchtype=b&gad_source=1&gclid=Cj0KCQjwzrzABhD8ARIsANlSWNNn6PRrUIVmuXbyJRMKA1tnpDDVBhNA_IqM7fhC1OunBOJsxehtlqwaAgYpEALw_wcB" "Mozilla/5.0 (iPhone; CPU iPhone OS 16_0_0 like Mac OS X) AppleWebKit/605.1.15 (KHTML, like Gecko) GSA/364.0.744893471 Mobile/15E148 Safari/604.1"
166.88.235.141 - - [29/Apr/2025:01:53:38 -0400] "GET /scotland-casino/ HTTP/1.1" 404 1251 "-" "Mozilla/5.0 (Macintosh; Intel Mac OS X 10_15_7) AppleWebKit/537.36 (KHTML, like Gecko) Chrome/128.0.0.0 Safari/537.36"
66.249.73.230 - - [29/Apr/2025:02:01:40 -0400] "GET /minimum-deposit-5-dollar-casino/ HTTP/1.1" 404 1251 "-" "Mozilla/5.0 (Linux; Android 6.0.1; Nexus 5X Build/MMB29P) AppleWebKit/537.36 (KHTML, like Gecko) Chrome/135.0.7049.95 Mobile Safari/537.36 (compatible; Googlebot/2.1; +http://www.google.com/bot.html)"
207.46.13.151 - - [29/Apr/2025:02:04:57 -0400] "GET /wp-json/wp/v2/posts/3014 HTTP/1.1" 404 1251 "-" "Mozilla/5.0 AppleWebKit/537.36 (KHTML, like Gecko; compatible; bingbot/2.0; +http://www.bing.com/bingbot.htm) Chrome/116.0.1938.76 Safari/537.36"
66.249.73.228 - - [29/Apr/2025:02:05:28 -0400] "GET /new-casino-sites-free-money/ HTTP/1.1" 404 1251 "-" "Mozilla/5.0 (Linux; Android 6.0.1; Nexus 5X Build/MMB29P) AppleWebKit/537.36 (KHTML, like Gecko) Chrome/135.0.7049.95 Mobile Safari/537.36 (compatible; Googlebot/2.1; +http://www.google.com/bot.html)"
152.59.83.55 - - [29/Apr/2025:02:07:21 -0400] "GET /?keyword=carservice&matchtype=b&keyword=maruti%20service%20centre&matchtype=b&gad_source=1&gad_campaignid=22495163480&gbraid=0AAAAAowv87MewBr2uz_J0udIZfpM3E2WL&gclid=Cj0KCQjwzrzABhD8ARIsANlSWNPwZBXM7kmS6o45wZs6EF6QEGVM34qYMYeu4jl3J291BtYsPpH9IXAaAvZiEALw_wcB HTTP/1.1" 200 0 "https://www.google.com/" "Mozilla/5.0 (Linux; Android 10; K) AppleWebKit/537.36 (KHTML, like Gecko) Chrome/126.0.0.0 Mobile Safari/537.36"
152.59.83.55 - - [29/Apr/2025:02:07:23 -0400] "GET /?keyword=carservice&matchtype=b&keyword=maruti%20service%20centre&matchtype=b&gad_source=1&gad_campaignid=22495163480&gbraid=0AAAAAowv87MewBr2uz_J0udIZfpM3E2WL&gclid=Cj0KCQjwzrzABhD8ARIsANlSWNPwZBXM7kmS6o45wZs6EF6QEGVM34qYMYeu4jl3J291BtYsPpH9IXAaAvZiEALw_wcB HTTP/1.1" 200 0 "https://www.google.com/" "Mozilla/5.0 (Linux; Android 10; K) AppleWebKit/537.36 (KHTML, like Gecko) Chrome/126.0.0.0 Mobile Safari/537.36"
152.59.83.55 - - [29/Apr/2025:02:07:24 -0400] "GET /?keyword=carservice&matchtype=b&keyword=maruti%20service%20centre&matchtype=b&gad_source=1&gad_campaignid=22495163480&gbraid=0AAAAAowv87MewBr2uz_J0udIZfpM3E2WL&gclid=Cj0KCQjwzrzABhD8ARIsANlSWNPwZBXM7kmS6o45wZs6EF6QEGVM34qYMYeu4jl3J291BtYsPpH9IXAaAvZiEALw_wcB HTTP/1.1" 200 0 "https://www.google.com/" "Mozilla/5.0 (Linux; Android 10; K) AppleWebKit/537.36 (KHTML, like Gecko) Chrome/126.0.0.0 Mobile Safari/537.36"
152.59.83.55 - - [29/Apr/2025:02:07:25 -0400] "GET /?keyword=carservice&matchtype=b&keyword=maruti%20service%20centre&matchtype=b&gad_source=1&gad_campaignid=22495163480&gbraid=0AAAAAowv87MewBr2uz_J0udIZfpM3E2WL&gclid=Cj0KCQjwzrzABhD8ARIsANlSWNPwZBXM7kmS6o45wZs6EF6QEGVM34qYMYeu4jl3J291BtYsPpH9IXAaAvZiEALw_wcB HTTP/1.1" 200 0 "https://www.google.com/" "Mozilla/5.0 (Linux; Android 10; K) AppleWebKit/537.36 (KHTML, like Gecko) Chrome/126.0.0.0 Mobile Safari/537.36"
152.59.83.55 - - [29/Apr/2025:02:07:25 -0400] "GET /?keyword=carservice&matchtype=b&keyword=maruti%20service%20centre&matchtype=b&gad_source=1&gad_campaignid=22495163480&gbraid=0AAAAAowv87MewBr2uz_J0udIZfpM3E2WL&gclid=Cj0KCQjwzrzABhD8ARIsANlSWNPwZBXM7kmS6o45wZs6EF6QEGVM34qYMYeu4jl3J291BtYsPpH9IXAaAvZiEALw_wcB HTTP/1.1" 200 0 "https://www.google.com/" "Mozilla/5.0 (Linux; Android 10; K) AppleWebKit/537.36 (KHTML, like Gecko) Chrome/126.0.0.0 Mobile Safari/537.36"
69.57.162.13 - - [29/Apr/2025:02:07:42 -0400] "POST /wp-cron.php?doing_wp_cron=1745906862.7884991168975830078125 HTTP/1.1" 200 0 "-" "WordPress/6.8; https://rattanmotors.in"
69.57.162.13 - - [29/Apr/2025:02:07:42 -0400] "POST /wp-cron.php?doing_wp_cron=1745906862.7889950275421142578125 HTTP/1.1" 200 0 "-" "WordPress/6.8; https://rattanmotors.in"
69.57.162.13 - - [29/Apr/2025:02:07:42 -0400] "POST /wp-cron.php?doing_wp_cron=1745906862.9740500450134277343750 HTTP/1.1" 200 0 "-" "WordPress/6.8; https://rattanmotors.in"
69.57.162.13 - - [29/Apr/2025:02:07:42 -0400] "POST /wp-cron.php?doing_wp_cron=1745906862.9762909412384033203125 HTTP/1.1" 200 0 "-" "WordPress/6.8; https://rattanmotors.in"
69.57.162.13 - - [29/Apr/2025:02:07:42 -0400] "POST /wp-cron.php?doing_wp_cron=1745906862.9759469032287597656250 HTTP/1.1" 200 0 "-" "WordPress/6.8; https://rattanmotors.in"
69.57.162.13 - - [29/Apr/2025:02:07:43 -0400] "POST /wp-cron.php?doing_wp_cron=1745906863.0821180343627929687500 HTTP/1.1" 200 0 "-" "WordPress/6.8; https://rattanmotors.in"
69.57.162.13 - - [29/Apr/2025:02:07:43 -0400] "POST /wp-cron.php?doing_wp_cron=1745906863.1714720726013183593750 HTTP/1.1" 200 0 "-" "WordPress/6.8; https://rattanmotors.in"
69.57.162.13 - - [29/Apr/2025:02:11:08 -0400] "POST /wp-cron.php?doing_wp_cron=1745907067.9895589351654052734375 HTTP/1.1" 200 0 "-" "WordPress/6.8; https://rattanmotors.in"
124.253.118.151 - - [29/Apr/2025:02:11:00 -0400] "GET / HTTP/1.1" 200 30307 "-" "Mozilla/5.0 (Windows NT 10.0; Win64; x64) AppleWebKit/537.36 (KHTML, like Gecko) Chrome/135.0.0.0 Safari/537.36 Edg/135.0.0.0"
106.208.150.31 - - [29/Apr/2025:02:10:57 -0400] "GET / HTTP/1.1" 200 30308 "-" "Mozilla/5.0 (Windows NT 10.0; Win64; x64) AppleWebKit/537.36 (KHTML, like Gecko) Chrome/135.0.0.0 Safari/537.36"
124.253.118.151 - - [29/Apr/2025:02:11:14 -0400] "GET /wp-content/plugins/header-footer-elementor/inc/widgets-css/frontend.css?ver=2.3.0 HTTP/1.1" 200 8133 "https://rattanmotors.in/" "Mozilla/5.0 (Windows NT 10.0; Win64; x64) AppleWebKit/537.36 (KHTML, like Gecko) Chrome/135.0.0.0 Safari/537.36 Edg/135.0.0.0"
124.253.118.151 - - [29/Apr/2025:02:11:14 -0400] "GET /wp-content/themes/astra/assets/css/minified/main.min.css?ver=4.8.11 HTTP/1.1" 200 8204 "https://rattanmotors.in/" "Mozilla/5.0 (Windows NT 10.0; Win64; x64) AppleWebKit/537.36 (KHTML, like Gecko) Chrome/135.0.0.0 Safari/537.36 Edg/135.0.0.0"
124.253.118.151 - - [29/Apr/2025:02:11:14 -0400] "GET /wp-content/plugins/instagram-feed/css/sbi-styles.min.css?ver=6.6.1 HTTP/1.1" 200 8449 "https://rattanmotors.in/" "Mozilla/5.0 (Windows NT 10.0; Win64; x64) AppleWebKit/537.36 (KHTML, like Gecko) Chrome/135.0.0.0 Safari/537.36 Edg/135.0.0.0"
124.253.118.151 - - [29/Apr/2025:02:11:15 -0400] "GET /wp-content/plugins/header-footer-elementor/assets/css/header-footer-elementor.css?ver=2.3.0 HTTP/1.1" 200 259 "https://rattanmotors.in/" "Mozilla/5.0 (Windows NT 10.0; Win64; x64) AppleWebKit/537.36 (KHTML, like Gecko) Chrome/135.0.0.0 Safari/537.36 Edg/135.0.0.0"
124.253.118.151 - - [29/Apr/2025:02:11:15 -0400] "GET /wp-content/plugins/elementor/assets/lib/eicons/css/elementor-icons.min.css?ver=5.36.0 HTTP/1.1" 200 3845 "https://rattanmotors.in/" "Mozilla/5.0 (Windows NT 10.0; Win64; x64) AppleWebKit/537.36 (KHTML, like Gecko) Chrome/135.0.0.0 Safari/537.36 Edg/135.0.0.0"
124.253.118.151 - - [29/Apr/2025:02:11:15 -0400] "GET /wp-content/plugins/elementor/assets/css/frontend.min.css?ver=3.28.4 HTTP/1.1" 200 6453 "https://rattanmotors.in/" "Mozilla/5.0 (Windows NT 10.0; Win64; x64) AppleWebKit/537.36 (KHTML, like Gecko) Chrome/135.0.0.0 Safari/537.36 Edg/135.0.0.0"
124.253.118.151 - - [29/Apr/2025:02:11:15 -0400] "GET /wp-content/uploads/elementor/css/post-8.css?ver=1734648778 HTTP/1.1" 200 323 "https://rattanmotors.in/" "Mozilla/5.0 (Windows NT 10.0; Win64; x64) AppleWebKit/537.36 (KHTML, like Gecko) Chrome/135.0.0.0 Safari/537.36 Edg/135.0.0.0"
124.253.118.151 - - [29/Apr/2025:02:11:15 -0400] "GET /wp-content/plugins/elementor/assets/lib/swiper/v8/css/swiper.min.css?ver=8.4.5 HTTP/1.1" 200 4248 "https://rattanmotors.in/" "Mozilla/5.0 (Windows NT 10.0; Win64; x64) AppleWebKit/537.36 (KHTML, like Gecko) Chrome/135.0.0.0 Safari/537.36 Edg/135.0.0.0"
124.253.118.151 - - [29/Apr/2025:02:11:15 -0400] "GET /wp-content/plugins/elementor/assets/css/conditionals/e-swiper.min.css?ver=3.28.4 HTTP/1.1" 200 699 "https://rattanmotors.in/" "Mozilla/5.0 (Windows NT 10.0; Win64; x64) AppleWebKit/537.36 (KHTML, like Gecko) Chrome/135.0.0.0 Safari/537.36 Edg/135.0.0.0"
124.253.118.151 - - [29/Apr/2025:02:11:15 -0400] "GET /wp-content/plugins/elementor/assets/css/widget-heading.min.css?ver=3.28.4 HTTP/1.1" 200 154 "https://rattanmotors.in/" "Mozilla/5.0 (Windows NT 10.0; Win64; x64) AppleWebKit/537.36 (KHTML, like Gecko) Chrome/135.0.0.0 Safari/537.36 Edg/135.0.0.0"
124.253.118.151 - - [29/Apr/2025:02:11:15 -0400] "GET /wp-content/plugins/elementor/assets/css/widget-image-carousel.min.css?ver=3.28.4 HTTP/1.1" 200 163 "https://rattanmotors.in/" "Mozilla/5.0 (Windows NT 10.0; Win64; x64) AppleWebKit/537.36 (KHTML, like Gecko) Chrome/135.0.0.0 Safari/537.36 Edg/135.0.0.0"
124.253.118.151 - - [29/Apr/2025:02:11:15 -0400] "GET /wp-content/plugins/elementor/assets/css/widget-text-editor.min.css?ver=3.28.4 HTTP/1.1" 200 208 "https://rattanmotors.in/" "Mozilla/5.0 (Windows NT 10.0; Win64; x64) AppleWebKit/537.36 (KHTML, like Gecko) Chrome/135.0.0.0 Safari/537.36 Edg/135.0.0.0"
124.253.118.151 - - [29/Apr/2025:02:11:16 -0400] "GET /wp-content/plugins/elementor/assets/css/widget-image.min.css?ver=3.28.4 HTTP/1.1" 200 254 "https://rattanmotors.in/" "Mozilla/5.0 (Windows NT 10.0; Win64; x64) AppleWebKit/537.36 (KHTML, like Gecko) Chrome/135.0.0.0 Safari/537.36 Edg/135.0.0.0"
124.253.118.151 - - [29/Apr/2025:02:11:16 -0400] "GET /wp-content/plugins/fluentform/assets/css/fluent-forms-public.css?ver=6.0.3 HTTP/1.1" 200 5578 "https://rattanmotors.in/" "Mozilla/5.0 (Windows NT 10.0; Win64; x64) AppleWebKit/537.36 (KHTML, like Gecko) Chrome/135.0.0.0 Safari/537.36 Edg/135.0.0.0"
124.253.118.151 - - [29/Apr/2025:02:11:16 -0400] "GET /wp-content/plugins/elementor/assets/css/widget-accordion.min.css?ver=3.28.4 HTTP/1.1" 200 377 "https://rattanmotors.in/" "Mozilla/5.0 (Windows NT 10.0; Win64; x64) AppleWebKit/537.36 (KHTML, like Gecko) Chrome/135.0.0.0 Safari/537.36 Edg/135.0.0.0"
124.253.118.151 - - [29/Apr/2025:02:11:16 -0400] "GET /wp-content/plugins/fluentform/assets/css/fluentform-public-default.css?ver=6.0.3 HTTP/1.1" 200 1036 "https://rattanmotors.in/" "Mozilla/5.0 (Windows NT 10.0; Win64; x64) AppleWebKit/537.36 (KHTML, like Gecko) Chrome/135.0.0.0 Safari/537.36 Edg/135.0.0.0"
124.253.118.151 - - [29/Apr/2025:02:11:16 -0400] "GET /wp-content/uploads/elementor/css/post-11.css?ver=1734648779 HTTP/1.1" 200 1797 "https://rattanmotors.in/" "Mozilla/5.0 (Windows NT 10.0; Win64; x64) AppleWebKit/537.36 (KHTML, like Gecko) Chrome/135.0.0.0 Safari/537.36 Edg/135.0.0.0"
124.253.118.151 - - [29/Apr/2025:02:11:16 -0400] "GET /wp-content/uploads/elementor/css/post-17.css?ver=1734648779 HTTP/1.1" 200 1774 "https://rattanmotors.in/" "Mozilla/5.0 (Windows NT 10.0; Win64; x64) AppleWebKit/537.36 (KHTML, like Gecko) Chrome/135.0.0.0 Safari/537.36 Edg/135.0.0.0"
106.208.150.31 - - [29/Apr/2025:02:11:16 -0400] "GET /services/mrf-tyres/ HTTP/1.1" 404 1251 "https://rattanmotors.in/" "Mozilla/5.0 (Windows NT 10.0; Win64; x64) AppleWebKit/537.36 (KHTML, like Gecko) Chrome/135.0.0.0 Safari/537.36"
124.253.118.151 - - [29/Apr/2025:02:11:16 -0400] "GET /wp-content/plugins/elementor/assets/lib/eicons/css/elementor-icons.min.css?ver=5.34.0 HTTP/1.1" 200 3845 "https://rattanmotors.in/" "Mozilla/5.0 (Windows NT 10.0; Win64; x64) AppleWebKit/537.36 (KHTML, like Gecko) Chrome/135.0.0.0 Safari/537.36 Edg/135.0.0.0"
124.253.118.151 - - [29/Apr/2025:02:11:16 -0400] "GET /wp-content/plugins/elementor/assets/css/widget-icon-list.min.css?ver=3.24.3 HTTP/1.1" 200 957 "https://rattanmotors.in/" "Mozilla/5.0 (Windows NT 10.0; Win64; x64) AppleWebKit/537.36 (KHTML, like Gecko) Chrome/135.0.0.0 Safari/537.36 Edg/135.0.0.0"
124.253.118.151 - - [29/Apr/2025:02:11:16 -0400] "GET /wp-content/uploads/elementor/css/post-115.css?ver=1734648779 HTTP/1.1" 200 1738 "https://rattanmotors.in/" "Mozilla/5.0 (Windows NT 10.0; Win64; x64) AppleWebKit/537.36 (KHTML, like Gecko) Chrome/135.0.0.0 Safari/537.36 Edg/135.0.0.0"
106.208.150.31 - - [29/Apr/2025:02:11:17 -0400] "GET /services/mrf-tyres/ HTTP/1.1" 404 1251 "https://rattanmotors.in/" "Mozilla/5.0 (Windows NT 10.0; Win64; x64) AppleWebKit/537.36 (KHTML, like Gecko) Chrome/135.0.0.0 Safari/537.36"
124.253.118.151 - - [29/Apr/2025:02:11:17 -0400] "GET /wp-content/plugins/elementor/assets/css/widget-social-icons.min.css?ver=3.24.0 HTTP/1.1" 200 1069 "https://rattanmotors.in/" "Mozilla/5.0 (Windows NT 10.0; Win64; x64) AppleWebKit/537.36 (KHTML, like Gecko) Chrome/135.0.0.0 Safari/537.36 Edg/135.0.0.0"
124.253.118.151 - - [29/Apr/2025:02:11:17 -0400] "GET /wp-content/plugins/elementor/assets/lib/font-awesome/css/brands.css?ver=5.15.3 HTTP/1.1" 200 296 "https://rattanmotors.in/" "Mozilla/5.0 (Windows NT 10.0; Win64; x64) AppleWebKit/537.36 (KHTML, like Gecko) Chrome/135.0.0.0 Safari/537.36 Edg/135.0.0.0"
124.253.118.151 - - [29/Apr/2025:02:11:17 -0400] "GET /wp-content/plugins/elementor/assets/lib/font-awesome/css/fontawesome.css?ver=5.15.3 HTTP/1.1" 200 12526 "https://rattanmotors.in/" "Mozilla/5.0 (Windows NT 10.0; Win64; x64) AppleWebKit/537.36 (KHTML, like Gecko) Chrome/135.0.0.0 Safari/537.36 Edg/135.0.0.0"
124.253.118.151 - - [29/Apr/2025:02:11:17 -0400] "GET /wp-content/plugins/elementor/assets/lib/font-awesome/css/solid.css?ver=5.15.3 HTTP/1.1" 200 296 "https://rattanmotors.in/" "Mozilla/5.0 (Windows NT 10.0; Win64; x64) AppleWebKit/537.36 (KHTML, like Gecko) Chrome/135.0.0.0 Safari/537.36 Edg/135.0.0.0"
124.253.118.151 - - [29/Apr/2025:02:11:17 -0400] "GET /wp-content/uploads/elementor/google-fonts/css/roboto.css?ver=1742252039 HTTP/1.1" 200 1876 "https://rattanmotors.in/" "Mozilla/5.0 (Windows NT 10.0; Win64; x64) AppleWebKit/537.36 (KHTML, like Gecko) Chrome/135.0.0.0 Safari/537.36 Edg/135.0.0.0"
124.253.118.151 - - [29/Apr/2025:02:11:17 -0400] "GET /wp-content/uploads/elementor/google-fonts/css/robotoslab.css?ver=1742252053 HTTP/1.1" 200 712 "https://rattanmotors.in/" "Mozilla/5.0 (Windows NT 10.0; Win64; x64) AppleWebKit/537.36 (KHTML, like Gecko) Chrome/135.0.0.0 Safari/537.36 Edg/135.0.0.0"
124.253.118.151 - - [29/Apr/2025:02:11:17 -0400] "GET /wp-content/uploads/elementor/google-fonts/css/poppins.css?ver=1742252059 HTTP/1.1" 200 622 "https://rattanmotors.in/" "Mozilla/5.0 (Windows NT 10.0; Win64; x64) AppleWebKit/537.36 (KHTML, like Gecko) Chrome/135.0.0.0 Safari/537.36 Edg/135.0.0.0"
124.253.118.151 - - [29/Apr/2025:02:11:17 -0400] "GET /wp-content/plugins/elementor/assets/lib/font-awesome/css/fontawesome.min.css?ver=5.15.3 HTTP/1.1" 200 12164 "https://rattanmotors.in/" "Mozilla/5.0 (Windows NT 10.0; Win64; x64) AppleWebKit/537.36 (KHTML, like Gecko) Chrome/135.0.0.0 Safari/537.36 Edg/135.0.0.0"
124.253.118.151 - - [29/Apr/2025:02:11:17 -0400] "GET /wp-content/plugins/elementor/assets/lib/font-awesome/css/solid.min.css?ver=5.15.3 HTTP/1.1" 200 286 "https://rattanmotors.in/" "Mozilla/5.0 (Windows NT 10.0; Win64; x64) AppleWebKit/537.36 (KHTML, like Gecko) Chrome/135.0.0.0 Safari/537.36 Edg/135.0.0.0"
124.253.118.151 - - [29/Apr/2025:02:11:17 -0400] "GET /wp-content/plugins/elementor/assets/lib/font-awesome/css/regular.min.css?ver=5.15.3 HTTP/1.1" 200 283 "https://rattanmotors.in/" "Mozilla/5.0 (Windows NT 10.0; Win64; x64) AppleWebKit/537.36 (KHTML, like Gecko) Chrome/135.0.0.0 Safari/537.36 Edg/135.0.0.0"
124.253.118.151 - - [29/Apr/2025:02:11:18 -0400] "GET /wp-content/plugins/elementor/assets/lib/font-awesome/css/brands.min.css?ver=5.15.3 HTTP/1.1" 200 284 "https://rattanmotors.in/" "Mozilla/5.0 (Windows NT 10.0; Win64; x64) AppleWebKit/537.36 (KHTML, like Gecko) Chrome/135.0.0.0 Safari/537.36 Edg/135.0.0.0"
124.253.118.151 - - [29/Apr/2025:02:11:18 -0400] "GET /wp-includes/js/jquery/jquery.min.js?ver=3.7.1 HTTP/1.1" 200 29744 "https://rattanmotors.in/" "Mozilla/5.0 (Windows NT 10.0; Win64; x64) AppleWebKit/537.36 (KHTML, like Gecko) Chrome/135.0.0.0 Safari/537.36 Edg/135.0.0.0"
124.253.118.151 - - [29/Apr/2025:02:11:18 -0400] "GET /wp-includes/js/jquery/jquery-migrate.min.js?ver=3.4.1 HTTP/1.1" 200 4678 "https://rattanmotors.in/" "Mozilla/5.0 (Windows NT 10.0; Win64; x64) AppleWebKit/537.36 (KHTML, like Gecko) Chrome/135.0.0.0 Safari/537.36 Edg/135.0.0.0"
124.253.118.151 - - [29/Apr/2025:02:11:18 -0400] "GET /wp-content/uploads/2023/03/SES-1.jpg HTTP/1.1" 200 107255 "https://rattanmotors.in/" "Mozilla/5.0 (Windows NT 10.0; Win64; x64) AppleWebKit/537.36 (KHTML, like Gecko) Chrome/135.0.0.0 Safari/537.36 Edg/135.0.0.0"
124.253.118.151 - - [29/Apr/2025:02:11:18 -0400] "GET /wp-content/uploads/2023/01/244469453_364381265469081_8555635903566368284_n.png HTTP/1.1" 200 8595 "https://rattanmotors.in/" "Mozilla/5.0 (Windows NT 10.0; Win64; x64) AppleWebKit/537.36 (KHTML, like Gecko) Chrome/135.0.0.0 Safari/537.36 Edg/135.0.0.0"
124.253.118.151 - - [29/Apr/2025:02:11:18 -0400] "GET /wp-content/uploads/2023/05/MRF-Tyres-2.png HTTP/1.1" 200 573388 "https://rattanmotors.in/" "Mozilla/5.0 (Windows NT 10.0; Win64; x64) AppleWebKit/537.36 (KHTML, like Gecko) Chrome/135.0.0.0 Safari/537.36 Edg/135.0.0.0"
124.253.118.151 - - [29/Apr/2025:02:11:18 -0400] "GET /wp-content/plugins/fluentform/assets/css/fluent-forms-elementor-widget.css?ver=6.0.3 HTTP/1.1" 200 771 "https://rattanmotors.in/" "Mozilla/5.0 (Windows NT 10.0; Win64; x64) AppleWebKit/537.36 (KHTML, like Gecko) Chrome/135.0.0.0 Safari/537.36 Edg/135.0.0.0"
124.253.118.151 - - [29/Apr/2025:02:11:18 -0400] "GET /wp-content/uploads/2023/05/E-Rickshaw.png HTTP/1.1" 200 346963 "https://rattanmotors.in/" "Mozilla/5.0 (Windows NT 10.0; Win64; x64) AppleWebKit/537.36 (KHTML, like Gecko) Chrome/135.0.0.0 Safari/537.36 Edg/135.0.0.0"
124.253.118.151 - - [29/Apr/2025:02:11:19 -0400] "GET /wp-content/uploads/2023/07/Maruti-Authorised-Service-Center-2.jpg HTTP/1.1" 200 97824 "https://rattanmotors.in/" "Mozilla/5.0 (Windows NT 10.0; Win64; x64) AppleWebKit/537.36 (KHTML, like Gecko) Chrome/135.0.0.0 Safari/537.36 Edg/135.0.0.0"
124.253.118.151 - - [29/Apr/2025:02:11:19 -0400] "GET /wp-content/plugins/elementor/assets/lib/flatpickr/flatpickr.min.css?ver=4.6.13 HTTP/1.1" 200 2797 "https://rattanmotors.in/" "Mozilla/5.0 (Windows NT 10.0; Win64; x64) AppleWebKit/537.36 (KHTML, like Gecko) Chrome/135.0.0.0 Safari/537.36 Edg/135.0.0.0"
124.253.118.151 - - [29/Apr/2025:02:11:19 -0400] "GET /wp-content/uploads/2023/05/Exide-Batteries-1.png HTTP/1.1" 200 727872 "https://rattanmotors.in/" "Mozilla/5.0 (Windows NT 10.0; Win64; x64) AppleWebKit/537.36 (KHTML, like Gecko) Chrome/135.0.0.0 Safari/537.36 Edg/135.0.0.0"
124.253.118.151 - - [29/Apr/2025:02:11:19 -0400] "GET /wp-content/plugins/fluentform/assets/css/choices.css?ver=6.0.3 HTTP/1.1" 200 1698 "https://rattanmotors.in/" "Mozilla/5.0 (Windows NT 10.0; Win64; x64) AppleWebKit/537.36 (KHTML, like Gecko) Chrome/135.0.0.0 Safari/537.36 Edg/135.0.0.0"
124.253.118.151 - - [29/Apr/2025:02:11:19 -0400] "GET /wp-content/themes/astra/assets/js/minified/frontend.min.js?ver=4.8.11 HTTP/1.1" 200 5365 "https://rattanmotors.in/" "Mozilla/5.0 (Windows NT 10.0; Win64; x64) AppleWebKit/537.36 (KHTML, like Gecko) Chrome/135.0.0.0 Safari/537.36 Edg/135.0.0.0"
124.253.118.151 - - [29/Apr/2025:02:11:20 -0400] "GET /wp-content/plugins/header-footer-elementor/inc/js/frontend.js?ver=2.3.0 HTTP/1.1" 200 3944 "https://rattanmotors.in/" "Mozilla/5.0 (Windows NT 10.0; Win64; x64) AppleWebKit/537.36 (KHTML, like Gecko) Chrome/135.0.0.0 Safari/537.36 Edg/135.0.0.0"
124.253.118.151 - - [29/Apr/2025:02:11:20 -0400] "GET /wp-content/plugins/elementor/assets/lib/swiper/v8/swiper.min.js?ver=8.4.5 HTTP/1.1" 200 38152 "https://rattanmotors.in/" "Mozilla/5.0 (Windows NT 10.0; Win64; x64) AppleWebKit/537.36 (KHTML, like Gecko) Chrome/135.0.0.0 Safari/537.36 Edg/135.0.0.0"
124.253.118.151 - - [29/Apr/2025:02:11:20 -0400] "GET /wp-content/plugins/elementor/assets/lib/flatpickr/flatpickr.min.js?ver=4.6.13 HTTP/1.1" 200 14078 "https://rattanmotors.in/" "Mozilla/5.0 (Windows NT 10.0; Win64; x64) AppleWebKit/537.36 (KHTML, like Gecko) Chrome/135.0.0.0 Safari/537.36 Edg/135.0.0.0"
124.253.118.151 - - [29/Apr/2025:02:11:20 -0400] "GET /wp-content/uploads/elementor/google-fonts/fonts/roboto-kfo7cnqeu92fr1me7ksn66agldtyluama3yuba.woff2 HTTP/1.1" 200 40128 "https://rattanmotors.in/wp-content/uploads/elementor/google-fonts/css/roboto.css?ver=1742252039" "Mozilla/5.0 (Windows NT 10.0; Win64; x64) AppleWebKit/537.36 (KHTML, like Gecko) Chrome/135.0.0.0 Safari/537.36 Edg/135.0.0.0"
124.253.118.151 - - [29/Apr/2025:02:11:20 -0400] "GET /wp-content/plugins/elementor/assets/lib/font-awesome/webfonts/fa-solid-900.woff2 HTTP/1.1" 200 78196 "https://rattanmotors.in/wp-content/plugins/elementor/assets/lib/font-awesome/css/solid.css?ver=5.15.3" "Mozilla/5.0 (Windows NT 10.0; Win64; x64) AppleWebKit/537.36 (KHTML, like Gecko) Chrome/135.0.0.0 Safari/537.36 Edg/135.0.0.0"
124.253.118.151 - - [29/Apr/2025:02:11:20 -0400] "GET /wp-content/uploads/elementor/google-fonts/fonts/poppins-pxieyp8kv8jhgfvrjjfecg.woff2 HTTP/1.1" 200 7884 "https://rattanmotors.in/wp-content/uploads/elementor/google-fonts/css/poppins.css?ver=1742252059" "Mozilla/5.0 (Windows NT 10.0; Win64; x64) AppleWebKit/537.36 (KHTML, like Gecko) Chrome/135.0.0.0 Safari/537.36 Edg/135.0.0.0"
124.253.118.151 - - [29/Apr/2025:02:11:20 -0400] "GET /wp-content/plugins/fluentform/assets/libs/choices/choices.min.js?ver=9.0.1 HTTP/1.1" 200 18545 "https://rattanmotors.in/" "Mozilla/5.0 (Windows NT 10.0; Win64; x64) AppleWebKit/537.36 (KHTML, like Gecko) Chrome/135.0.0.0 Safari/537.36 Edg/135.0.0.0"
124.253.118.151 - - [29/Apr/2025:02:11:20 -0400] "GET /wp-content/plugins/fluentform/assets/js/form-submission.js?ver=6.0.3 HTTP/1.1" 200 7276 "https://rattanmotors.in/" "Mozilla/5.0 (Windows NT 10.0; Win64; x64) AppleWebKit/537.36 (KHTML, like Gecko) Chrome/135.0.0.0 Safari/537.36 Edg/135.0.0.0"
124.253.118.151 - - [29/Apr/2025:02:11:20 -0400] "GET /wp-content/plugins/elementor/assets/js/webpack.runtime.min.js?ver=3.28.4 HTTP/1.1" 200 2228 "https://rattanmotors.in/" "Mozilla/5.0 (Windows NT 10.0; Win64; x64) AppleWebKit/537.36 (KHTML, like Gecko) Chrome/135.0.0.0 Safari/537.36 Edg/135.0.0.0"
124.253.118.151 - - [29/Apr/2025:02:11:20 -0400] "GET /wp-content/plugins/elementor/assets/lib/font-awesome/webfonts/fa-brands-400.woff2 HTTP/1.1" 200 81612 "https://rattanmotors.in/wp-content/plugins/elementor/assets/lib/font-awesome/css/brands.css?ver=5.15.3" "Mozilla/5.0 (Windows NT 10.0; Win64; x64) AppleWebKit/537.36 (KHTML, like Gecko) Chrome/135.0.0.0 Safari/537.36 Edg/135.0.0.0"
124.253.118.151 - - [29/Apr/2025:02:11:21 -0400] "GET /wp-content/plugins/elementor/assets/js/frontend-modules.min.js?ver=3.28.4 HTTP/1.1" 200 14421 "https://rattanmotors.in/" "Mozilla/5.0 (Windows NT 10.0; Win64; x64) AppleWebKit/537.36 (KHTML, like Gecko) Chrome/135.0.0.0 Safari/537.36 Edg/135.0.0.0"
124.253.118.151 - - [29/Apr/2025:02:11:21 -0400] "GET /wp-includes/js/jquery/ui/core.min.js?ver=1.13.3 HTTP/1.1" 200 6812 "https://rattanmotors.in/" "Mozilla/5.0 (Windows NT 10.0; Win64; x64) AppleWebKit/537.36 (KHTML, like Gecko) Chrome/135.0.0.0 Safari/537.36 Edg/135.0.0.0"
124.253.118.151 - - [29/Apr/2025:02:11:21 -0400] "GET /wp-content/plugins/elementor/assets/js/frontend.min.js?ver=3.28.4 HTTP/1.1" 200 13099 "https://rattanmotors.in/" "Mozilla/5.0 (Windows NT 10.0; Win64; x64) AppleWebKit/537.36 (KHTML, like Gecko) Chrome/135.0.0.0 Safari/537.36 Edg/135.0.0.0"
124.253.118.151 - - [29/Apr/2025:02:11:21 -0400] "GET /wp-content/uploads/2023/07/HONDA-GENSET-3.jpg HTTP/1.1" 200 73999 "https://rattanmotors.in/" "Mozilla/5.0 (Windows NT 10.0; Win64; x64) AppleWebKit/537.36 (KHTML, like Gecko) Chrome/135.0.0.0 Safari/537.36 Edg/135.0.0.0"
124.253.118.151 - - [29/Apr/2025:02:11:21 -0400] "GET /wp-content/uploads/2023/03/Screenshot-2023-03-03-164945.png HTTP/1.1" 200 519347 "https://rattanmotors.in/" "Mozilla/5.0 (Windows NT 10.0; Win64; x64) AppleWebKit/537.36 (KHTML, like Gecko) Chrome/135.0.0.0 Safari/537.36 Edg/135.0.0.0"
124.253.118.151 - - [29/Apr/2025:02:11:23 -0400] "GET /wp-content/uploads/2023/03/SEO-597x1024-1.jpg HTTP/1.1" 200 36812 "https://rattanmotors.in/" "Mozilla/5.0 (Windows NT 10.0; Win64; x64) AppleWebKit/537.36 (KHTML, like Gecko) Chrome/135.0.0.0 Safari/537.36 Edg/135.0.0.0"
124.253.118.151 - - [29/Apr/2025:02:11:23 -0400] "GET /wp-content/uploads/2023/03/Types-of-Car-Service-in-Rattan-Motor.jpg HTTP/1.1" 200 103951 "https://rattanmotors.in/" "Mozilla/5.0 (Windows NT 10.0; Win64; x64) AppleWebKit/537.36 (KHTML, like Gecko) Chrome/135.0.0.0 Safari/537.36 Edg/135.0.0.0"
124.253.118.151 - - [29/Apr/2025:02:11:23 -0400] "GET /wp-includes/js/wp-emoji-release.min.js?ver=6.8 HTTP/1.1" 200 4771 "https://rattanmotors.in/" "Mozilla/5.0 (Windows NT 10.0; Win64; x64) AppleWebKit/537.36 (KHTML, like Gecko) Chrome/135.0.0.0 Safari/537.36 Edg/135.0.0.0"
124.253.118.151 - - [29/Apr/2025:02:11:23 -0400] "GET /wp-content/plugins/elementor/assets/js/image-carousel.6167d20b95b33386757b.bundle.min.js HTTP/1.1" 200 256 "https://rattanmotors.in/" "Mozilla/5.0 (Windows NT 10.0; Win64; x64) AppleWebKit/537.36 (KHTML, like Gecko) Chrome/135.0.0.0 Safari/537.36 Edg/135.0.0.0"
124.253.118.151 - - [29/Apr/2025:02:11:24 -0400] "GET /wp-content/plugins/elementor/assets/js/text-editor.c084ef86600b6f11690d.bundle.min.js HTTP/1.1" 200 621 "https://rattanmotors.in/" "Mozilla/5.0 (Windows NT 10.0; Win64; x64) AppleWebKit/537.36 (KHTML, like Gecko) Chrome/135.0.0.0 Safari/537.36 Edg/135.0.0.0"
124.253.118.151 - - [29/Apr/2025:02:11:24 -0400] "GET /wp-content/plugins/elementor/assets/js/accordion.36aa4c8c4eba17bc8e03.bundle.min.js HTTP/1.1" 200 1318 "https://rattanmotors.in/" "Mozilla/5.0 (Windows NT 10.0; Win64; x64) AppleWebKit/537.36 (KHTML, like Gecko) Chrome/135.0.0.0 Safari/537.36 Edg/135.0.0.0"
124.253.118.151 - - [29/Apr/2025:02:11:25 -0400] "GET /wp-content/uploads/2023/01/cropped-244469453_364381265469081_8555635903566368284_n-32x32.png HTTP/1.1" 200 943 "https://rattanmotors.in/" "Mozilla/5.0 (Windows NT 10.0; Win64; x64) AppleWebKit/537.36 (KHTML, like Gecko) Chrome/135.0.0.0 Safari/537.36 Edg/135.0.0.0"
69.57.162.13 - - [29/Apr/2025:02:12:28 -0400] "POST /wp-cron.php?doing_wp_cron=1745907148.0125799179077148437500 HTTP/1.1" 200 0 "-" "WordPress/6.8; https://rattanmotors.in"
106.208.150.31 - - [29/Apr/2025:02:12:27 -0400] "GET / HTTP/1.1" 200 30308 "-" "Mozilla/5.0 (Windows NT 10.0; Win64; x64) AppleWebKit/537.36 (KHTML, like Gecko) Chrome/135.0.0.0 Safari/537.36"
124.253.118.151 - - [29/Apr/2025:02:12:37 -0400] "GET /services/car-servicing/ HTTP/1.1" 404 1251 "https://rattanmotors.in/" "Mozilla/5.0 (Windows NT 10.0; Win64; x64) AppleWebKit/537.36 (KHTML, like Gecko) Chrome/135.0.0.0 Safari/537.36 Edg/135.0.0.0"
124.253.118.151 - - [29/Apr/2025:02:12:38 -0400] "GET /services/car-servicing/ HTTP/1.1" 404 1251 "https://rattanmotors.in/" "Mozilla/5.0 (Windows NT 10.0; Win64; x64) AppleWebKit/537.36 (KHTML, like Gecko) Chrome/135.0.0.0 Safari/537.36 Edg/135.0.0.0"
124.253.118.151 - - [29/Apr/2025:02:12:38 -0400] "GET /favicon.ico HTTP/1.1" 404 1251 "https://rattanmotors.in/services/car-servicing/" "Mozilla/5.0 (Windows NT 10.0; Win64; x64) AppleWebKit/537.36 (KHTML, like Gecko) Chrome/135.0.0.0 Safari/537.36 Edg/135.0.0.0"
106.208.150.31 - - [29/Apr/2025:02:12:41 -0400] "GET /services/car-servicing/ HTTP/1.1" 404 1251 "https://rattanmotors.in/" "Mozilla/5.0 (Windows NT 10.0; Win64; x64) AppleWebKit/537.36 (KHTML, like Gecko) Chrome/135.0.0.0 Safari/537.36"
106.208.150.31 - - [29/Apr/2025:02:12:41 -0400] "GET /services/car-servicing/ HTTP/1.1" 404 1251 "https://rattanmotors.in/" "Mozilla/5.0 (Windows NT 10.0; Win64; x64) AppleWebKit/537.36 (KHTML, like Gecko) Chrome/135.0.0.0 Safari/537.36"
124.253.118.151 - - [29/Apr/2025:02:12:51 -0400] "GET /services/mrf-tyres/ HTTP/1.1" 404 1251 "https://rattanmotors.in/" "Mozilla/5.0 (Windows NT 10.0; Win64; x64) AppleWebKit/537.36 (KHTML, like Gecko) Chrome/135.0.0.0 Safari/537.36 Edg/135.0.0.0"
106.208.150.31 - - [29/Apr/2025:02:12:51 -0400] "GET /services/honda-portable-generator/ HTTP/1.1" 404 1251 "https://rattanmotors.in/" "Mozilla/5.0 (Windows NT 10.0; Win64; x64) AppleWebKit/537.36 (KHTML, like Gecko) Chrome/135.0.0.0 Safari/537.36"
124.253.118.151 - - [29/Apr/2025:02:12:51 -0400] "GET /services/mrf-tyres/ HTTP/1.1" 404 1251 "https://rattanmotors.in/" "Mozilla/5.0 (Windows NT 10.0; Win64; x64) AppleWebKit/537.36 (KHTML, like Gecko) Chrome/135.0.0.0 Safari/537.36 Edg/135.0.0.0"
106.208.150.31 - - [29/Apr/2025:02:12:51 -0400] "GET /services/honda-portable-generator/ HTTP/1.1" 404 1251 "https://rattanmotors.in/" "Mozilla/5.0 (Windows NT 10.0; Win64; x64) AppleWebKit/537.36 (KHTML, like Gecko) Chrome/135.0.0.0 Safari/537.36"
106.208.150.31 - - [29/Apr/2025:02:12:55 -0400] "GET /about-us/ HTTP/1.1" 404 1251 "https://rattanmotors.in/" "Mozilla/5.0 (Windows NT 10.0; Win64; x64) AppleWebKit/537.36 (KHTML, like Gecko) Chrome/135.0.0.0 Safari/537.36"
106.208.150.31 - - [29/Apr/2025:02:12:55 -0400] "GET /about-us/ HTTP/1.1" 404 1251 "https://rattanmotors.in/" "Mozilla/5.0 (Windows NT 10.0; Win64; x64) AppleWebKit/537.36 (KHTML, like Gecko) Chrome/135.0.0.0 Safari/537.36"
124.253.118.151 - - [29/Apr/2025:02:12:58 -0400] "GET /services/honda-portable-generator/ HTTP/1.1" 404 1251 "https://rattanmotors.in/" "Mozilla/5.0 (Windows NT 10.0; Win64; x64) AppleWebKit/537.36 (KHTML, like Gecko) Chrome/135.0.0.0 Safari/537.36 Edg/135.0.0.0"
124.253.118.151 - - [29/Apr/2025:02:12:58 -0400] "GET /services/honda-portable-generator/ HTTP/1.1" 404 1251 "https://rattanmotors.in/" "Mozilla/5.0 (Windows NT 10.0; Win64; x64) AppleWebKit/537.36 (KHTML, like Gecko) Chrome/135.0.0.0 Safari/537.36 Edg/135.0.0.0"
66.249.73.228 - - [29/Apr/2025:02:16:47 -0400] "GET /online-casino-uk-apple-pay/ HTTP/1.1" 404 1251 "-" "Mozilla/5.0 (Linux; Android 6.0.1; Nexus 5X Build/MMB29P) AppleWebKit/537.36 (KHTML, like Gecko) Chrome/135.0.7049.95 Mobile Safari/537.36 (compatible; Googlebot/2.1; +http://www.google.com/bot.html)"
69.57.162.13 - - [29/Apr/2025:02:18:21 -0400] "POST /wp-cron.php?doing_wp_cron=1745907501.8968250751495361328125 HTTP/1.1" 200 0 "-" "WordPress/6.8; https://rattanmotors.in"
52.167.144.19 - - [29/Apr/2025:02:18:14 -0400] "GET /?p=1999 HTTP/1.1" 301 0 "-" "Mozilla/5.0 AppleWebKit/537.36 (KHTML, like Gecko; compatible; bingbot/2.0; +http://www.bing.com/bingbot.htm) Chrome/116.0.1938.76 Safari/537.36"
66.249.73.229 - - [29/Apr/2025:02:22:34 -0400] "GET /no-deposit-bonus-bingo/ HTTP/1.1" 404 1251 "-" "Mozilla/5.0 (Linux; Android 6.0.1; Nexus 5X Build/MMB29P) AppleWebKit/537.36 (KHTML, like Gecko) Chrome/135.0.7049.95 Mobile Safari/537.36 (compatible; Googlebot/2.1; +http://www.google.com/bot.html)"
69.57.162.13 - - [29/Apr/2025:02:22:53 -0400] "POST /wp-cron.php?doing_wp_cron=1745907773.6969130039215087890625 HTTP/1.1" 200 0 "-" "WordPress/6.8; https://rattanmotors.in"
66.249.73.228 - - [29/Apr/2025:02:22:39 -0400] "GET /?p=1683 HTTP/1.1" 301 0 "-" "Mozilla/5.0 (Linux; Android 6.0.1; Nexus 5X Build/MMB29P) AppleWebKit/537.36 (KHTML, like Gecko) Chrome/135.0.7049.95 Mobile Safari/537.36 (compatible; Googlebot/2.1; +http://www.google.com/bot.html)"
66.249.73.228 - - [29/Apr/2025:02:22:54 -0400] "GET /betking-casino-no-deposit-bonus-100-free-spins/ HTTP/1.1" 404 1251 "-" "Mozilla/5.0 (Linux; Android 6.0.1; Nexus 5X Build/MMB29P) AppleWebKit/537.36 (KHTML, like Gecko) Chrome/135.0.7049.95 Mobile Safari/537.36 (compatible; Googlebot/2.1; +http://www.google.com/bot.html)"
66.249.73.229 - - [29/Apr/2025:02:23:44 -0400] "GET /bingo-extra-casino-sister-sites/ HTTP/1.1" 404 1251 "-" "Mozilla/5.0 (Linux; Android 6.0.1; Nexus 5X Build/MMB29P) AppleWebKit/537.36 (KHTML, like Gecko) Chrome/135.0.7049.95 Mobile Safari/537.36 (compatible; Googlebot/2.1; +http://www.google.com/bot.html)"
69.57.162.13 - - [29/Apr/2025:02:24:36 -0400] "POST /wp-cron.php?doing_wp_cron=1745907876.5844850540161132812500 HTTP/1.1" 200 0 "-" "WordPress/6.8; https://rattanmotors.in"
66.249.73.230 - - [29/Apr/2025:02:24:25 -0400] "GET / HTTP/1.1" 200 30339 "-" "Mozilla/5.0 (compatible; Googlebot/2.1; +http://www.google.com/bot.html)"
69.57.162.13 - - [29/Apr/2025:02:26:37 -0400] "POST /wp-cron.php?doing_wp_cron=1745907997.1779100894927978515625 HTTP/1.1" 200 0 "-" "WordPress/6.8; https://rattanmotors.in"
207.46.13.116 - - [29/Apr/2025:02:26:25 -0400] "GET /?p=3192 HTTP/1.1" 301 0 "-" "Mozilla/5.0 AppleWebKit/537.36 (KHTML, like Gecko; compatible; bingbot/2.0; +http://www.bing.com/bingbot.htm) Chrome/116.0.1938.76 Safari/537.36"
40.77.167.235 - - [29/Apr/2025:02:26:37 -0400] "GET /?p=8068 HTTP/1.1" 301 0 "-" "Mozilla/5.0 AppleWebKit/537.36 (KHTML, like Gecko; compatible; bingbot/2.0; +http://www.bing.com/bingbot.htm) Chrome/116.0.1938.76 Safari/537.36"
69.57.162.13 - - [29/Apr/2025:02:28:34 -0400] "POST /wp-cron.php?doing_wp_cron=1745908113.9732859134674072265625 HTTP/1.1" 200 0 "-" "WordPress/6.8; https://rattanmotors.in"
66.249.73.230 - - [29/Apr/2025:02:28:23 -0400] "GET / HTTP/1.1" 200 30340 "-" "Mozilla/5.0 (compatible; Googlebot/2.1; +http://www.google.com/bot.html)"
66.249.73.228 - - [29/Apr/2025:02:28:40 -0400] "GET /wp-content/plugins/elementor/assets/lib/font-awesome/css/regular.min.css?ver=5.15.3 HTTP/1.1" 200 283 "https://rattanmotors.in/" "Mozilla/5.0 AppleWebKit/537.36 (KHTML, like Gecko; compatible; Googlebot/2.1; +http://www.google.com/bot.html) Chrome/135.0.7049.114 Safari/537.36"
66.249.73.229 - - [29/Apr/2025:02:28:40 -0400] "GET /wp-content/plugins/elementor/assets/lib/eicons/css/elementor-icons.min.css?ver=5.36.0 HTTP/1.1" 200 3845 "https://rattanmotors.in/" "Mozilla/5.0 AppleWebKit/537.36 (KHTML, like Gecko; compatible; Googlebot/2.1; +http://www.google.com/bot.html) Chrome/135.0.7049.114 Safari/537.36"
66.249.73.228 - - [29/Apr/2025:02:28:40 -0400] "GET /wp-content/plugins/elementor/assets/lib/flatpickr/flatpickr.min.css?ver=4.6.13 HTTP/1.1" 200 2797 "https://rattanmotors.in/" "Mozilla/5.0 AppleWebKit/537.36 (KHTML, like Gecko; compatible; Googlebot/2.1; +http://www.google.com/bot.html) Chrome/135.0.7049.114 Safari/537.36"
66.249.73.228 - - [29/Apr/2025:02:28:40 -0400] "GET /wp-content/plugins/elementor/assets/lib/font-awesome/css/solid.css?ver=5.15.3 HTTP/1.1" 200 296 "https://rattanmotors.in/" "Mozilla/5.0 AppleWebKit/537.36 (KHTML, like Gecko; compatible; Googlebot/2.1; +http://www.google.com/bot.html) Chrome/135.0.7049.114 Safari/537.36"
66.249.73.229 - - [29/Apr/2025:02:28:40 -0400] "GET /wp-content/plugins/elementor/assets/lib/font-awesome/css/solid.min.css?ver=5.15.3 HTTP/1.1" 200 286 "https://rattanmotors.in/" "Mozilla/5.0 AppleWebKit/537.36 (KHTML, like Gecko; compatible; Googlebot/2.1; +http://www.google.com/bot.html) Chrome/135.0.7049.114 Safari/537.36"
66.249.73.228 - - [29/Apr/2025:02:28:41 -0400] "GET /wp-content/plugins/elementor/assets/css/widget-text-editor.min.css?ver=3.28.4 HTTP/1.1" 200 208 "https://rattanmotors.in/" "Mozilla/5.0 AppleWebKit/537.36 (KHTML, like Gecko; compatible; Googlebot/2.1; +http://www.google.com/bot.html) Chrome/135.0.7049.114 Safari/537.36"
66.249.73.228 - - [29/Apr/2025:02:28:41 -0400] "GET /wp-content/plugins/instagram-feed/css/sbi-styles.min.css?ver=6.6.1 HTTP/1.1" 200 8449 "https://rattanmotors.in/" "Mozilla/5.0 AppleWebKit/537.36 (KHTML, like Gecko; compatible; Googlebot/2.1; +http://www.google.com/bot.html) Chrome/135.0.7049.114 Safari/537.36"
66.249.73.229 - - [29/Apr/2025:02:28:42 -0400] "GET /wp-includes/js/jquery/jquery-migrate.min.js?ver=3.4.1 HTTP/1.1" 200 4678 "https://rattanmotors.in/" "Mozilla/5.0 AppleWebKit/537.36 (KHTML, like Gecko; compatible; Googlebot/2.1; +http://www.google.com/bot.html) Chrome/135.0.7049.114 Safari/537.36"
66.249.73.229 - - [29/Apr/2025:02:28:42 -0400] "GET /wp-content/plugins/header-footer-elementor/inc/widgets-css/frontend.css?ver=2.3.0 HTTP/1.1" 200 8133 "https://rattanmotors.in/" "Mozilla/5.0 AppleWebKit/537.36 (KHTML, like Gecko; compatible; Googlebot/2.1; +http://www.google.com/bot.html) Chrome/135.0.7049.114 Safari/537.36"
66.249.73.228 - - [29/Apr/2025:02:28:42 -0400] "GET /wp-content/plugins/elementor/assets/css/widget-heading.min.css?ver=3.28.4 HTTP/1.1" 200 154 "https://rattanmotors.in/" "Mozilla/5.0 AppleWebKit/537.36 (KHTML, like Gecko; compatible; Googlebot/2.1; +http://www.google.com/bot.html) Chrome/135.0.7049.114 Safari/537.36"
66.249.73.228 - - [29/Apr/2025:02:28:43 -0400] "GET /wp-content/plugins/header-footer-elementor/assets/css/header-footer-elementor.css?ver=2.3.0 HTTP/1.1" 200 259 "https://rattanmotors.in/" "Mozilla/5.0 AppleWebKit/537.36 (KHTML, like Gecko; compatible; Googlebot/2.1; +http://www.google.com/bot.html) Chrome/135.0.7049.114 Safari/537.36"
66.249.73.229 - - [29/Apr/2025:02:28:43 -0400] "GET /wp-content/plugins/fluentform/assets/css/fluent-forms-public.css?ver=6.0.3 HTTP/1.1" 200 5578 "https://rattanmotors.in/" "Mozilla/5.0 AppleWebKit/537.36 (KHTML, like Gecko; compatible; Googlebot/2.1; +http://www.google.com/bot.html) Chrome/135.0.7049.114 Safari/537.36"
66.249.73.228 - - [29/Apr/2025:02:28:44 -0400] "GET /wp-includes/js/jquery/jquery.min.js?ver=3.7.1 HTTP/1.1" 200 29744 "https://rattanmotors.in/" "Mozilla/5.0 AppleWebKit/537.36 (KHTML, like Gecko; compatible; Googlebot/2.1; +http://www.google.com/bot.html) Chrome/135.0.7049.114 Safari/537.36"
66.249.73.228 - - [29/Apr/2025:02:28:44 -0400] "GET /wp-content/plugins/elementor/assets/lib/font-awesome/css/brands.css?ver=5.15.3 HTTP/1.1" 200 296 "https://rattanmotors.in/" "Mozilla/5.0 AppleWebKit/537.36 (KHTML, like Gecko; compatible; Googlebot/2.1; +http://www.google.com/bot.html) Chrome/135.0.7049.114 Safari/537.36"
66.249.73.228 - - [29/Apr/2025:02:28:45 -0400] "GET /wp-content/themes/astra/assets/css/minified/main.min.css?ver=4.8.11 HTTP/1.1" 200 8204 "https://rattanmotors.in/" "Mozilla/5.0 AppleWebKit/537.36 (KHTML, like Gecko; compatible; Googlebot/2.1; +http://www.google.com/bot.html) Chrome/135.0.7049.114 Safari/537.36"
66.249.73.228 - - [29/Apr/2025:02:28:45 -0400] "GET /wp-content/plugins/fluentform/assets/css/fluent-forms-elementor-widget.css?ver=6.0.3 HTTP/1.1" 200 771 "https://rattanmotors.in/" "Mozilla/5.0 AppleWebKit/537.36 (KHTML, like Gecko; compatible; Googlebot/2.1; +http://www.google.com/bot.html) Chrome/135.0.7049.114 Safari/537.36"
66.249.73.228 - - [29/Apr/2025:02:28:45 -0400] "GET /wp-content/uploads/elementor/google-fonts/css/poppins.css?ver=1742252059 HTTP/1.1" 200 622 "https://rattanmotors.in/" "Mozilla/5.0 AppleWebKit/537.36 (KHTML, like Gecko; compatible; Googlebot/2.1; +http://www.google.com/bot.html) Chrome/135.0.7049.114 Safari/537.36"
66.249.73.228 - - [29/Apr/2025:02:28:46 -0400] "GET /wp-content/plugins/elementor/assets/css/widget-icon-list.min.css?ver=3.24.3 HTTP/1.1" 200 957 "https://rattanmotors.in/" "Mozilla/5.0 AppleWebKit/537.36 (KHTML, like Gecko; compatible; Googlebot/2.1; +http://www.google.com/bot.html) Chrome/135.0.7049.114 Safari/537.36"
66.249.73.228 - - [29/Apr/2025:02:28:46 -0400] "GET /wp-content/plugins/elementor/assets/css/widget-accordion.min.css?ver=3.28.4 HTTP/1.1" 200 377 "https://rattanmotors.in/" "Mozilla/5.0 AppleWebKit/537.36 (KHTML, like Gecko; compatible; Googlebot/2.1; +http://www.google.com/bot.html) Chrome/135.0.7049.114 Safari/537.36"
66.249.73.228 - - [29/Apr/2025:02:28:46 -0400] "GET /wp-content/plugins/elementor/assets/lib/font-awesome/css/fontawesome.css?ver=5.15.3 HTTP/1.1" 200 12526 "https://rattanmotors.in/" "Mozilla/5.0 AppleWebKit/537.36 (KHTML, like Gecko; compatible; Googlebot/2.1; +http://www.google.com/bot.html) Chrome/135.0.7049.114 Safari/537.36"
66.249.73.228 - - [29/Apr/2025:02:28:47 -0400] "GET /wp-content/uploads/elementor/css/post-11.css?ver=1734648779 HTTP/1.1" 200 1797 "https://rattanmotors.in/" "Mozilla/5.0 AppleWebKit/537.36 (KHTML, like Gecko; compatible; Googlebot/2.1; +http://www.google.com/bot.html) Chrome/135.0.7049.114 Safari/537.36"
66.249.73.228 - - [29/Apr/2025:02:28:47 -0400] "GET /wp-content/plugins/elementor/assets/css/conditionals/e-swiper.min.css?ver=3.28.4 HTTP/1.1" 200 699 "https://rattanmotors.in/" "Mozilla/5.0 AppleWebKit/537.36 (KHTML, like Gecko; compatible; Googlebot/2.1; +http://www.google.com/bot.html) Chrome/135.0.7049.114 Safari/537.36"
66.249.73.228 - - [29/Apr/2025:02:28:48 -0400] "GET /wp-content/plugins/elementor/assets/lib/swiper/v8/css/swiper.min.css?ver=8.4.5 HTTP/1.1" 200 4248 "https://rattanmotors.in/" "Mozilla/5.0 AppleWebKit/537.36 (KHTML, like Gecko; compatible; Googlebot/2.1; +http://www.google.com/bot.html) Chrome/135.0.7049.114 Safari/537.36"
66.249.73.228 - - [29/Apr/2025:02:28:48 -0400] "GET /wp-content/plugins/fluentform/assets/css/fluentform-public-default.css?ver=6.0.3 HTTP/1.1" 200 1036 "https://rattanmotors.in/" "Mozilla/5.0 AppleWebKit/537.36 (KHTML, like Gecko; compatible; Googlebot/2.1; +http://www.google.com/bot.html) Chrome/135.0.7049.114 Safari/537.36"
66.249.73.228 - - [29/Apr/2025:02:28:48 -0400] "GET /wp-content/plugins/elementor/assets/css/widget-image-carousel.min.css?ver=3.28.4 HTTP/1.1" 200 163 "https://rattanmotors.in/" "Mozilla/5.0 AppleWebKit/537.36 (KHTML, like Gecko; compatible; Googlebot/2.1; +http://www.google.com/bot.html) Chrome/135.0.7049.114 Safari/537.36"
