66.249.65.36 - - [29/Apr/2025:03:57:23 -0400] "GET /?_gl=1*tzpy3w1*_ga*mvGznzmPMXJPJkWkCAzyEoaVJWIE*_ga_DPVECRHBN*DL086Ey7anBR1kHpZuWe2gb6KuVytMfRcajeonXPKotDhSEous8z7Is.*_gcl_au=1.1.195177486.175707179*_gcl_aw=BRG.177499738.itOLuE8gf4cACE5NNes3E0XDhpvtdYakHI7jdT2X8R4rfA6RE7kQdPeIIT0eSNlumuuLswGvRsK1HfAUVc6LtKQNKj..&_gz=2.193157381.195218596.178935487-865580304.161237071&_bdsid=avu59t.n~ZAFKN.172690659.173483987&_bd_prev_page=https://usaattorneyblog.com/site.php?89kobgb33737.html HTTP/1.1" 200 18910 "-" "Mozilla/5.0 (Linux; Android 6.0.1; Nexus 5X Build/MMB29P) AppleWebKit/537.36 (KHTML, like Gecko) Chrome/135.0.7049.95 Mobile Safari/537.36 (compatible; Googlebot/2.1; +http://www.google.com/bot.html)"
66.249.65.35 - - [29/Apr/2025:03:57:24 -0400] "GET /?_gl=1*tzpy3w1*_ga*mvGznzmPMXJPJkWkCAzyEoaVJWIE*_ga_DPVECRHBN*DL086Ey7anBR1kHpZuWe2gb6KuVytMfRcajeonXPKotDhSEous8z7Is.*_gcl_au=1.1.195177486.175707179*_gcl_aw=BRG.177499738.itOLuE8gf4cACE5NNes3E0XDhpvtdYakHI7jdT2X8R4rfA6RE7kQdPeIIT0eSNlumuuLswGvRsK1HfAUVc6LtKQNKj..&_gz=2.193157381.195218596.178935487-865580304.161237071&_bdsid=avu59t.n~ZAFKN.172690659.173483987&_bd_prev_page=https://usaattorneyblog.com/site.php?89erfyw8799.html HTTP/1.1" 200 19301 "-" "Mozilla/5.0 (Linux; Android 6.0.1; Nexus 5X Build/MMB29P) AppleWebKit/537.36 (KHTML, like Gecko) Chrome/135.0.7049.95 Mobile Safari/537.36 (compatible; Googlebot/2.1; +http://www.google.com/bot.html)"
114.119.153.132 - - [29/Apr/2025:03:57:32 -0400] "GET /wp-includes/class-wp-http-requests-response.php HTTP/1.1" 403 1242 "https://usaattorneyblog.com/wp-includes/" "Mozilla/5.0 (Linux; Android 7.0;) AppleWebKit/537.36 (KHTML, like Gecko) Mobile Safari/537.36 (compatible; PetalBot;+https://webmaster.petalsearch.com/site/petalbot)"
66.249.65.36 - - [29/Apr/2025:03:57:36 -0400] "GET /?_gl=1*tzpy3w1*_ga*mvGznzmPMXJPJkWkCAzyEoaVJWIE*_ga_DPVECRHBN*DL086Ey7anBR1kHpZuWe2gb6KuVytMfRcajeonXPKotDhSEous8z7Is.*_gcl_au=1.1.195177486.175707179*_gcl_aw=BRG.177499738.itOLuE8gf4cACE5NNes3E0XDhpvtdYakHI7jdT2X8R4rfA6RE7kQdPeIIT0eSNlumuuLswGvRsK1HfAUVc6LtKQNKj..&_gz=2.193157381.195218596.178935487-865580304.161237071&_bdsid=avu59t.n~ZAFKN.172690659.173483987&_bd_prev_page=https://usaattorneyblog.com/site.php?89jvsi8857.html HTTP/1.1" 200 19728 "-" "Mozilla/5.0 (Linux; Android 6.0.1; Nexus 5X Build/MMB29P) AppleWebKit/537.36 (KHTML, like Gecko) Chrome/135.0.7049.95 Mobile Safari/537.36 (compatible; Googlebot/2.1; +http://www.google.com/bot.html)"
66.249.65.37 - - [29/Apr/2025:03:58:15 -0400] "GET /?_gl=1*tzpy3w1*_ga*mvGznzmPMXJPJkWkCAzyEoaVJWIE*_ga_DPVECRHBN*DL086Ey7anBR1kHpZuWe2gb6KuVytMfRcajeonXPKotDhSEous8z7Is.*_gcl_au=1.1.195177486.175707179*_gcl_aw=BRG.177499738.itOLuE8gf4cACE5NNes3E0XDhpvtdYakHI7jdT2X8R4rfA6RE7kQdPeIIT0eSNlumuuLswGvRsK1HfAUVc6LtKQNKj..&_gz=2.193157381.195218596.178935487-865580304.161237071&_bdsid=avu59t.n~ZAFKN.172690659.173483987&_bd_prev_page=https://usaattorneyblog.com/site.php?89oyejm46001.html HTTP/1.1" 200 19278 "-" "Mozilla/5.0 (Linux; Android 6.0.1; Nexus 5X Build/MMB29P) AppleWebKit/537.36 (KHTML, like Gecko) Chrome/135.0.7049.95 Mobile Safari/537.36 (compatible; Googlebot/2.1; +http://www.google.com/bot.html)"
66.249.65.35 - - [29/Apr/2025:03:58:28 -0400] "GET /?_gl=1*tzpy3w1*_ga*mvGznzmPMXJPJkWkCAzyEoaVJWIE*_ga_DPVECRHBN*DL086Ey7anBR1kHpZuWe2gb6KuVytMfRcajeonXPKotDhSEous8z7Is.*_gcl_au=1.1.195177486.175707179*_gcl_aw=BRG.177499738.itOLuE8gf4cACE5NNes3E0XDhpvtdYakHI7jdT2X8R4rfA6RE7kQdPeIIT0eSNlumuuLswGvRsK1HfAUVc6LtKQNKj..&_gz=2.193157381.195218596.178935487-865580304.161237071&_bdsid=avu59t.n~ZAFKN.172690659.173483987&_bd_prev_page=https://usaattorneyblog.com/site.php?89wpasc8895.html HTTP/1.1" 200 19663 "-" "Mozilla/5.0 (Linux; Android 6.0.1; Nexus 5X Build/MMB29P) AppleWebKit/537.36 (KHTML, like Gecko) Chrome/135.0.7049.95 Mobile Safari/537.36 (compatible; Googlebot/2.1; +http://www.google.com/bot.html)"
66.249.65.35 - - [29/Apr/2025:03:58:41 -0400] "GET /?_gl=1*tzpy3w1*_ga*mvGznzmPMXJPJkWkCAzyEoaVJWIE*_ga_DPVECRHBN*DL086Ey7anBR1kHpZuWe2gb6KuVytMfRcajeonXPKotDhSEous8z7Is.*_gcl_au=1.1.195177486.175707179*_gcl_aw=BRG.177499738.itOLuE8gf4cACE5NNes3E0XDhpvtdYakHI7jdT2X8R4rfA6RE7kQdPeIIT0eSNlumuuLswGvRsK1HfAUVc6LtKQNKj..&_gz=2.193157381.195218596.178935487-865580304.161237071&_bdsid=avu59t.n~ZAFKN.172690659.173483987&_bd_prev_page=https://usaattorneyblog.com/site.php?89tptkg26075.html HTTP/1.1" 200 19747 "-" "Mozilla/5.0 (Linux; Android 6.0.1; Nexus 5X Build/MMB29P) AppleWebKit/537.36 (KHTML, like Gecko) Chrome/135.0.7049.95 Mobile Safari/537.36 (compatible; Googlebot/2.1; +http://www.google.com/bot.html)"
66.249.65.35 - - [29/Apr/2025:03:59:07 -0400] "GET /?_gl=1*tzpy3w1*_ga*mvGznzmPMXJPJkWkCAzyEoaVJWIE*_ga_DPVECRHBN*DL086Ey7anBR1kHpZuWe2gb6KuVytMfRcajeonXPKotDhSEous8z7Is.*_gcl_au=1.1.195177486.175707179*_gcl_aw=BRG.177499738.itOLuE8gf4cACE5NNes3E0XDhpvtdYakHI7jdT2X8R4rfA6RE7kQdPeIIT0eSNlumuuLswGvRsK1HfAUVc6LtKQNKj..&_gz=2.193157381.195218596.178935487-865580304.161237071&_bdsid=avu59t.n~ZAFKN.172690659.173483987&_bd_prev_page=https://usaattorneyblog.com/site.php?89ramp3565.html HTTP/1.1" 200 19851 "-" "Mozilla/5.0 (Linux; Android 6.0.1; Nexus 5X Build/MMB29P) AppleWebKit/537.36 (KHTML, like Gecko) Chrome/135.0.7049.95 Mobile Safari/537.36 (compatible; Googlebot/2.1; +http://www.google.com/bot.html)"
66.249.65.36 - - [29/Apr/2025:03:59:20 -0400] "GET /?_gl=1*tzpy3w1*_ga*mvGznzmPMXJPJkWkCAzyEoaVJWIE*_ga_DPVECRHBN*DL086Ey7anBR1kHpZuWe2gb6KuVytMfRcajeonXPKotDhSEous8z7Is.*_gcl_au=1.1.195177486.175707179*_gcl_aw=BRG.177499738.itOLuE8gf4cACE5NNes3E0XDhpvtdYakHI7jdT2X8R4rfA6RE7kQdPeIIT0eSNlumuuLswGvRsK1HfAUVc6LtKQNKj..&_gz=2.193157381.195218596.178935487-865580304.161237071&_bdsid=avu59t.n~ZAFKN.172690659.173483987&_bd_prev_page=https://usaattorneyblog.com/site.php?89idt3569.html HTTP/1.1" 200 19847 "-" "Mozilla/5.0 (Linux; Android 6.0.1; Nexus 5X Build/MMB29P) AppleWebKit/537.36 (KHTML, like Gecko) Chrome/135.0.7049.95 Mobile Safari/537.36 (compatible; Googlebot/2.1; +http://www.google.com/bot.html)"
66.249.65.35 - - [29/Apr/2025:03:57:49 -0400] "GET /?_gl=1*tzpy3w1*_ga*mvGznzmPMXJPJkWkCAzyEoaVJWIE*_ga_DPVECRHBN*DL086Ey7anBR1kHpZuWe2gb6KuVytMfRcajeonXPKotDhSEous8z7Is.*_gcl_au=1.1.195177486.175707179*_gcl_aw=BRG.177499738.itOLuE8gf4cACE5NNes3E0XDhpvtdYakHI7jdT2X8R4rfA6RE7kQdPeIIT0eSNlumuuLswGvRsK1HfAUVc6LtKQNKj..&_gz=2.193157381.195218596.178935487-865580304.161237071&_bdsid=avu59t.n~ZAFKN.172690659.173483987&_bd_prev_page=https://usaattorneyblog.com/site.php?89wnxb26309.html HTTP/1.1" 200 18208 "-" "Mozilla/5.0 (Linux; Android 6.0.1; Nexus 5X Build/MMB29P) AppleWebKit/537.36 (KHTML, like Gecko) Chrome/135.0.7049.95 Mobile Safari/537.36 (compatible; Googlebot/2.1; +http://www.google.com/bot.html)"
66.249.65.35 - - [29/Apr/2025:03:59:46 -0400] "GET /?_gl=1*tzpy3w1*_ga*mvGznzmPMXJPJkWkCAzyEoaVJWIE*_ga_DPVECRHBN*DL086Ey7anBR1kHpZuWe2gb6KuVytMfRcajeonXPKotDhSEous8z7Is.*_gcl_au=1.1.195177486.175707179*_gcl_aw=BRG.177499738.itOLuE8gf4cACE5NNes3E0XDhpvtdYakHI7jdT2X8R4rfA6RE7kQdPeIIT0eSNlumuuLswGvRsK1HfAUVc6LtKQNKj..&_gz=2.193157381.195218596.178935487-865580304.161237071&_bdsid=avu59t.n~ZAFKN.172690659.173483987&_bd_prev_page=https://usaattorneyblog.com/site.php?29lguvq4345.html HTTP/1.1" 200 21360 "-" "Mozilla/5.0 (Linux; Android 6.0.1; Nexus 5X Build/MMB29P) AppleWebKit/537.36 (KHTML, like Gecko) Chrome/135.0.7049.95 Mobile Safari/537.36 (compatible; Googlebot/2.1; +http://www.google.com/bot.html)"
66.249.65.37 - - [29/Apr/2025:04:00:05 -0400] "GET /?_gl=1*tzpy3w1*_ga*mvGznzmPMXJPJkWkCAzyEoaVJWIE*_ga_DPVECRHBN*DL086Ey7anBR1kHpZuWe2gb6KuVytMfRcajeonXPKotDhSEous8z7Is.*_gcl_au=1.1.195177486.175707179*_gcl_aw=BRG.177499738.itOLuE8gf4cACE5NNes3E0XDhpvtdYakHI7jdT2X8R4rfA6RE7kQdPeIIT0eSNlumuuLswGvRsK1HfAUVc6LtKQNKj..&_gz=2.193157381.195218596.178935487-865580304.161237071&_bdsid=avu59t.n~ZAFKN.172690659.173483987&_bd_prev_page=https://usaattorneyblog.com/site.php?89wil3601.html HTTP/1.1" 200 19190 "-" "Mozilla/5.0 (Linux; Android 6.0.1; Nexus 5X Build/MMB29P) AppleWebKit/537.36 (KHTML, like Gecko) Chrome/135.0.7049.95 Mobile Safari/537.36 (compatible; Googlebot/2.1; +http://www.google.com/bot.html)"
66.249.65.35 - - [29/Apr/2025:04:00:28 -0400] "GET /?_gl=1*tzpy3w1*_ga*mvGznzmPMXJPJkWkCAzyEoaVJWIE*_ga_DPVECRHBN*DL086Ey7anBR1kHpZuWe2gb6KuVytMfRcajeonXPKotDhSEous8z7Is.*_gcl_au=1.1.195177486.175707179*_gcl_aw=BRG.177499738.itOLuE8gf4cACE5NNes3E0XDhpvtdYakHI7jdT2X8R4rfA6RE7kQdPeIIT0eSNlumuuLswGvRsK1HfAUVc6LtKQNKj..&_gz=2.193157381.195218596.178935487-865580304.161237071&_bdsid=avu59t.n~ZAFKN.172690659.173483987&_bd_prev_page=https://usaattorneyblog.com/site.php?89lcd943.html HTTP/1.1" 200 20989 "-" "Mozilla/5.0 (Linux; Android 6.0.1; Nexus 5X Build/MMB29P) AppleWebKit/537.36 (KHTML, like Gecko) Chrome/135.0.7049.95 Mobile Safari/537.36 (compatible; Googlebot/2.1; +http://www.google.com/bot.html)"
66.249.65.36 - - [29/Apr/2025:04:00:28 -0400] "GET /?_gl=1*tzpy3w1*_ga*mvGznzmPMXJPJkWkCAzyEoaVJWIE*_ga_DPVECRHBN*DL086Ey7anBR1kHpZuWe2gb6KuVytMfRcajeonXPKotDhSEous8z7Is.*_gcl_au=1.1.195177486.175707179*_gcl_aw=BRG.177499738.itOLuE8gf4cACE5NNes3E0XDhpvtdYakHI7jdT2X8R4rfA6RE7kQdPeIIT0eSNlumuuLswGvRsK1HfAUVc6LtKQNKj..&_gz=2.193157381.195218596.178935487-865580304.161237071&_bdsid=avu59t.n~ZAFKN.172690659.173483987&_bd_prev_page=https://usaattorneyblog.com/site.php?89rhgrn33885.html HTTP/1.1" 200 18388 "-" "Mozilla/5.0 (Linux; Android 6.0.1; Nexus 5X Build/MMB29P) AppleWebKit/537.36 (KHTML, like Gecko) Chrome/135.0.7049.95 Mobile Safari/537.36 (compatible; Googlebot/2.1; +http://www.google.com/bot.html)"
66.249.65.35 - - [29/Apr/2025:04:00:33 -0400] "GET /?_gl=1*tzpy3w1*_ga*mvGznzmPMXJPJkWkCAzyEoaVJWIE*_ga_DPVECRHBN*DL086Ey7anBR1kHpZuWe2gb6KuVytMfRcajeonXPKotDhSEous8z7Is.*_gcl_au=1.1.195177486.175707179*_gcl_aw=BRG.177499738.itOLuE8gf4cACE5NNes3E0XDhpvtdYakHI7jdT2X8R4rfA6RE7kQdPeIIT0eSNlumuuLswGvRsK1HfAUVc6LtKQNKj..&_gz=2.193157381.195218596.178935487-865580304.161237071&_bdsid=avu59t.n~ZAFKN.172690659.173483987&_bd_prev_page=https://usaattorneyblog.com/site.php?29bqo41133.html HTTP/1.1" 200 18860 "-" "Mozilla/5.0 (Linux; Android 6.0.1; Nexus 5X Build/MMB29P) AppleWebKit/537.36 (KHTML, like Gecko) Chrome/135.0.7049.95 Mobile Safari/537.36 (compatible; Googlebot/2.1; +http://www.google.com/bot.html)"
69.57.162.13 - - [29/Apr/2025:04:00:37 -0400] "POST /wp-cron.php?doing_wp_cron=1745913637.6063599586486816406250 HTTP/1.1" 403 1242 "-" "WordPress/6.8; https://usaattorneyblog.com"
43.166.250.187 - - [29/Apr/2025:04:00:37 -0400] "GET /wp-json/wp/v2/tags/26 HTTP/1.1" 200 644 "-" "Mozilla/5.0 (iPhone; CPU iPhone OS 13_2_3 like Mac OS X) AppleWebKit/605.1.15 (KHTML, like Gecko) Version/13.0.3 Mobile/15E148 Safari/604.1"
66.249.65.35 - - [29/Apr/2025:04:00:38 -0400] "GET /?_gl=1*tzpy3w1*_ga*mvGznzmPMXJPJkWkCAzyEoaVJWIE*_ga_DPVECRHBN*DL086Ey7anBR1kHpZuWe2gb6KuVytMfRcajeonXPKotDhSEous8z7Is.*_gcl_au=1.1.195177486.175707179*_gcl_aw=BRG.177499738.itOLuE8gf4cACE5NNes3E0XDhpvtdYakHI7jdT2X8R4rfA6RE7kQdPeIIT0eSNlumuuLswGvRsK1HfAUVc6LtKQNKj..&_gz=2.193157381.195218596.178935487-865580304.161237071&_bdsid=avu59t.n~ZAFKN.172690659.173483987&_bd_prev_page=https://usaattorneyblog.com/site.php?89jrorv1005.html HTTP/1.1" 200 21064 "-" "Mozilla/5.0 (Linux; Android 6.0.1; Nexus 5X Build/MMB29P) AppleWebKit/537.36 (KHTML, like Gecko) Chrome/135.0.7049.95 Mobile Safari/537.36 (compatible; Googlebot/2.1; +http://www.google.com/bot.html)"
66.249.65.35 - - [29/Apr/2025:04:00:51 -0400] "GET /?_gl=1*tzpy3w1*_ga*mvGznzmPMXJPJkWkCAzyEoaVJWIE*_ga_DPVECRHBN*DL086Ey7anBR1kHpZuWe2gb6KuVytMfRcajeonXPKotDhSEous8z7Is.*_gcl_au=1.1.195177486.175707179*_gcl_aw=BRG.177499738.itOLuE8gf4cACE5NNes3E0XDhpvtdYakHI7jdT2X8R4rfA6RE7kQdPeIIT0eSNlumuuLswGvRsK1HfAUVc6LtKQNKj..&_gz=2.193157381.195218596.178935487-865580304.161237071&_bdsid=avu59t.n~ZAFKN.172690659.173483987&_bd_prev_page=https://usaattorneyblog.com/site.php?89jhuf885.html HTTP/1.1" 200 18764 "-" "Mozilla/5.0 (Linux; Android 6.0.1; Nexus 5X Build/MMB29P) AppleWebKit/537.36 (KHTML, like Gecko) Chrome/135.0.7049.95 Mobile Safari/537.36 (compatible; Googlebot/2.1; +http://www.google.com/bot.html)"
66.249.65.37 - - [29/Apr/2025:04:01:10 -0400] "GET /?_gl=1*tzpy3w1*_ga*mvGznzmPMXJPJkWkCAzyEoaVJWIE*_ga_DPVECRHBN*DL086Ey7anBR1kHpZuWe2gb6KuVytMfRcajeonXPKotDhSEous8z7Is.*_gcl_au=1.1.195177486.175707179*_gcl_aw=BRG.177499738.itOLuE8gf4cACE5NNes3E0XDhpvtdYakHI7jdT2X8R4rfA6RE7kQdPeIIT0eSNlumuuLswGvRsK1HfAUVc6LtKQNKj..&_gz=2.193157381.195218596.178935487-865580304.161237071&_bdsid=avu59t.n~ZAFKN.172690659.173483987&_bd_prev_page=https://usaattorneyblog.com/site.php?89qyjzo795.html HTTP/1.1" 200 20513 "-" "Mozilla/5.0 (Linux; Android 6.0.1; Nexus 5X Build/MMB29P) AppleWebKit/537.36 (KHTML, like Gecko) Chrome/135.0.7049.95 Mobile Safari/537.36 (compatible; Googlebot/2.1; +http://www.google.com/bot.html)"
66.249.65.36 - - [29/Apr/2025:04:01:23 -0400] "GET /?_gl=1*tzpy3w1*_ga*mvGznzmPMXJPJkWkCAzyEoaVJWIE*_ga_DPVECRHBN*DL086Ey7anBR1kHpZuWe2gb6KuVytMfRcajeonXPKotDhSEous8z7Is.*_gcl_au=1.1.195177486.175707179*_gcl_aw=BRG.177499738.itOLuE8gf4cACE5NNes3E0XDhpvtdYakHI7jdT2X8R4rfA6RE7kQdPeIIT0eSNlumuuLswGvRsK1HfAUVc6LtKQNKj..&_gz=2.193157381.195218596.178935487-865580304.161237071&_bdsid=avu59t.n~ZAFKN.172690659.173483987&_bd_prev_page=https://usaattorneyblog.com/site.php?89yrcl1067.html HTTP/1.1" 200 20696 "-" "Mozilla/5.0 (Linux; Android 6.0.1; Nexus 5X Build/MMB29P) AppleWebKit/537.36 (KHTML, like Gecko) Chrome/135.0.7049.95 Mobile Safari/537.36 (compatible; Googlebot/2.1; +http://www.google.com/bot.html)"
66.249.65.36 - - [29/Apr/2025:04:01:23 -0400] "GET /?_gl=1*tzpy3w1*_ga*mvGznzmPMXJPJkWkCAzyEoaVJWIE*_ga_DPVECRHBN*DL086Ey7anBR1kHpZuWe2gb6KuVytMfRcajeonXPKotDhSEous8z7Is.*_gcl_au=1.1.195177486.175707179*_gcl_aw=BRG.177499738.itOLuE8gf4cACE5NNes3E0XDhpvtdYakHI7jdT2X8R4rfA6RE7kQdPeIIT0eSNlumuuLswGvRsK1HfAUVc6LtKQNKj..&_gz=2.193157381.195218596.178935487-865580304.161237071&_bdsid=avu59t.n~ZAFKN.172690659.173483987&_bd_prev_page=https://usaattorneyblog.com/site.php?29umec2299.html HTTP/1.1" 200 17800 "-" "Mozilla/5.0 (Linux; Android 6.0.1; Nexus 5X Build/MMB29P) AppleWebKit/537.36 (KHTML, like Gecko) Chrome/135.0.7049.95 Mobile Safari/537.36 (compatible; Googlebot/2.1; +http://www.google.com/bot.html)"
114.119.156.172 - - [29/Apr/2025:04:01:40 -0400] "GET /wp-includes/class-wp-admin-bar.php HTTP/1.1" 403 1242 "https://usaattorneyblog.com/wp-includes/" "Mozilla/5.0 (Linux; Android 7.0;) AppleWebKit/537.36 (KHTML, like Gecko) Mobile Safari/537.36 (compatible; PetalBot;+https://webmaster.petalsearch.com/site/petalbot)"
66.249.65.35 - - [29/Apr/2025:04:01:43 -0400] "GET /?_gl=1*tzpy3w1*_ga*mvGznzmPMXJPJkWkCAzyEoaVJWIE*_ga_DPVECRHBN*DL086Ey7anBR1kHpZuWe2gb6KuVytMfRcajeonXPKotDhSEous8z7Is.*_gcl_au=1.1.195177486.175707179*_gcl_aw=BRG.177499738.itOLuE8gf4cACE5NNes3E0XDhpvtdYakHI7jdT2X8R4rfA6RE7kQdPeIIT0eSNlumuuLswGvRsK1HfAUVc6LtKQNKj..&_gz=2.193157381.195218596.178935487-865580304.161237071&_bdsid=avu59t.n~ZAFKN.172690659.173483987&_bd_prev_page=https://usaattorneyblog.com/site.php?29iqic4353.html HTTP/1.1" 200 19130 "-" "Mozilla/5.0 (Linux; Android 6.0.1; Nexus 5X Build/MMB29P) AppleWebKit/537.36 (KHTML, like Gecko) Chrome/135.0.7049.95 Mobile Safari/537.36 (compatible; Googlebot/2.1; +http://www.google.com/bot.html)"
66.249.65.35 - - [29/Apr/2025:04:01:56 -0400] "GET /?_gl=1*tzpy3w1*_ga*mvGznzmPMXJPJkWkCAzyEoaVJWIE*_ga_DPVECRHBN*DL086Ey7anBR1kHpZuWe2gb6KuVytMfRcajeonXPKotDhSEous8z7Is.*_gcl_au=1.1.195177486.175707179*_gcl_aw=BRG.177499738.itOLuE8gf4cACE5NNes3E0XDhpvtdYakHI7jdT2X8R4rfA6RE7kQdPeIIT0eSNlumuuLswGvRsK1HfAUVc6LtKQNKj..&_gz=2.193157381.195218596.178935487-865580304.161237071&_bdsid=avu59t.n~ZAFKN.172690659.173483987&_bd_prev_page=https://usaattorneyblog.com/site.php?89yccdk3629.html HTTP/1.1" 200 21402 "-" "Mozilla/5.0 (Linux; Android 6.0.1; Nexus 5X Build/MMB29P) AppleWebKit/537.36 (KHTML, like Gecko) Chrome/135.0.7049.95 Mobile Safari/537.36 (compatible; Googlebot/2.1; +http://www.google.com/bot.html)"
66.249.65.35 - - [29/Apr/2025:04:02:08 -0400] "GET /?_gl=1*tzpy3w1*_ga*mvGznzmPMXJPJkWkCAzyEoaVJWIE*_ga_DPVECRHBN*DL086Ey7anBR1kHpZuWe2gb6KuVytMfRcajeonXPKotDhSEous8z7Is.*_gcl_au=1.1.195177486.175707179*_gcl_aw=BRG.177499738.itOLuE8gf4cACE5NNes3E0XDhpvtdYakHI7jdT2X8R4rfA6RE7kQdPeIIT0eSNlumuuLswGvRsK1HfAUVc6LtKQNKj..&_gz=2.193157381.195218596.178935487-865580304.161237071&_bdsid=avu59t.n~ZAFKN.172690659.173483987&_bd_prev_page=https://usaattorneyblog.com/site.php?89iafux30835.html HTTP/1.1" 200 20379 "-" "Mozilla/5.0 (Linux; Android 6.0.1; Nexus 5X Build/MMB29P) AppleWebKit/537.36 (KHTML, like Gecko) Chrome/135.0.7049.95 Mobile Safari/537.36 (compatible; Googlebot/2.1; +http://www.google.com/bot.html)"
66.249.65.35 - - [29/Apr/2025:04:02:28 -0400] "GET /?_gl=1*tzpy3w1*_ga*mvGznzmPMXJPJkWkCAzyEoaVJWIE*_ga_DPVECRHBN*DL086Ey7anBR1kHpZuWe2gb6KuVytMfRcajeonXPKotDhSEous8z7Is.*_gcl_au=1.1.195177486.175707179*_gcl_aw=BRG.177499738.itOLuE8gf4cACE5NNes3E0XDhpvtdYakHI7jdT2X8R4rfA6RE7kQdPeIIT0eSNlumuuLswGvRsK1HfAUVc6LtKQNKj..&_gz=2.193157381.195218596.178935487-865580304.161237071&_bdsid=avu59t.n~ZAFKN.172690659.173483987&_bd_prev_page=https://usaattorneyblog.com/site.php?29lwir47865.html HTTP/1.1" 200 21051 "-" "Mozilla/5.0 (Linux; Android 6.0.1; Nexus 5X Build/MMB29P) AppleWebKit/537.36 (KHTML, like Gecko) Chrome/135.0.7049.95 Mobile Safari/537.36 (compatible; Googlebot/2.1; +http://www.google.com/bot.html)"
66.249.65.36 - - [29/Apr/2025:04:02:29 -0400] "GET /?_gl=1*tzpy3w1*_ga*mvGznzmPMXJPJkWkCAzyEoaVJWIE*_ga_DPVECRHBN*DL086Ey7anBR1kHpZuWe2gb6KuVytMfRcajeonXPKotDhSEous8z7Is.*_gcl_au=1.1.195177486.175707179*_gcl_aw=BRG.177499738.itOLuE8gf4cACE5NNes3E0XDhpvtdYakHI7jdT2X8R4rfA6RE7kQdPeIIT0eSNlumuuLswGvRsK1HfAUVc6LtKQNKj..&_gz=2.193157381.195218596.178935487-865580304.161237071&_bdsid=avu59t.n~ZAFKN.172690659.173483987&_bd_prev_page=https://usaattorneyblog.com/site.php?89rzgk31433.html HTTP/1.1" 200 19465 "-" "Mozilla/5.0 (Linux; Android 6.0.1; Nexus 5X Build/MMB29P) AppleWebKit/537.36 (KHTML, like Gecko) Chrome/135.0.7049.95 Mobile Safari/537.36 (compatible; Googlebot/2.1; +http://www.google.com/bot.html)"
66.249.65.35 - - [29/Apr/2025:04:02:47 -0400] "GET /?_gl=1*tzpy3w1*_ga*mvGznzmPMXJPJkWkCAzyEoaVJWIE*_ga_DPVECRHBN*DL086Ey7anBR1kHpZuWe2gb6KuVytMfRcajeonXPKotDhSEous8z7Is.*_gcl_au=1.1.195177486.175707179*_gcl_aw=BRG.177499738.itOLuE8gf4cACE5NNes3E0XDhpvtdYakHI7jdT2X8R4rfA6RE7kQdPeIIT0eSNlumuuLswGvRsK1HfAUVc6LtKQNKj..&_gz=2.193157381.195218596.178935487-865580304.161237071&_bdsid=avu59t.n~ZAFKN.172690659.173483987&_bd_prev_page=https://usaattorneyblog.com/site.php?29hpspb23977.html HTTP/1.1" 200 18287 "-" "Mozilla/5.0 (Linux; Android 6.0.1; Nexus 5X Build/MMB29P) AppleWebKit/537.36 (KHTML, like Gecko) Chrome/135.0.7049.95 Mobile Safari/537.36 (compatible; Googlebot/2.1; +http://www.google.com/bot.html)"
66.249.65.35 - - [29/Apr/2025:04:03:00 -0400] "GET /?_gl=1*tzpy3w1*_ga*mvGznzmPMXJPJkWkCAzyEoaVJWIE*_ga_DPVECRHBN*DL086Ey7anBR1kHpZuWe2gb6KuVytMfRcajeonXPKotDhSEous8z7Is.*_gcl_au=1.1.195177486.175707179*_gcl_aw=BRG.177499738.itOLuE8gf4cACE5NNes3E0XDhpvtdYakHI7jdT2X8R4rfA6RE7kQdPeIIT0eSNlumuuLswGvRsK1HfAUVc6LtKQNKj..&_gz=2.193157381.195218596.178935487-865580304.161237071&_bdsid=avu59t.n~ZAFKN.172690659.173483987&_bd_prev_page=https://usaattorneyblog.com/site.php?29sohul23693.html HTTP/1.1" 200 19724 "-" "Mozilla/5.0 (Linux; Android 6.0.1; Nexus 5X Build/MMB29P) AppleWebKit/537.36 (KHTML, like Gecko) Chrome/135.0.7049.95 Mobile Safari/537.36 (compatible; Googlebot/2.1; +http://www.google.com/bot.html)"
66.249.65.35 - - [29/Apr/2025:04:03:13 -0400] "GET /?_gl=1*tzpy3w1*_ga*mvGznzmPMXJPJkWkCAzyEoaVJWIE*_ga_DPVECRHBN*DL086Ey7anBR1kHpZuWe2gb6KuVytMfRcajeonXPKotDhSEous8z7Is.*_gcl_au=1.1.195177486.175707179*_gcl_aw=BRG.177499738.itOLuE8gf4cACE5NNes3E0XDhpvtdYakHI7jdT2X8R4rfA6RE7kQdPeIIT0eSNlumuuLswGvRsK1HfAUVc6LtKQNKj..&_gz=2.193157381.195218596.178935487-865580304.161237071&_bdsid=avu59t.n~ZAFKN.172690659.173483987&_bd_prev_page=https://usaattorneyblog.com/site.php?29bio23891.html HTTP/1.1" 200 18691 "-" "Mozilla/5.0 (Linux; Android 6.0.1; Nexus 5X Build/MMB29P) AppleWebKit/537.36 (KHTML, like Gecko) Chrome/135.0.7049.95 Mobile Safari/537.36 (compatible; Googlebot/2.1; +http://www.google.com/bot.html)"
66.249.65.35 - - [29/Apr/2025:04:03:39 -0400] "GET /?_gl=1*tzpy3w1*_ga*mvGznzmPMXJPJkWkCAzyEoaVJWIE*_ga_DPVECRHBN*DL086Ey7anBR1kHpZuWe2gb6KuVytMfRcajeonXPKotDhSEous8z7Is.*_gcl_au=1.1.195177486.175707179*_gcl_aw=BRG.177499738.itOLuE8gf4cACE5NNes3E0XDhpvtdYakHI7jdT2X8R4rfA6RE7kQdPeIIT0eSNlumuuLswGvRsK1HfAUVc6LtKQNKj..&_gz=2.193157381.195218596.178935487-865580304.161237071&_bdsid=avu59t.n~ZAFKN.172690659.173483987&_bd_prev_page=https://usaattorneyblog.com/site.php?29wfxzl24313.html HTTP/1.1" 200 19040 "-" "Mozilla/5.0 (Linux; Android 6.0.1; Nexus 5X Build/MMB29P) AppleWebKit/537.36 (KHTML, like Gecko) Chrome/135.0.7049.95 Mobile Safari/537.36 (compatible; Googlebot/2.1; +http://www.google.com/bot.html)"
66.249.65.35 - - [29/Apr/2025:04:03:52 -0400] "GET /?_gl=1*tzpy3w1*_ga*mvGznzmPMXJPJkWkCAzyEoaVJWIE*_ga_DPVECRHBN*DL086Ey7anBR1kHpZuWe2gb6KuVytMfRcajeonXPKotDhSEous8z7Is.*_gcl_au=1.1.195177486.175707179*_gcl_aw=BRG.177499738.itOLuE8gf4cACE5NNes3E0XDhpvtdYakHI7jdT2X8R4rfA6RE7kQdPeIIT0eSNlumuuLswGvRsK1HfAUVc6LtKQNKj..&_gz=2.193157381.195218596.178935487-865580304.161237071&_bdsid=avu59t.n~ZAFKN.172690659.173483987&_bd_prev_page=https://usaattorneyblog.com/site.php?89rff31611.html HTTP/1.1" 200 19540 "-" "Mozilla/5.0 (Linux; Android 6.0.1; Nexus 5X Build/MMB29P) AppleWebKit/537.36 (KHTML, like Gecko) Chrome/135.0.7049.95 Mobile Safari/537.36 (compatible; Googlebot/2.1; +http://www.google.com/bot.html)"
66.249.65.35 - - [29/Apr/2025:04:04:06 -0400] "GET /?_gl=1*tzpy3w1*_ga*mvGznzmPMXJPJkWkCAzyEoaVJWIE*_ga_DPVECRHBN*DL086Ey7anBR1kHpZuWe2gb6KuVytMfRcajeonXPKotDhSEous8z7Is.*_gcl_au=1.1.195177486.175707179*_gcl_aw=BRG.177499738.itOLuE8gf4cACE5NNes3E0XDhpvtdYakHI7jdT2X8R4rfA6RE7kQdPeIIT0eSNlumuuLswGvRsK1HfAUVc6LtKQNKj..&_gz=2.193157381.195218596.178935487-865580304.161237071&_bdsid=avu59t.n~ZAFKN.172690659.173483987&_bd_prev_page=https://usaattorneyblog.com/site.php?89ruall31619.html HTTP/1.1" 200 21692 "-" "Mozilla/5.0 (Linux; Android 6.0.1; Nexus 5X Build/MMB29P) AppleWebKit/537.36 (KHTML, like Gecko) Chrome/135.0.7049.95 Mobile Safari/537.36 (compatible; Googlebot/2.1; +http://www.google.com/bot.html)"
66.249.65.36 - - [29/Apr/2025:04:04:28 -0400] "GET /?_gl=1*tzpy3w1*_ga*mvGznzmPMXJPJkWkCAzyEoaVJWIE*_ga_DPVECRHBN*DL086Ey7anBR1kHpZuWe2gb6KuVytMfRcajeonXPKotDhSEous8z7Is.*_gcl_au=1.1.195177486.175707179*_gcl_aw=BRG.177499738.itOLuE8gf4cACE5NNes3E0XDhpvtdYakHI7jdT2X8R4rfA6RE7kQdPeIIT0eSNlumuuLswGvRsK1HfAUVc6LtKQNKj..&_gz=2.193157381.195218596.178935487-865580304.161237071&_bdsid=avu59t.n~ZAFKN.172690659.173483987&_bd_prev_page=https://usaattorneyblog.com/site.php?29fbpi24083.html HTTP/1.1" 200 18318 "-" "Mozilla/5.0 (Linux; Android 6.0.1; Nexus 5X Build/MMB29P) AppleWebKit/537.36 (KHTML, like Gecko) Chrome/135.0.7049.95 Mobile Safari/537.36 (compatible; Googlebot/2.1; +http://www.google.com/bot.html)"
66.249.65.35 - - [29/Apr/2025:04:04:52 -0400] "GET /?_gl=1*tzpy3w1*_ga*mvGznzmPMXJPJkWkCAzyEoaVJWIE*_ga_DPVECRHBN*DL086Ey7anBR1kHpZuWe2gb6KuVytMfRcajeonXPKotDhSEous8z7Is.*_gcl_au=1.1.195177486.175707179*_gcl_aw=BRG.177499738.itOLuE8gf4cACE5NNes3E0XDhpvtdYakHI7jdT2X8R4rfA6RE7kQdPeIIT0eSNlumuuLswGvRsK1HfAUVc6LtKQNKj..&_gz=2.193157381.195218596.178935487-865580304.161237071&_bdsid=avu59t.n~ZAFKN.172690659.173483987&_bd_prev_page=https://usaattorneyblog.com/site.php?29osn23741.html HTTP/1.1" 200 19470 "-" "Mozilla/5.0 (Linux; Android 6.0.1; Nexus 5X Build/MMB29P) AppleWebKit/537.36 (KHTML, like Gecko) Chrome/135.0.7049.95 Mobile Safari/537.36 (compatible; Googlebot/2.1; +http://www.google.com/bot.html)"
66.249.65.37 - - [29/Apr/2025:04:05:03 -0400] "GET /?_gl=1*tzpy3w1*_ga*mvGznzmPMXJPJkWkCAzyEoaVJWIE*_ga_DPVECRHBN*DL086Ey7anBR1kHpZuWe2gb6KuVytMfRcajeonXPKotDhSEous8z7Is.*_gcl_au=1.1.195177486.175707179*_gcl_aw=BRG.177499738.itOLuE8gf4cACE5NNes3E0XDhpvtdYakHI7jdT2X8R4rfA6RE7kQdPeIIT0eSNlumuuLswGvRsK1HfAUVc6LtKQNKj..&_gz=2.193157381.195218596.178935487-865580304.161237071&_bdsid=avu59t.n~ZAFKN.172690659.173483987&_bd_prev_page=https://usaattorneyblog.com/site.php?29kly23903.html HTTP/1.1" 200 19319 "-" "Mozilla/5.0 (Linux; Android 6.0.1; Nexus 5X Build/MMB29P) AppleWebKit/537.36 (KHTML, like Gecko) Chrome/135.0.7049.95 Mobile Safari/537.36 (compatible; Googlebot/2.1; +http://www.google.com/bot.html)"
66.249.65.35 - - [29/Apr/2025:04:05:15 -0400] "GET /?_gl=1*tzpy3w1*_ga*mvGznzmPMXJPJkWkCAzyEoaVJWIE*_ga_DPVECRHBN*DL086Ey7anBR1kHpZuWe2gb6KuVytMfRcajeonXPKotDhSEous8z7Is.*_gcl_au=1.1.195177486.175707179*_gcl_aw=BRG.177499738.itOLuE8gf4cACE5NNes3E0XDhpvtdYakHI7jdT2X8R4rfA6RE7kQdPeIIT0eSNlumuuLswGvRsK1HfAUVc6LtKQNKj..&_gz=2.193157381.195218596.178935487-865580304.161237071&_bdsid=avu59t.n~ZAFKN.172690659.173483987&_bd_prev_page=https://usaattorneyblog.com/site.php?89kiut785.html HTTP/1.1" 200 18475 "-" "Mozilla/5.0 (Linux; Android 6.0.1; Nexus 5X Build/MMB29P) AppleWebKit/537.36 (KHTML, like Gecko) Chrome/135.0.7049.95 Mobile Safari/537.36 (compatible; Googlebot/2.1; +http://www.google.com/bot.html)"
66.249.65.36 - - [29/Apr/2025:04:05:15 -0400] "GET /?_gl=1*tzpy3w1*_ga*mvGznzmPMXJPJkWkCAzyEoaVJWIE*_ga_DPVECRHBN*DL086Ey7anBR1kHpZuWe2gb6KuVytMfRcajeonXPKotDhSEous8z7Is.*_gcl_au=1.1.195177486.175707179*_gcl_aw=BRG.177499738.itOLuE8gf4cACE5NNes3E0XDhpvtdYakHI7jdT2X8R4rfA6RE7kQdPeIIT0eSNlumuuLswGvRsK1HfAUVc6LtKQNKj..&_gz=2.193157381.195218596.178935487-865580304.161237071&_bdsid=avu59t.n~ZAFKN.172690659.173483987&_bd_prev_page=https://usaattorneyblog.com/site.php?29eef31669.html HTTP/1.1" 200 18578 "-" "Mozilla/5.0 (Linux; Android 6.0.1; Nexus 5X Build/MMB29P) AppleWebKit/537.36 (KHTML, like Gecko) Chrome/135.0.7049.95 Mobile Safari/537.36 (compatible; Googlebot/2.1; +http://www.google.com/bot.html)"
66.249.65.35 - - [29/Apr/2025:04:05:27 -0400] "GET /?_gl=1*tzpy3w1*_ga*mvGznzmPMXJPJkWkCAzyEoaVJWIE*_ga_DPVECRHBN*DL086Ey7anBR1kHpZuWe2gb6KuVytMfRcajeonXPKotDhSEous8z7Is.*_gcl_au=1.1.195177486.175707179*_gcl_aw=BRG.177499738.itOLuE8gf4cACE5NNes3E0XDhpvtdYakHI7jdT2X8R4rfA6RE7kQdPeIIT0eSNlumuuLswGvRsK1HfAUVc6LtKQNKj..&_gz=2.193157381.195218596.178935487-865580304.161237071&_bdsid=avu59t.n~ZAFKN.172690659.173483987&_bd_prev_page=https://usaattorneyblog.com/site.php?23bior14251.html HTTP/1.1" 200 18802 "-" "Mozilla/5.0 (Linux; Android 6.0.1; Nexus 5X Build/MMB29P) AppleWebKit/537.36 (KHTML, like Gecko) Chrome/135.0.7049.95 Mobile Safari/537.36 (compatible; Googlebot/2.1; +http://www.google.com/bot.html)"
66.249.65.36 - - [29/Apr/2025:04:07:17 -0400] "GET /?_gl=1*tzpy3w1*_ga*mvGznzmPMXJPJkWkCAzyEoaVJWIE*_ga_DPVECRHBN*DL086Ey7anBR1kHpZuWe2gb6KuVytMfRcajeonXPKotDhSEous8z7Is.*_gcl_au=1.1.195177486.175707179*_gcl_aw=BRG.177499738.itOLuE8gf4cACE5NNes3E0XDhpvtdYakHI7jdT2X8R4rfA6RE7kQdPeIIT0eSNlumuuLswGvRsK1HfAUVc6LtKQNKj..&_gz=2.193157381.195218596.178935487-865580304.161237071&_bdsid=avu59t.n~ZAFKN.172690659.173483987&_bd_prev_page=https://usaattorneyblog.com/site.php?89jwjt47355.html HTTP/1.1" 200 20682 "-" "Mozilla/5.0 (Linux; Android 6.0.1; Nexus 5X Build/MMB29P) AppleWebKit/537.36 (KHTML, like Gecko) Chrome/135.0.7049.95 Mobile Safari/537.36 (compatible; Googlebot/2.1; +http://www.google.com/bot.html)"
66.249.65.35 - - [29/Apr/2025:04:07:29 -0400] "GET /?_gl=1*tzpy3w1*_ga*mvGznzmPMXJPJkWkCAzyEoaVJWIE*_ga_DPVECRHBN*DL086Ey7anBR1kHpZuWe2gb6KuVytMfRcajeonXPKotDhSEous8z7Is.*_gcl_au=1.1.195177486.175707179*_gcl_aw=BRG.177499738.itOLuE8gf4cACE5NNes3E0XDhpvtdYakHI7jdT2X8R4rfA6RE7kQdPeIIT0eSNlumuuLswGvRsK1HfAUVc6LtKQNKj..&_gz=2.193157381.195218596.178935487-865580304.161237071&_bdsid=avu59t.n~ZAFKN.172690659.173483987&_bd_prev_page=https://usaattorneyblog.com/site.php?29bhy9353.html HTTP/1.1" 200 19577 "-" "Mozilla/5.0 (Linux; Android 6.0.1; Nexus 5X Build/MMB29P) AppleWebKit/537.36 (KHTML, like Gecko) Chrome/135.0.7049.95 Mobile Safari/537.36 (compatible; Googlebot/2.1; +http://www.google.com/bot.html)"
66.249.65.35 - - [29/Apr/2025:04:07:40 -0400] "GET /?_gl=1*tzpy3w1*_ga*mvGznzmPMXJPJkWkCAzyEoaVJWIE*_ga_DPVECRHBN*DL086Ey7anBR1kHpZuWe2gb6KuVytMfRcajeonXPKotDhSEous8z7Is.*_gcl_au=1.1.195177486.175707179*_gcl_aw=BRG.177499738.itOLuE8gf4cACE5NNes3E0XDhpvtdYakHI7jdT2X8R4rfA6RE7kQdPeIIT0eSNlumuuLswGvRsK1HfAUVc6LtKQNKj..&_gz=2.193157381.195218596.178935487-865580304.161237071&_bdsid=avu59t.n~ZAFKN.172690659.173483987&_bd_prev_page=https://usaattorneyblog.com/site.php?89ksera31903.html HTTP/1.1" 200 19713 "-" "Mozilla/5.0 (Linux; Android 6.0.1; Nexus 5X Build/MMB29P) AppleWebKit/537.36 (KHTML, like Gecko) Chrome/135.0.7049.95 Mobile Safari/537.36 (compatible; Googlebot/2.1; +http://www.google.com/bot.html)"
66.249.65.35 - - [29/Apr/2025:04:07:40 -0400] "GET /?_gl=1*tzpy3w1*_ga*mvGznzmPMXJPJkWkCAzyEoaVJWIE*_ga_DPVECRHBN*DL086Ey7anBR1kHpZuWe2gb6KuVytMfRcajeonXPKotDhSEous8z7Is.*_gcl_au=1.1.195177486.175707179*_gcl_aw=BRG.177499738.itOLuE8gf4cACE5NNes3E0XDhpvtdYakHI7jdT2X8R4rfA6RE7kQdPeIIT0eSNlumuuLswGvRsK1HfAUVc6LtKQNKj..&_gz=2.193157381.195218596.178935487-865580304.161237071&_bdsid=avu59t.n~ZAFKN.172690659.173483987&_bd_prev_page=https://usaattorneyblog.com/site.php?29wgv25911.html HTTP/1.1" 200 17944 "-" "Mozilla/5.0 (Linux; Android 6.0.1; Nexus 5X Build/MMB29P) AppleWebKit/537.36 (KHTML, like Gecko) Chrome/135.0.7049.95 Mobile Safari/537.36 (compatible; Googlebot/2.1; +http://www.google.com/bot.html)"
66.249.65.35 - - [29/Apr/2025:04:07:53 -0400] "GET /?_gl=1*tzpy3w1*_ga*mvGznzmPMXJPJkWkCAzyEoaVJWIE*_ga_DPVECRHBN*DL086Ey7anBR1kHpZuWe2gb6KuVytMfRcajeonXPKotDhSEous8z7Is.*_gcl_au=1.1.195177486.175707179*_gcl_aw=BRG.177499738.itOLuE8gf4cACE5NNes3E0XDhpvtdYakHI7jdT2X8R4rfA6RE7kQdPeIIT0eSNlumuuLswGvRsK1HfAUVc6LtKQNKj..&_gz=2.193157381.195218596.178935487-865580304.161237071&_bdsid=avu59t.n~ZAFKN.172690659.173483987&_bd_prev_page=https://usaattorneyblog.com/site.php?29jeet25881.html HTTP/1.1" 200 18150 "-" "Mozilla/5.0 (Linux; Android 6.0.1; Nexus 5X Build/MMB29P) AppleWebKit/537.36 (KHTML, like Gecko) Chrome/135.0.7049.95 Mobile Safari/537.36 (compatible; Googlebot/2.1; +http://www.google.com/bot.html)"
114.119.151.9 - - [29/Apr/2025:04:05:47 -0400] "GET /wp-includes/block-supports/ HTTP/1.1" 200 1659 "https://usaattorneyblog.com/wp-includes/" "Mozilla/5.0 (Linux; Android 7.0;) AppleWebKit/537.36 (KHTML, like Gecko) Mobile Safari/537.36 (compatible; PetalBot;+https://webmaster.petalsearch.com/site/petalbot)"
66.249.65.35 - - [29/Apr/2025:04:05:49 -0400] "GET /?_gl=1*tzpy3w1*_ga*mvGznzmPMXJPJkWkCAzyEoaVJWIE*_ga_DPVECRHBN*DL086Ey7anBR1kHpZuWe2gb6KuVytMfRcajeonXPKotDhSEous8z7Is.*_gcl_au=1.1.195177486.175707179*_gcl_aw=BRG.177499738.itOLuE8gf4cACE5NNes3E0XDhpvtdYakHI7jdT2X8R4rfA6RE7kQdPeIIT0eSNlumuuLswGvRsK1HfAUVc6LtKQNKj..&_gz=2.193157381.195218596.178935487-865580304.161237071&_bdsid=avu59t.n~ZAFKN.172690659.173483987&_bd_prev_page=https://usaattorneyblog.com/site.php?23tor14297.html HTTP/1.1" 200 19011 "-" "Mozilla/5.0 (Linux; Android 6.0.1; Nexus 5X Build/MMB29P) AppleWebKit/537.36 (KHTML, like Gecko) Chrome/135.0.7049.95 Mobile Safari/537.36 (compatible; Googlebot/2.1; +http://www.google.com/bot.html)"
66.249.65.35 - - [29/Apr/2025:04:06:05 -0400] "GET /?_gl=1*tzpy3w1*_ga*mvGznzmPMXJPJkWkCAzyEoaVJWIE*_ga_DPVECRHBN*DL086Ey7anBR1kHpZuWe2gb6KuVytMfRcajeonXPKotDhSEous8z7Is.*_gcl_au=1.1.195177486.175707179*_gcl_aw=BRG.177499738.itOLuE8gf4cACE5NNes3E0XDhpvtdYakHI7jdT2X8R4rfA6RE7kQdPeIIT0eSNlumuuLswGvRsK1HfAUVc6LtKQNKj..&_gz=2.193157381.195218596.178935487-865580304.161237071&_bdsid=avu59t.n~ZAFKN.172690659.173483987&_bd_prev_page=https://usaattorneyblog.com/site.php?23hrho13491.html HTTP/1.1" 200 18935 "-" "Mozilla/5.0 (Linux; Android 6.0.1; Nexus 5X Build/MMB29P) AppleWebKit/537.36 (KHTML, like Gecko) Chrome/135.0.7049.95 Mobile Safari/537.36 (compatible; Googlebot/2.1; +http://www.google.com/bot.html)"
52.167.144.67 - - [29/Apr/2025:04:06:23 -0400] "GET /robots.txt HTTP/1.1" 200 100 "-" "Mozilla/5.0 AppleWebKit/537.36 (KHTML, like Gecko; compatible; bingbot/2.0; +http://www.bing.com/bingbot.htm) Chrome/116.0.1938.76 Safari/537.36"
52.167.144.67 - - [29/Apr/2025:04:06:23 -0400] "GET /robots.txt HTTP/1.1" 200 100 "-" "Mozilla/5.0 AppleWebKit/537.36 (KHTML, like Gecko; compatible; bingbot/2.0; +http://www.bing.com/bingbot.htm) Chrome/116.0.1938.76 Safari/537.36"
52.167.144.177 - - [29/Apr/2025:04:06:25 -0400] "GET /largest-casino-canada/ HTTP/1.1" 200 17 "-" "Mozilla/5.0 AppleWebKit/537.36 (KHTML, like Gecko; compatible; bingbot/2.0; +http://www.bing.com/bingbot.htm) Chrome/116.0.1938.76 Safari/537.36"
66.249.65.35 - - [29/Apr/2025:04:06:28 -0400] "GET /?_gl=1*tzpy3w1*_ga*mvGznzmPMXJPJkWkCAzyEoaVJWIE*_ga_DPVECRHBN*DL086Ey7anBR1kHpZuWe2gb6KuVytMfRcajeonXPKotDhSEous8z7Is.*_gcl_au=1.1.195177486.175707179*_gcl_aw=BRG.177499738.itOLuE8gf4cACE5NNes3E0XDhpvtdYakHI7jdT2X8R4rfA6RE7kQdPeIIT0eSNlumuuLswGvRsK1HfAUVc6LtKQNKj..&_gz=2.193157381.195218596.178935487-865580304.161237071&_bdsid=avu59t.n~ZAFKN.172690659.173483987&_bd_prev_page=https://usaattorneyblog.com/site.php?23fvr13351.html HTTP/1.1" 200 18004 "-" "Mozilla/5.0 (Linux; Android 6.0.1; Nexus 5X Build/MMB29P) AppleWebKit/537.36 (KHTML, like Gecko) Chrome/135.0.7049.95 Mobile Safari/537.36 (compatible; Googlebot/2.1; +http://www.google.com/bot.html)"
66.249.65.35 - - [29/Apr/2025:04:06:50 -0400] "GET /?_gl=1*tzpy3w1*_ga*mvGznzmPMXJPJkWkCAzyEoaVJWIE*_ga_DPVECRHBN*DL086Ey7anBR1kHpZuWe2gb6KuVytMfRcajeonXPKotDhSEous8z7Is.*_gcl_au=1.1.195177486.175707179*_gcl_aw=BRG.177499738.itOLuE8gf4cACE5NNes3E0XDhpvtdYakHI7jdT2X8R4rfA6RE7kQdPeIIT0eSNlumuuLswGvRsK1HfAUVc6LtKQNKj..&_gz=2.193157381.195218596.178935487-865580304.161237071&_bdsid=avu59t.n~ZAFKN.172690659.173483987&_bd_prev_page=https://usaattorneyblog.com/site.php?29zqku25831.html HTTP/1.1" 200 19103 "-" "Mozilla/5.0 (Linux; Android 6.0.1; Nexus 5X Build/MMB29P) AppleWebKit/537.36 (KHTML, like Gecko) Chrome/135.0.7049.95 Mobile Safari/537.36 (compatible; Googlebot/2.1; +http://www.google.com/bot.html)"
66.249.65.37 - - [29/Apr/2025:04:08:06 -0400] "GET /?_gl=1*tzpy3w1*_ga*mvGznzmPMXJPJkWkCAzyEoaVJWIE*_ga_DPVECRHBN*DL086Ey7anBR1kHpZuWe2gb6KuVytMfRcajeonXPKotDhSEous8z7Is.*_gcl_au=1.1.195177486.175707179*_gcl_aw=BRG.177499738.itOLuE8gf4cACE5NNes3E0XDhpvtdYakHI7jdT2X8R4rfA6RE7kQdPeIIT0eSNlumuuLswGvRsK1HfAUVc6LtKQNKj..&_gz=2.193157381.195218596.178935487-865580304.161237071&_bdsid=avu59t.n~ZAFKN.172690659.173483987&_bd_prev_page=https://usaattorneyblog.com/site.php?29xsxvl25909.html HTTP/1.1" 200 19817 "-" "Mozilla/5.0 (Linux; Android 6.0.1; Nexus 5X Build/MMB29P) AppleWebKit/537.36 (KHTML, like Gecko) Chrome/135.0.7049.95 Mobile Safari/537.36 (compatible; Googlebot/2.1; +http://www.google.com/bot.html)"
66.249.65.35 - - [29/Apr/2025:04:08:18 -0400] "GET /?_gl=1*tzpy3w1*_ga*mvGznzmPMXJPJkWkCAzyEoaVJWIE*_ga_DPVECRHBN*DL086Ey7anBR1kHpZuWe2gb6KuVytMfRcajeonXPKotDhSEous8z7Is.*_gcl_au=1.1.195177486.175707179*_gcl_aw=BRG.177499738.itOLuE8gf4cACE5NNes3E0XDhpvtdYakHI7jdT2X8R4rfA6RE7kQdPeIIT0eSNlumuuLswGvRsK1HfAUVc6LtKQNKj..&_gz=2.193157381.195218596.178935487-865580304.161237071&_bdsid=avu59t.n~ZAFKN.172690659.173483987&_bd_prev_page=https://usaattorneyblog.com/site.php?29luuih25935.html HTTP/1.1" 200 18630 "-" "Mozilla/5.0 (Linux; Android 6.0.1; Nexus 5X Build/MMB29P) AppleWebKit/537.36 (KHTML, like Gecko) Chrome/135.0.7049.95 Mobile Safari/537.36 (compatible; Googlebot/2.1; +http://www.google.com/bot.html)"
157.55.39.60 - - [29/Apr/2025:04:08:30 -0400] "GET /paypal-casino-new-zealand/ HTTP/1.1" 200 17 "-" "Mozilla/5.0 AppleWebKit/537.36 (KHTML, like Gecko; compatible; bingbot/2.0; +http://www.bing.com/bingbot.htm) Chrome/116.0.1938.76 Safari/537.36"
66.249.65.35 - - [29/Apr/2025:04:08:41 -0400] "GET /?_gl=1*tzpy3w1*_ga*mvGznzmPMXJPJkWkCAzyEoaVJWIE*_ga_DPVECRHBN*DL086Ey7anBR1kHpZuWe2gb6KuVytMfRcajeonXPKotDhSEous8z7Is.*_gcl_au=1.1.195177486.175707179*_gcl_aw=BRG.177499738.itOLuE8gf4cACE5NNes3E0XDhpvtdYakHI7jdT2X8R4rfA6RE7kQdPeIIT0eSNlumuuLswGvRsK1HfAUVc6LtKQNKj..&_gz=2.193157381.195218596.178935487-865580304.161237071&_bdsid=avu59t.n~ZAFKN.172690659.173483987&_bd_prev_page=https://usaattorneyblog.com/site.php?29rigf25813.html HTTP/1.1" 200 18256 "-" "Mozilla/5.0 (Linux; Android 6.0.1; Nexus 5X Build/MMB29P) AppleWebKit/537.36 (KHTML, like Gecko) Chrome/135.0.7049.95 Mobile Safari/537.36 (compatible; Googlebot/2.1; +http://www.google.com/bot.html)"
66.249.65.35 - - [29/Apr/2025:04:08:53 -0400] "GET /?_gl=1*tzpy3w1*_ga*mvGznzmPMXJPJkWkCAzyEoaVJWIE*_ga_DPVECRHBN*DL086Ey7anBR1kHpZuWe2gb6KuVytMfRcajeonXPKotDhSEous8z7Is.*_gcl_au=1.1.195177486.175707179*_gcl_aw=BRG.177499738.itOLuE8gf4cACE5NNes3E0XDhpvtdYakHI7jdT2X8R4rfA6RE7kQdPeIIT0eSNlumuuLswGvRsK1HfAUVc6LtKQNKj..&_gz=2.193157381.195218596.178935487-865580304.161237071&_bdsid=avu59t.n~ZAFKN.172690659.173483987&_bd_prev_page=https://usaattorneyblog.com/site.php?29ejc25591.html HTTP/1.1" 200 19359 "-" "Mozilla/5.0 (Linux; Android 6.0.1; Nexus 5X Build/MMB29P) AppleWebKit/537.36 (KHTML, like Gecko) Chrome/135.0.7049.95 Mobile Safari/537.36 (compatible; Googlebot/2.1; +http://www.google.com/bot.html)"
66.249.65.35 - - [29/Apr/2025:04:09:05 -0400] "GET /?_gl=1*tzpy3w1*_ga*mvGznzmPMXJPJkWkCAzyEoaVJWIE*_ga_DPVECRHBN*DL086Ey7anBR1kHpZuWe2gb6KuVytMfRcajeonXPKotDhSEous8z7Is.*_gcl_au=1.1.195177486.175707179*_gcl_aw=BRG.177499738.itOLuE8gf4cACE5NNes3E0XDhpvtdYakHI7jdT2X8R4rfA6RE7kQdPeIIT0eSNlumuuLswGvRsK1HfAUVc6LtKQNKj..&_gz=2.193157381.195218596.178935487-865580304.161237071&_bdsid=avu59t.n~ZAFKN.172690659.173483987&_bd_prev_page=https://usaattorneyblog.com/site.php?29kykc9383.html HTTP/1.1" 200 18732 "-" "Mozilla/5.0 (Linux; Android 6.0.1; Nexus 5X Build/MMB29P) AppleWebKit/537.36 (KHTML, like Gecko) Chrome/135.0.7049.95 Mobile Safari/537.36 (compatible; Googlebot/2.1; +http://www.google.com/bot.html)"
66.249.65.36 - - [29/Apr/2025:04:09:24 -0400] "GET /advocating-for-justice-legal-mesothelioma-attorney-new-jersey/ HTTP/1.1" 200 19479 "-" "Mozilla/5.0 (Linux; Android 6.0.1; Nexus 5X Build/MMB29P) AppleWebKit/537.36 (KHTML, like Gecko) Chrome/135.0.7049.114 Mobile Safari/537.36 (compatible; Googlebot/2.1; +http://www.google.com/bot.html)"
213.180.203.220 - - [29/Apr/2025:04:09:32 -0400] "GET /robots.txt HTTP/1.1" 200 367 "-" "Mozilla/5.0 (compatible; YandexBot/3.0; +http://yandex.com/bots)"
95.108.213.245 - - [29/Apr/2025:04:09:33 -0400] "GET /34871342.shtml HTTP/1.1" 200 33 "-" "Mozilla/5.0 (compatible; YandexBot/3.0; +http://yandex.com/bots)"
66.249.65.35 - - [29/Apr/2025:04:09:39 -0400] "GET /?_gl=1*tzpy3w1*_ga*mvGznzmPMXJPJkWkCAzyEoaVJWIE*_ga_DPVECRHBN*DL086Ey7anBR1kHpZuWe2gb6KuVytMfRcajeonXPKotDhSEous8z7Is.*_gcl_au=1.1.195177486.175707179*_gcl_aw=BRG.177499738.itOLuE8gf4cACE5NNes3E0XDhpvtdYakHI7jdT2X8R4rfA6RE7kQdPeIIT0eSNlumuuLswGvRsK1HfAUVc6LtKQNKj..&_gz=2.193157381.195218596.178935487-865580304.161237071&_bdsid=avu59t.n~ZAFKN.172690659.173483987&_bd_prev_page=https://usaattorneyblog.com/site.php?29sodk25815.html HTTP/1.1" 200 17933 "-" "Mozilla/5.0 (Linux; Android 6.0.1; Nexus 5X Build/MMB29P) AppleWebKit/537.36 (KHTML, like Gecko) Chrome/135.0.7049.95 Mobile Safari/537.36 (compatible; Googlebot/2.1; +http://www.google.com/bot.html)"
114.119.153.132 - - [29/Apr/2025:04:09:56 -0400] "GET /wp-includes/Requests/ HTTP/1.1" 200 801 "https://usaattorneyblog.com/wp-includes/" "Mozilla/5.0 (Linux; Android 7.0;) AppleWebKit/537.36 (KHTML, like Gecko) Mobile Safari/537.36 (compatible; PetalBot;+https://webmaster.petalsearch.com/site/petalbot)"
66.249.65.36 - - [29/Apr/2025:04:10:03 -0400] "GET /?_gl=1*tzpy3w1*_ga*mvGznzmPMXJPJkWkCAzyEoaVJWIE*_ga_DPVECRHBN*DL086Ey7anBR1kHpZuWe2gb6KuVytMfRcajeonXPKotDhSEous8z7Is.*_gcl_au=1.1.195177486.175707179*_gcl_aw=BRG.177499738.itOLuE8gf4cACE5NNes3E0XDhpvtdYakHI7jdT2X8R4rfA6RE7kQdPeIIT0eSNlumuuLswGvRsK1HfAUVc6LtKQNKj..&_gz=2.193157381.195218596.178935487-865580304.161237071&_bdsid=avu59t.n~ZAFKN.172690659.173483987&_bd_prev_page=https://usaattorneyblog.com/site.php?29uau44431.html HTTP/1.1" 200 19540 "-" "Mozilla/5.0 (Linux; Android 6.0.1; Nexus 5X Build/MMB29P) AppleWebKit/537.36 (KHTML, like Gecko) Chrome/135.0.7049.95 Mobile Safari/537.36 (compatible; Googlebot/2.1; +http://www.google.com/bot.html)"
66.249.65.35 - - [29/Apr/2025:04:10:15 -0400] "GET /?_gl=1*tzpy3w1*_ga*mvGznzmPMXJPJkWkCAzyEoaVJWIE*_ga_DPVECRHBN*DL086Ey7anBR1kHpZuWe2gb6KuVytMfRcajeonXPKotDhSEous8z7Is.*_gcl_au=1.1.195177486.175707179*_gcl_aw=BRG.177499738.itOLuE8gf4cACE5NNes3E0XDhpvtdYakHI7jdT2X8R4rfA6RE7kQdPeIIT0eSNlumuuLswGvRsK1HfAUVc6LtKQNKj..&_gz=2.193157381.195218596.178935487-865580304.161237071&_bdsid=avu59t.n~ZAFKN.172690659.173483987&_bd_prev_page=https://usaattorneyblog.com/site.php?29ain49547.html HTTP/1.1" 200 17565 "-" "Mozilla/5.0 (Linux; Android 6.0.1; Nexus 5X Build/MMB29P) AppleWebKit/537.36 (KHTML, like Gecko) Chrome/135.0.7049.95 Mobile Safari/537.36 (compatible; Googlebot/2.1; +http://www.google.com/bot.html)"
66.249.65.35 - - [29/Apr/2025:04:10:26 -0400] "GET /?_gl=1*tzpy3w1*_ga*mvGznzmPMXJPJkWkCAzyEoaVJWIE*_ga_DPVECRHBN*DL086Ey7anBR1kHpZuWe2gb6KuVytMfRcajeonXPKotDhSEous8z7Is.*_gcl_au=1.1.195177486.175707179*_gcl_aw=BRG.177499738.itOLuE8gf4cACE5NNes3E0XDhpvtdYakHI7jdT2X8R4rfA6RE7kQdPeIIT0eSNlumuuLswGvRsK1HfAUVc6LtKQNKj..&_gz=2.193157381.195218596.178935487-865580304.161237071&_bdsid=avu59t.n~ZAFKN.172690659.173483987&_bd_prev_page=https://usaattorneyblog.com/site.php?29fgjh41929.html HTTP/1.1" 200 18880 "-" "Mozilla/5.0 (Linux; Android 6.0.1; Nexus 5X Build/MMB29P) AppleWebKit/537.36 (KHTML, like Gecko) Chrome/135.0.7049.95 Mobile Safari/537.36 (compatible; Googlebot/2.1; +http://www.google.com/bot.html)"
66.249.65.35 - - [29/Apr/2025:04:10:49 -0400] "GET /?_gl=1*tzpy3w1*_ga*mvGznzmPMXJPJkWkCAzyEoaVJWIE*_ga_DPVECRHBN*DL086Ey7anBR1kHpZuWe2gb6KuVytMfRcajeonXPKotDhSEous8z7Is.*_gcl_au=1.1.195177486.175707179*_gcl_aw=BRG.177499738.itOLuE8gf4cACE5NNes3E0XDhpvtdYakHI7jdT2X8R4rfA6RE7kQdPeIIT0eSNlumuuLswGvRsK1HfAUVc6LtKQNKj..&_gz=2.193157381.195218596.178935487-865580304.161237071&_bdsid=avu59t.n~ZAFKN.172690659.173483987&_bd_prev_page=https://usaattorneyblog.com/site.php?29riri11373.html HTTP/1.1" 200 18411 "-" "Mozilla/5.0 (Linux; Android 6.0.1; Nexus 5X Build/MMB29P) AppleWebKit/537.36 (KHTML, like Gecko) Chrome/135.0.7049.95 Mobile Safari/537.36 (compatible; Googlebot/2.1; +http://www.google.com/bot.html)"
66.249.65.35 - - [29/Apr/2025:04:10:50 -0400] "GET /?_gl=1*tzpy3w1*_ga*mvGznzmPMXJPJkWkCAzyEoaVJWIE*_ga_DPVECRHBN*DL086Ey7anBR1kHpZuWe2gb6KuVytMfRcajeonXPKotDhSEous8z7Is.*_gcl_au=1.1.195177486.175707179*_gcl_aw=BRG.177499738.itOLuE8gf4cACE5NNes3E0XDhpvtdYakHI7jdT2X8R4rfA6RE7kQdPeIIT0eSNlumuuLswGvRsK1HfAUVc6LtKQNKj..&_gz=2.193157381.195218596.178935487-865580304.161237071&_bdsid=avu59t.n~ZAFKN.172690659.173483987&_bd_prev_page=https://usaattorneyblog.com/site.php?23ebvf12451.html HTTP/1.1" 200 17345 "-" "Mozilla/5.0 (Linux; Android 6.0.1; Nexus 5X Build/MMB29P) AppleWebKit/537.36 (KHTML, like Gecko) Chrome/135.0.7049.95 Mobile Safari/537.36 (compatible; Googlebot/2.1; +http://www.google.com/bot.html)"
66.249.65.37 - - [29/Apr/2025:04:11:02 -0400] "GET /?_gl=1*tzpy3w1*_ga*mvGznzmPMXJPJkWkCAzyEoaVJWIE*_ga_DPVECRHBN*DL086Ey7anBR1kHpZuWe2gb6KuVytMfRcajeonXPKotDhSEous8z7Is.*_gcl_au=1.1.195177486.175707179*_gcl_aw=BRG.177499738.itOLuE8gf4cACE5NNes3E0XDhpvtdYakHI7jdT2X8R4rfA6RE7kQdPeIIT0eSNlumuuLswGvRsK1HfAUVc6LtKQNKj..&_gz=2.193157381.195218596.178935487-865580304.161237071&_bdsid=avu59t.n~ZAFKN.172690659.173483987&_bd_prev_page=https://usaattorneyblog.com/site.php?29zvdh2059.html HTTP/1.1" 200 17980 "-" "Mozilla/5.0 (Linux; Android 6.0.1; Nexus 5X Build/MMB29P) AppleWebKit/537.36 (KHTML, like Gecko) Chrome/135.0.7049.95 Mobile Safari/537.36 (compatible; Googlebot/2.1; +http://www.google.com/bot.html)"
66.249.65.37 - - [29/Apr/2025:04:11:02 -0400] "GET /?_gl=1*tzpy3w1*_ga*mvGznzmPMXJPJkWkCAzyEoaVJWIE*_ga_DPVECRHBN*DL086Ey7anBR1kHpZuWe2gb6KuVytMfRcajeonXPKotDhSEous8z7Is.*_gcl_au=1.1.195177486.175707179*_gcl_aw=BRG.177499738.itOLuE8gf4cACE5NNes3E0XDhpvtdYakHI7jdT2X8R4rfA6RE7kQdPeIIT0eSNlumuuLswGvRsK1HfAUVc6LtKQNKj..&_gz=2.193157381.195218596.178935487-865580304.161237071&_bdsid=avu59t.n~ZAFKN.172690659.173483987&_bd_prev_page=https://usaattorneyblog.com/site.php?29xgppe11563.html HTTP/1.1" 200 18196 "-" "Mozilla/5.0 (Linux; Android 6.0.1; Nexus 5X Build/MMB29P) AppleWebKit/537.36 (KHTML, like Gecko) Chrome/135.0.7049.95 Mobile Safari/537.36 (compatible; Googlebot/2.1; +http://www.google.com/bot.html)"
66.249.65.35 - - [29/Apr/2025:04:11:13 -0400] "GET /?_gl=1*tzpy3w1*_ga*mvGznzmPMXJPJkWkCAzyEoaVJWIE*_ga_DPVECRHBN*DL086Ey7anBR1kHpZuWe2gb6KuVytMfRcajeonXPKotDhSEous8z7Is.*_gcl_au=1.1.195177486.175707179*_gcl_aw=BRG.177499738.itOLuE8gf4cACE5NNes3E0XDhpvtdYakHI7jdT2X8R4rfA6RE7kQdPeIIT0eSNlumuuLswGvRsK1HfAUVc6LtKQNKj..&_gz=2.193157381.195218596.178935487-865580304.161237071&_bdsid=avu59t.n~ZAFKN.172690659.173483987&_bd_prev_page=https://usaattorneyblog.com/site.php?29alxx42081.html HTTP/1.1" 200 19818 "-" "Mozilla/5.0 (Linux; Android 6.0.1; Nexus 5X Build/MMB29P) AppleWebKit/537.36 (KHTML, like Gecko) Chrome/135.0.7049.95 Mobile Safari/537.36 (compatible; Googlebot/2.1; +http://www.google.com/bot.html)"
66.249.65.35 - - [29/Apr/2025:04:11:26 -0400] "GET /?_gl=1*tzpy3w1*_ga*mvGznzmPMXJPJkWkCAzyEoaVJWIE*_ga_DPVECRHBN*DL086Ey7anBR1kHpZuWe2gb6KuVytMfRcajeonXPKotDhSEous8z7Is.*_gcl_au=1.1.195177486.175707179*_gcl_aw=BRG.177499738.itOLuE8gf4cACE5NNes3E0XDhpvtdYakHI7jdT2X8R4rfA6RE7kQdPeIIT0eSNlumuuLswGvRsK1HfAUVc6LtKQNKj..&_gz=2.193157381.195218596.178935487-865580304.161237071&_bdsid=avu59t.n~ZAFKN.172690659.173483987&_bd_prev_page=https://usaattorneyblog.com/site.php?29uepal44255.html HTTP/1.1" 200 20846 "-" "Mozilla/5.0 (Linux; Android 6.0.1; Nexus 5X Build/MMB29P) AppleWebKit/537.36 (KHTML, like Gecko) Chrome/135.0.7049.95 Mobile Safari/537.36 (compatible; Googlebot/2.1; +http://www.google.com/bot.html)"
66.249.65.35 - - [29/Apr/2025:04:11:52 -0400] "GET /?_gl=1*tzpy3w1*_ga*mvGznzmPMXJPJkWkCAzyEoaVJWIE*_ga_DPVECRHBN*DL086Ey7anBR1kHpZuWe2gb6KuVytMfRcajeonXPKotDhSEous8z7Is.*_gcl_au=1.1.195177486.175707179*_gcl_aw=BRG.177499738.itOLuE8gf4cACE5NNes3E0XDhpvtdYakHI7jdT2X8R4rfA6RE7kQdPeIIT0eSNlumuuLswGvRsK1HfAUVc6LtKQNKj..&_gz=2.193157381.195218596.178935487-865580304.161237071&_bdsid=avu59t.n~ZAFKN.172690659.173483987&_bd_prev_page=https://usaattorneyblog.com/site.php?29ghar8247.html HTTP/1.1" 200 17989 "-" "Mozilla/5.0 (Linux; Android 6.0.1; Nexus 5X Build/MMB29P) AppleWebKit/537.36 (KHTML, like Gecko) Chrome/135.0.7049.95 Mobile Safari/537.36 (compatible; Googlebot/2.1; +http://www.google.com/bot.html)"
66.249.65.36 - - [29/Apr/2025:04:12:10 -0400] "GET /?_gl=1*tzpy3w1*_ga*mvGznzmPMXJPJkWkCAzyEoaVJWIE*_ga_DPVECRHBN*DL086Ey7anBR1kHpZuWe2gb6KuVytMfRcajeonXPKotDhSEous8z7Is.*_gcl_au=1.1.195177486.175707179*_gcl_aw=BRG.177499738.itOLuE8gf4cACE5NNes3E0XDhpvtdYakHI7jdT2X8R4rfA6RE7kQdPeIIT0eSNlumuuLswGvRsK1HfAUVc6LtKQNKj..&_gz=2.193157381.195218596.178935487-865580304.161237071&_bdsid=avu59t.n~ZAFKN.172690659.173483987&_bd_prev_page=https://usaattorneyblog.com/site.php?29gmg44675.html HTTP/1.1" 200 19880 "-" "Mozilla/5.0 (Linux; Android 6.0.1; Nexus 5X Build/MMB29P) AppleWebKit/537.36 (KHTML, like Gecko) Chrome/135.0.7049.95 Mobile Safari/537.36 (compatible; Googlebot/2.1; +http://www.google.com/bot.html)"
66.249.65.35 - - [29/Apr/2025:04:12:22 -0400] "GET /?_gl=1*tzpy3w1*_ga*mvGznzmPMXJPJkWkCAzyEoaVJWIE*_ga_DPVECRHBN*DL086Ey7anBR1kHpZuWe2gb6KuVytMfRcajeonXPKotDhSEous8z7Is.*_gcl_au=1.1.195177486.175707179*_gcl_aw=BRG.177499738.itOLuE8gf4cACE5NNes3E0XDhpvtdYakHI7jdT2X8R4rfA6RE7kQdPeIIT0eSNlumuuLswGvRsK1HfAUVc6LtKQNKj..&_gz=2.193157381.195218596.178935487-865580304.161237071&_bdsid=avu59t.n~ZAFKN.172690659.173483987&_bd_prev_page=https://usaattorneyblog.com/site.php?29sbwkr42409.html HTTP/1.1" 200 19290 "-" "Mozilla/5.0 (Linux; Android 6.0.1; Nexus 5X Build/MMB29P) AppleWebKit/537.36 (KHTML, like Gecko) Chrome/135.0.7049.95 Mobile Safari/537.36 (compatible; Googlebot/2.1; +http://www.google.com/bot.html)"
66.249.65.35 - - [29/Apr/2025:04:12:31 -0400] "GET /?_gl=1*tzpy3w1*_ga*mvGznzmPMXJPJkWkCAzyEoaVJWIE*_ga_DPVECRHBN*DL086Ey7anBR1kHpZuWe2gb6KuVytMfRcajeonXPKotDhSEous8z7Is.*_gcl_au=1.1.195177486.175707179*_gcl_aw=BRG.177499738.itOLuE8gf4cACE5NNes3E0XDhpvtdYakHI7jdT2X8R4rfA6RE7kQdPeIIT0eSNlumuuLswGvRsK1HfAUVc6LtKQNKj..&_gz=2.193157381.195218596.178935487-865580304.161237071&_bdsid=avu59t.n~ZAFKN.172690659.173483987&_bd_prev_page=https://usaattorneyblog.com/site.php?29nlpnq16291.html HTTP/1.1" 200 19208 "-" "Mozilla/5.0 (Linux; Android 6.0.1; Nexus 5X Build/MMB29P) AppleWebKit/537.36 (KHTML, like Gecko) Chrome/135.0.7049.95 Mobile Safari/537.36 (compatible; Googlebot/2.1; +http://www.google.com/bot.html)"
66.249.65.35 - - [29/Apr/2025:04:12:57 -0400] "GET /?_gl=1*tzpy3w1*_ga*mvGznzmPMXJPJkWkCAzyEoaVJWIE*_ga_DPVECRHBN*DL086Ey7anBR1kHpZuWe2gb6KuVytMfRcajeonXPKotDhSEous8z7Is.*_gcl_au=1.1.195177486.175707179*_gcl_aw=BRG.177499738.itOLuE8gf4cACE5NNes3E0XDhpvtdYakHI7jdT2X8R4rfA6RE7kQdPeIIT0eSNlumuuLswGvRsK1HfAUVc6LtKQNKj..&_gz=2.193157381.195218596.178935487-865580304.161237071&_bdsid=avu59t.n~ZAFKN.172690659.173483987&_bd_prev_page=https://usaattorneyblog.com/site.php?29ihkp16509.html HTTP/1.1" 200 19532 "-" "Mozilla/5.0 (Linux; Android 6.0.1; Nexus 5X Build/MMB29P) AppleWebKit/537.36 (KHTML, like Gecko) Chrome/135.0.7049.95 Mobile Safari/537.36 (compatible; Googlebot/2.1; +http://www.google.com/bot.html)"
