66.249.65.36 - - [29/Apr/2025:03:26:30 -0400] "GET /?_gl=1*tzpy3w1*_ga*mvGznzmPMXJPJkWkCAzyEoaVJWIE*_ga_DPVECRHBN*DL086Ey7anBR1kHpZuWe2gb6KuVytMfRcajeonXPKotDhSEous8z7Is.*_gcl_au=1.1.195177486.175707179*_gcl_aw=BRG.177499738.itOLuE8gf4cACE5NNes3E0XDhpvtdYakHI7jdT2X8R4rfA6RE7kQdPeIIT0eSNlumuuLswGvRsK1HfAUVc6LtKQNKj..&_gz=2.193157381.195218596.178935487-865580304.161237071&_bdsid=avu59t.n~ZAFKN.172690659.173483987&_bd_prev_page=https://usaattorneyblog.com/site.php?29ykc17821.html HTTP/1.1" 200 19566 "-" "Mozilla/5.0 (Linux; Android 6.0.1; Nexus 5X Build/MMB29P) AppleWebKit/537.36 (KHTML, like Gecko) Chrome/135.0.7049.95 Mobile Safari/537.36 (compatible; Googlebot/2.1; +http://www.google.com/bot.html)"
66.249.65.35 - - [29/Apr/2025:03:26:42 -0400] "GET /?_gl=1*tzpy3w1*_ga*mvGznzmPMXJPJkWkCAzyEoaVJWIE*_ga_DPVECRHBN*DL086Ey7anBR1kHpZuWe2gb6KuVytMfRcajeonXPKotDhSEous8z7Is.*_gcl_au=1.1.195177486.175707179*_gcl_aw=BRG.177499738.itOLuE8gf4cACE5NNes3E0XDhpvtdYakHI7jdT2X8R4rfA6RE7kQdPeIIT0eSNlumuuLswGvRsK1HfAUVc6LtKQNKj..&_gz=2.193157381.195218596.178935487-865580304.161237071&_bdsid=avu59t.n~ZAFKN.172690659.173483987&_bd_prev_page=https://usaattorneyblog.com/site.php?29cesln17839.html HTTP/1.1" 200 18219 "-" "Mozilla/5.0 (Linux; Android 6.0.1; Nexus 5X Build/MMB29P) AppleWebKit/537.36 (KHTML, like Gecko) Chrome/135.0.7049.95 Mobile Safari/537.36 (compatible; Googlebot/2.1; +http://www.google.com/bot.html)"
66.249.65.35 - - [29/Apr/2025:03:26:56 -0400] "GET /?_gl=1*tzpy3w1*_ga*mvGznzmPMXJPJkWkCAzyEoaVJWIE*_ga_DPVECRHBN*DL086Ey7anBR1kHpZuWe2gb6KuVytMfRcajeonXPKotDhSEous8z7Is.*_gcl_au=1.1.195177486.175707179*_gcl_aw=BRG.177499738.itOLuE8gf4cACE5NNes3E0XDhpvtdYakHI7jdT2X8R4rfA6RE7kQdPeIIT0eSNlumuuLswGvRsK1HfAUVc6LtKQNKj..&_gz=2.193157381.195218596.178935487-865580304.161237071&_bdsid=avu59t.n~ZAFKN.172690659.173483987&_bd_prev_page=https://usaattorneyblog.com/site.php?29rtc41405.html HTTP/1.1" 200 20504 "-" "Mozilla/5.0 (Linux; Android 6.0.1; Nexus 5X Build/MMB29P) AppleWebKit/537.36 (KHTML, like Gecko) Chrome/135.0.7049.95 Mobile Safari/537.36 (compatible; Googlebot/2.1; +http://www.google.com/bot.html)"
66.249.65.37 - - [29/Apr/2025:03:27:07 -0400] "GET /?_gl=1*tzpy3w1*_ga*mvGznzmPMXJPJkWkCAzyEoaVJWIE*_ga_DPVECRHBN*DL086Ey7anBR1kHpZuWe2gb6KuVytMfRcajeonXPKotDhSEous8z7Is.*_gcl_au=1.1.195177486.175707179*_gcl_aw=BRG.177499738.itOLuE8gf4cACE5NNes3E0XDhpvtdYakHI7jdT2X8R4rfA6RE7kQdPeIIT0eSNlumuuLswGvRsK1HfAUVc6LtKQNKj..&_gz=2.193157381.195218596.178935487-865580304.161237071&_bdsid=avu59t.n~ZAFKN.172690659.173483987&_bd_prev_page=https://usaattorneyblog.com/site.php?29xijt4141.html HTTP/1.1" 200 18770 "-" "Mozilla/5.0 (Linux; Android 6.0.1; Nexus 5X Build/MMB29P) AppleWebKit/537.36 (KHTML, like Gecko) Chrome/135.0.7049.95 Mobile Safari/537.36 (compatible; Googlebot/2.1; +http://www.google.com/bot.html)"
66.249.65.37 - - [29/Apr/2025:03:27:08 -0400] "GET /?_gl=1*tzpy3w1*_ga*mvGznzmPMXJPJkWkCAzyEoaVJWIE*_ga_DPVECRHBN*DL086Ey7anBR1kHpZuWe2gb6KuVytMfRcajeonXPKotDhSEous8z7Is.*_gcl_au=1.1.195177486.175707179*_gcl_aw=BRG.177499738.itOLuE8gf4cACE5NNes3E0XDhpvtdYakHI7jdT2X8R4rfA6RE7kQdPeIIT0eSNlumuuLswGvRsK1HfAUVc6LtKQNKj..&_gz=2.193157381.195218596.178935487-865580304.161237071&_bdsid=avu59t.n~ZAFKN.172690659.173483987&_bd_prev_page=https://usaattorneyblog.com/site.php?29qqq41165.html HTTP/1.1" 200 19112 "-" "Mozilla/5.0 (Linux; Android 6.0.1; Nexus 5X Build/MMB29P) AppleWebKit/537.36 (KHTML, like Gecko) Chrome/135.0.7049.95 Mobile Safari/537.36 (compatible; Googlebot/2.1; +http://www.google.com/bot.html)"
66.249.65.35 - - [29/Apr/2025:03:27:30 -0400] "GET /?_gl=1*tzpy3w1*_ga*mvGznzmPMXJPJkWkCAzyEoaVJWIE*_ga_DPVECRHBN*DL086Ey7anBR1kHpZuWe2gb6KuVytMfRcajeonXPKotDhSEous8z7Is.*_gcl_au=1.1.195177486.175707179*_gcl_aw=BRG.177499738.itOLuE8gf4cACE5NNes3E0XDhpvtdYakHI7jdT2X8R4rfA6RE7kQdPeIIT0eSNlumuuLswGvRsK1HfAUVc6LtKQNKj..&_gz=2.193157381.195218596.178935487-865580304.161237071&_bdsid=avu59t.n~ZAFKN.172690659.173483987&_bd_prev_page=https://usaattorneyblog.com/site.php?29qjkw41233.html HTTP/1.1" 200 17741 "-" "Mozilla/5.0 (Linux; Android 6.0.1; Nexus 5X Build/MMB29P) AppleWebKit/537.36 (KHTML, like Gecko) Chrome/135.0.7049.95 Mobile Safari/537.36 (compatible; Googlebot/2.1; +http://www.google.com/bot.html)"
66.249.65.35 - - [29/Apr/2025:03:27:30 -0400] "GET /?_gl=1*tzpy3w1*_ga*mvGznzmPMXJPJkWkCAzyEoaVJWIE*_ga_DPVECRHBN*DL086Ey7anBR1kHpZuWe2gb6KuVytMfRcajeonXPKotDhSEous8z7Is.*_gcl_au=1.1.195177486.175707179*_gcl_aw=BRG.177499738.itOLuE8gf4cACE5NNes3E0XDhpvtdYakHI7jdT2X8R4rfA6RE7kQdPeIIT0eSNlumuuLswGvRsK1HfAUVc6LtKQNKj..&_gz=2.193157381.195218596.178935487-865580304.161237071&_bdsid=avu59t.n~ZAFKN.172690659.173483987&_bd_prev_page=https://usaattorneyblog.com/site.php?29dicn10359.html HTTP/1.1" 200 18324 "-" "Mozilla/5.0 (Linux; Android 6.0.1; Nexus 5X Build/MMB29P) AppleWebKit/537.36 (KHTML, like Gecko) Chrome/135.0.7049.95 Mobile Safari/537.36 (compatible; Googlebot/2.1; +http://www.google.com/bot.html)"
66.249.65.35 - - [29/Apr/2025:03:27:53 -0400] "GET /?_gl=1*tzpy3w1*_ga*mvGznzmPMXJPJkWkCAzyEoaVJWIE*_ga_DPVECRHBN*DL086Ey7anBR1kHpZuWe2gb6KuVytMfRcajeonXPKotDhSEous8z7Is.*_gcl_au=1.1.195177486.175707179*_gcl_aw=BRG.177499738.itOLuE8gf4cACE5NNes3E0XDhpvtdYakHI7jdT2X8R4rfA6RE7kQdPeIIT0eSNlumuuLswGvRsK1HfAUVc6LtKQNKj..&_gz=2.193157381.195218596.178935487-865580304.161237071&_bdsid=avu59t.n~ZAFKN.172690659.173483987&_bd_prev_page=https://usaattorneyblog.com/site.php?29ptn32005.html HTTP/1.1" 200 18958 "-" "Mozilla/5.0 (Linux; Android 6.0.1; Nexus 5X Build/MMB29P) AppleWebKit/537.36 (KHTML, like Gecko) Chrome/135.0.7049.95 Mobile Safari/537.36 (compatible; Googlebot/2.1; +http://www.google.com/bot.html)"
66.249.65.35 - - [29/Apr/2025:03:28:05 -0400] "GET /?_gl=1*tzpy3w1*_ga*mvGznzmPMXJPJkWkCAzyEoaVJWIE*_ga_DPVECRHBN*DL086Ey7anBR1kHpZuWe2gb6KuVytMfRcajeonXPKotDhSEous8z7Is.*_gcl_au=1.1.195177486.175707179*_gcl_aw=BRG.177499738.itOLuE8gf4cACE5NNes3E0XDhpvtdYakHI7jdT2X8R4rfA6RE7kQdPeIIT0eSNlumuuLswGvRsK1HfAUVc6LtKQNKj..&_gz=2.193157381.195218596.178935487-865580304.161237071&_bdsid=avu59t.n~ZAFKN.172690659.173483987&_bd_prev_page=https://usaattorneyblog.com/site.php?29egtxz41227.html HTTP/1.1" 200 17854 "-" "Mozilla/5.0 (Linux; Android 6.0.1; Nexus 5X Build/MMB29P) AppleWebKit/537.36 (KHTML, like Gecko) Chrome/135.0.7049.95 Mobile Safari/537.36 (compatible; Googlebot/2.1; +http://www.google.com/bot.html)"
66.249.65.35 - - [29/Apr/2025:03:28:17 -0400] "GET /?_gl=1*tzpy3w1*_ga*mvGznzmPMXJPJkWkCAzyEoaVJWIE*_ga_DPVECRHBN*DL086Ey7anBR1kHpZuWe2gb6KuVytMfRcajeonXPKotDhSEous8z7Is.*_gcl_au=1.1.195177486.175707179*_gcl_aw=BRG.177499738.itOLuE8gf4cACE5NNes3E0XDhpvtdYakHI7jdT2X8R4rfA6RE7kQdPeIIT0eSNlumuuLswGvRsK1HfAUVc6LtKQNKj..&_gz=2.193157381.195218596.178935487-865580304.161237071&_bdsid=avu59t.n~ZAFKN.172690659.173483987&_bd_prev_page=https://usaattorneyblog.com/site.php?29kow41529.html HTTP/1.1" 200 17693 "-" "Mozilla/5.0 (Linux; Android 6.0.1; Nexus 5X Build/MMB29P) AppleWebKit/537.36 (KHTML, like Gecko) Chrome/135.0.7049.95 Mobile Safari/537.36 (compatible; Googlebot/2.1; +http://www.google.com/bot.html)"
66.249.65.35 - - [29/Apr/2025:03:28:29 -0400] "GET /?_gl=1*tzpy3w1*_ga*mvGznzmPMXJPJkWkCAzyEoaVJWIE*_ga_DPVECRHBN*DL086Ey7anBR1kHpZuWe2gb6KuVytMfRcajeonXPKotDhSEous8z7Is.*_gcl_au=1.1.195177486.175707179*_gcl_aw=BRG.177499738.itOLuE8gf4cACE5NNes3E0XDhpvtdYakHI7jdT2X8R4rfA6RE7kQdPeIIT0eSNlumuuLswGvRsK1HfAUVc6LtKQNKj..&_gz=2.193157381.195218596.178935487-865580304.161237071&_bdsid=avu59t.n~ZAFKN.172690659.173483987&_bd_prev_page=https://usaattorneyblog.com/site.php?5vozt44601.html HTTP/1.1" 200 18860 "-" "Mozilla/5.0 (Linux; Android 6.0.1; Nexus 5X Build/MMB29P) AppleWebKit/537.36 (KHTML, like Gecko) Chrome/135.0.7049.95 Mobile Safari/537.36 (compatible; Googlebot/2.1; +http://www.google.com/bot.html)"
66.249.65.35 - - [29/Apr/2025:03:28:29 -0400] "GET /?_gl=1*tzpy3w1*_ga*mvGznzmPMXJPJkWkCAzyEoaVJWIE*_ga_DPVECRHBN*DL086Ey7anBR1kHpZuWe2gb6KuVytMfRcajeonXPKotDhSEous8z7Is.*_gcl_au=1.1.195177486.175707179*_gcl_aw=BRG.177499738.itOLuE8gf4cACE5NNes3E0XDhpvtdYakHI7jdT2X8R4rfA6RE7kQdPeIIT0eSNlumuuLswGvRsK1HfAUVc6LtKQNKj..&_gz=2.193157381.195218596.178935487-865580304.161237071&_bdsid=avu59t.n~ZAFKN.172690659.173483987&_bd_prev_page=https://usaattorneyblog.com/site.php?29owpdx41085.html HTTP/1.1" 200 18262 "-" "Mozilla/5.0 (Linux; Android 6.0.1; Nexus 5X Build/MMB29P) AppleWebKit/537.36 (KHTML, like Gecko) Chrome/135.0.7049.95 Mobile Safari/537.36 (compatible; Googlebot/2.1; +http://www.google.com/bot.html)"
114.119.136.128 - - [29/Apr/2025:03:28:35 -0400] "GET /wp-includes/class-wp-http-encoding.php HTTP/1.1" 403 1242 "https://usaattorneyblog.com/wp-includes/" "Mozilla/5.0 (Linux; Android 7.0;) AppleWebKit/537.36 (KHTML, like Gecko) Mobile Safari/537.36 (compatible; PetalBot;+https://webmaster.petalsearch.com/site/petalbot)"
66.249.65.35 - - [29/Apr/2025:03:28:51 -0400] "GET /?_gl=1*tzpy3w1*_ga*mvGznzmPMXJPJkWkCAzyEoaVJWIE*_ga_DPVECRHBN*DL086Ey7anBR1kHpZuWe2gb6KuVytMfRcajeonXPKotDhSEous8z7Is.*_gcl_au=1.1.195177486.175707179*_gcl_aw=BRG.177499738.itOLuE8gf4cACE5NNes3E0XDhpvtdYakHI7jdT2X8R4rfA6RE7kQdPeIIT0eSNlumuuLswGvRsK1HfAUVc6LtKQNKj..&_gz=2.193157381.195218596.178935487-865580304.161237071&_bdsid=avu59t.n~ZAFKN.172690659.173483987&_bd_prev_page=https://usaattorneyblog.com/site.php?29kdsg23675.html HTTP/1.1" 200 19084 "-" "Mozilla/5.0 (Linux; Android 6.0.1; Nexus 5X Build/MMB29P) AppleWebKit/537.36 (KHTML, like Gecko) Chrome/135.0.7049.95 Mobile Safari/537.36 (compatible; Googlebot/2.1; +http://www.google.com/bot.html)"
66.249.65.37 - - [29/Apr/2025:03:29:04 -0400] "GET /?_gl=1*tzpy3w1*_ga*mvGznzmPMXJPJkWkCAzyEoaVJWIE*_ga_DPVECRHBN*DL086Ey7anBR1kHpZuWe2gb6KuVytMfRcajeonXPKotDhSEous8z7Is.*_gcl_au=1.1.195177486.175707179*_gcl_aw=BRG.177499738.itOLuE8gf4cACE5NNes3E0XDhpvtdYakHI7jdT2X8R4rfA6RE7kQdPeIIT0eSNlumuuLswGvRsK1HfAUVc6LtKQNKj..&_gz=2.193157381.195218596.178935487-865580304.161237071&_bdsid=avu59t.n~ZAFKN.172690659.173483987&_bd_prev_page=https://usaattorneyblog.com/site.php?29hbix23645.html HTTP/1.1" 200 18614 "-" "Mozilla/5.0 (Linux; Android 6.0.1; Nexus 5X Build/MMB29P) AppleWebKit/537.36 (KHTML, like Gecko) Chrome/135.0.7049.95 Mobile Safari/537.36 (compatible; Googlebot/2.1; +http://www.google.com/bot.html)"
66.249.65.35 - - [29/Apr/2025:03:29:18 -0400] "GET /?_gl=1*tzpy3w1*_ga*mvGznzmPMXJPJkWkCAzyEoaVJWIE*_ga_DPVECRHBN*DL086Ey7anBR1kHpZuWe2gb6KuVytMfRcajeonXPKotDhSEous8z7Is.*_gcl_au=1.1.195177486.175707179*_gcl_aw=BRG.177499738.itOLuE8gf4cACE5NNes3E0XDhpvtdYakHI7jdT2X8R4rfA6RE7kQdPeIIT0eSNlumuuLswGvRsK1HfAUVc6LtKQNKj..&_gz=2.193157381.195218596.178935487-865580304.161237071&_bdsid=avu59t.n~ZAFKN.172690659.173483987&_bd_prev_page=https://usaattorneyblog.com/site.php?29fpsu23567.html HTTP/1.1" 200 18348 "-" "Mozilla/5.0 (Linux; Android 6.0.1; Nexus 5X Build/MMB29P) AppleWebKit/537.36 (KHTML, like Gecko) Chrome/135.0.7049.95 Mobile Safari/537.36 (compatible; Googlebot/2.1; +http://www.google.com/bot.html)"
66.249.65.35 - - [29/Apr/2025:03:29:30 -0400] "GET /?_gl=1*tzpy3w1*_ga*mvGznzmPMXJPJkWkCAzyEoaVJWIE*_ga_DPVECRHBN*DL086Ey7anBR1kHpZuWe2gb6KuVytMfRcajeonXPKotDhSEous8z7Is.*_gcl_au=1.1.195177486.175707179*_gcl_aw=BRG.177499738.itOLuE8gf4cACE5NNes3E0XDhpvtdYakHI7jdT2X8R4rfA6RE7kQdPeIIT0eSNlumuuLswGvRsK1HfAUVc6LtKQNKj..&_gz=2.193157381.195218596.178935487-865580304.161237071&_bdsid=avu59t.n~ZAFKN.172690659.173483987&_bd_prev_page=https://usaattorneyblog.com/site.php?29ekqui23211.html HTTP/1.1" 200 19568 "-" "Mozilla/5.0 (Linux; Android 6.0.1; Nexus 5X Build/MMB29P) AppleWebKit/537.36 (KHTML, like Gecko) Chrome/135.0.7049.95 Mobile Safari/537.36 (compatible; Googlebot/2.1; +http://www.google.com/bot.html)"
50.16.248.61 - - [29/Apr/2025:03:29:53 -0400] "GET /wp-includes/SimplePie/library/SimplePie/HTTP/Parser.php HTTP/1.1" 403 1242 "-" "Mozilla/5.0 AppleWebKit/537.36 (KHTML, like Gecko; compatible; Amazonbot/0.1; +https://developer.amazon.com/support/amazonbot) Chrome/119.0.6045.214 Safari/537.36"
44.195.145.102 - - [29/Apr/2025:03:29:57 -0400] "GET /wp-includes/Requests/src/Exception/Http/Status405.php HTTP/1.1" 403 1242 "-" "Mozilla/5.0 AppleWebKit/537.36 (KHTML, like Gecko; compatible; Amazonbot/0.1; +https://developer.amazon.com/support/amazonbot) Chrome/119.0.6045.214 Safari/537.36"
66.249.65.35 - - [29/Apr/2025:03:29:56 -0400] "GET /?_gl=1*tzpy3w1*_ga*mvGznzmPMXJPJkWkCAzyEoaVJWIE*_ga_DPVECRHBN*DL086Ey7anBR1kHpZuWe2gb6KuVytMfRcajeonXPKotDhSEous8z7Is.*_gcl_au=1.1.195177486.175707179*_gcl_aw=BRG.177499738.itOLuE8gf4cACE5NNes3E0XDhpvtdYakHI7jdT2X8R4rfA6RE7kQdPeIIT0eSNlumuuLswGvRsK1HfAUVc6LtKQNKj..&_gz=2.193157381.195218596.178935487-865580304.161237071&_bdsid=avu59t.n~ZAFKN.172690659.173483987&_bd_prev_page=https://usaattorneyblog.com/site.php?29qsqay23183.html HTTP/1.1" 200 18110 "-" "Mozilla/5.0 (Linux; Android 6.0.1; Nexus 5X Build/MMB29P) AppleWebKit/537.36 (KHTML, like Gecko) Chrome/135.0.7049.95 Mobile Safari/537.36 (compatible; Googlebot/2.1; +http://www.google.com/bot.html)"
35.170.205.140 - - [29/Apr/2025:03:30:01 -0400] "GET /wp-includes/SimplePie/library/SimplePie/XML/Declaration/ HTTP/1.1" 200 812 "-" "Mozilla/5.0 AppleWebKit/537.36 (KHTML, like Gecko; compatible; Amazonbot/0.1; +https://developer.amazon.com/support/amazonbot) Chrome/119.0.6045.214 Safari/537.36"
54.84.147.79 - - [29/Apr/2025:03:30:05 -0400] "GET /wp-includes/sodium_compat/src/Core/AEGIS/?ND HTTP/1.1" 200 839 "-" "Mozilla/5.0 AppleWebKit/537.36 (KHTML, like Gecko; compatible; Amazonbot/0.1; +https://developer.amazon.com/support/amazonbot) Chrome/119.0.6045.214 Safari/537.36"
34.195.248.30 - - [29/Apr/2025:03:30:10 -0400] "GET /wp-includes/sodium_compat/src/Core/Poly1305/?MA HTTP/1.1" 200 921 "-" "Mozilla/5.0 AppleWebKit/537.36 (KHTML, like Gecko; compatible; Amazonbot/0.1; +https://developer.amazon.com/support/amazonbot) Chrome/119.0.6045.214 Safari/537.36"
52.203.237.170 - - [29/Apr/2025:03:30:13 -0400] "GET /wp-includes/sodium_compat/src/Core/AES/?ND HTTP/1.1" 200 930 "-" "Mozilla/5.0 AppleWebKit/537.36 (KHTML, like Gecko; compatible; Amazonbot/0.1; +https://developer.amazon.com/support/amazonbot) Chrome/119.0.6045.214 Safari/537.36"
18.210.58.238 - - [29/Apr/2025:03:30:17 -0400] "GET /wp-includes/js/tinymce/plugins/lists/?MA HTTP/1.1" 403 1242 "-" "Mozilla/5.0 AppleWebKit/537.36 (KHTML, like Gecko; compatible; Amazonbot/0.1; +https://developer.amazon.com/support/amazonbot) Chrome/119.0.6045.214 Safari/537.36"
66.249.65.35 - - [29/Apr/2025:03:30:19 -0400] "GET /?_gl=1*tzpy3w1*_ga*mvGznzmPMXJPJkWkCAzyEoaVJWIE*_ga_DPVECRHBN*DL086Ey7anBR1kHpZuWe2gb6KuVytMfRcajeonXPKotDhSEous8z7Is.*_gcl_au=1.1.195177486.175707179*_gcl_aw=BRG.177499738.itOLuE8gf4cACE5NNes3E0XDhpvtdYakHI7jdT2X8R4rfA6RE7kQdPeIIT0eSNlumuuLswGvRsK1HfAUVc6LtKQNKj..&_gz=2.193157381.195218596.178935487-865580304.161237071&_bdsid=avu59t.n~ZAFKN.172690659.173483987&_bd_prev_page=https://usaattorneyblog.com/site.php?29wew1167.html HTTP/1.1" 200 18921 "-" "Mozilla/5.0 (Linux; Android 6.0.1; Nexus 5X Build/MMB29P) AppleWebKit/537.36 (KHTML, like Gecko) Chrome/135.0.7049.95 Mobile Safari/537.36 (compatible; Googlebot/2.1; +http://www.google.com/bot.html)"
66.249.65.35 - - [29/Apr/2025:03:30:30 -0400] "GET /?_gl=1*tzpy3w1*_ga*mvGznzmPMXJPJkWkCAzyEoaVJWIE*_ga_DPVECRHBN*DL086Ey7anBR1kHpZuWe2gb6KuVytMfRcajeonXPKotDhSEous8z7Is.*_gcl_au=1.1.195177486.175707179*_gcl_aw=BRG.177499738.itOLuE8gf4cACE5NNes3E0XDhpvtdYakHI7jdT2X8R4rfA6RE7kQdPeIIT0eSNlumuuLswGvRsK1HfAUVc6LtKQNKj..&_gz=2.193157381.195218596.178935487-865580304.161237071&_bdsid=avu59t.n~ZAFKN.172690659.173483987&_bd_prev_page=https://usaattorneyblog.com/site.php?29oql4025.html HTTP/1.1" 200 18543 "-" "Mozilla/5.0 (Linux; Android 6.0.1; Nexus 5X Build/MMB29P) AppleWebKit/537.36 (KHTML, like Gecko) Chrome/135.0.7049.95 Mobile Safari/537.36 (compatible; Googlebot/2.1; +http://www.google.com/bot.html)"
66.249.65.35 - - [29/Apr/2025:03:30:53 -0400] "GET /?_gl=1*tzpy3w1*_ga*mvGznzmPMXJPJkWkCAzyEoaVJWIE*_ga_DPVECRHBN*DL086Ey7anBR1kHpZuWe2gb6KuVytMfRcajeonXPKotDhSEous8z7Is.*_gcl_au=1.1.195177486.175707179*_gcl_aw=BRG.177499738.itOLuE8gf4cACE5NNes3E0XDhpvtdYakHI7jdT2X8R4rfA6RE7kQdPeIIT0eSNlumuuLswGvRsK1HfAUVc6LtKQNKj..&_gz=2.193157381.195218596.178935487-865580304.161237071&_bdsid=avu59t.n~ZAFKN.172690659.173483987&_bd_prev_page=https://usaattorneyblog.com/site.php?29uyh1115.html HTTP/1.1" 200 18806 "-" "Mozilla/5.0 (Linux; Android 6.0.1; Nexus 5X Build/MMB29P) AppleWebKit/537.36 (KHTML, like Gecko) Chrome/135.0.7049.95 Mobile Safari/537.36 (compatible; Googlebot/2.1; +http://www.google.com/bot.html)"
66.249.65.36 - - [29/Apr/2025:03:31:04 -0400] "GET /?_gl=1*tzpy3w1*_ga*mvGznzmPMXJPJkWkCAzyEoaVJWIE*_ga_DPVECRHBN*DL086Ey7anBR1kHpZuWe2gb6KuVytMfRcajeonXPKotDhSEous8z7Is.*_gcl_au=1.1.195177486.175707179*_gcl_aw=BRG.177499738.itOLuE8gf4cACE5NNes3E0XDhpvtdYakHI7jdT2X8R4rfA6RE7kQdPeIIT0eSNlumuuLswGvRsK1HfAUVc6LtKQNKj..&_gz=2.193157381.195218596.178935487-865580304.161237071&_bdsid=avu59t.n~ZAFKN.172690659.173483987&_bd_prev_page=https://usaattorneyblog.com/site.php?29rxot1143.html HTTP/1.1" 200 18809 "-" "Mozilla/5.0 (Linux; Android 6.0.1; Nexus 5X Build/MMB29P) AppleWebKit/537.36 (KHTML, like Gecko) Chrome/135.0.7049.95 Mobile Safari/537.36 (compatible; Googlebot/2.1; +http://www.google.com/bot.html)"
66.249.65.36 - - [29/Apr/2025:03:31:16 -0400] "GET /?_gl=1*tzpy3w1*_ga*mvGznzmPMXJPJkWkCAzyEoaVJWIE*_ga_DPVECRHBN*DL086Ey7anBR1kHpZuWe2gb6KuVytMfRcajeonXPKotDhSEous8z7Is.*_gcl_au=1.1.195177486.175707179*_gcl_aw=BRG.177499738.itOLuE8gf4cACE5NNes3E0XDhpvtdYakHI7jdT2X8R4rfA6RE7kQdPeIIT0eSNlumuuLswGvRsK1HfAUVc6LtKQNKj..&_gz=2.193157381.195218596.178935487-865580304.161237071&_bdsid=avu59t.n~ZAFKN.172690659.173483987&_bd_prev_page=https://usaattorneyblog.com/site.php?29xbai1263.html HTTP/1.1" 200 20501 "-" "Mozilla/5.0 (Linux; Android 6.0.1; Nexus 5X Build/MMB29P) AppleWebKit/537.36 (KHTML, like Gecko) Chrome/135.0.7049.95 Mobile Safari/537.36 (compatible; Googlebot/2.1; +http://www.google.com/bot.html)"
66.249.65.35 - - [29/Apr/2025:03:31:27 -0400] "GET /?_gl=1*tzpy3w1*_ga*mvGznzmPMXJPJkWkCAzyEoaVJWIE*_ga_DPVECRHBN*DL086Ey7anBR1kHpZuWe2gb6KuVytMfRcajeonXPKotDhSEous8z7Is.*_gcl_au=1.1.195177486.175707179*_gcl_aw=BRG.177499738.itOLuE8gf4cACE5NNes3E0XDhpvtdYakHI7jdT2X8R4rfA6RE7kQdPeIIT0eSNlumuuLswGvRsK1HfAUVc6LtKQNKj..&_gz=2.193157381.195218596.178935487-865580304.161237071&_bdsid=avu59t.n~ZAFKN.172690659.173483987&_bd_prev_page=https://usaattorneyblog.com/site.php?29elbh10071.html HTTP/1.1" 200 17854 "-" "Mozilla/5.0 (Linux; Android 6.0.1; Nexus 5X Build/MMB29P) AppleWebKit/537.36 (KHTML, like Gecko) Chrome/135.0.7049.95 Mobile Safari/537.36 (compatible; Googlebot/2.1; +http://www.google.com/bot.html)"
66.249.65.35 - - [29/Apr/2025:03:31:28 -0400] "GET /?_gl=1*tzpy3w1*_ga*mvGznzmPMXJPJkWkCAzyEoaVJWIE*_ga_DPVECRHBN*DL086Ey7anBR1kHpZuWe2gb6KuVytMfRcajeonXPKotDhSEous8z7Is.*_gcl_au=1.1.195177486.175707179*_gcl_aw=BRG.177499738.itOLuE8gf4cACE5NNes3E0XDhpvtdYakHI7jdT2X8R4rfA6RE7kQdPeIIT0eSNlumuuLswGvRsK1HfAUVc6LtKQNKj..&_gz=2.193157381.195218596.178935487-865580304.161237071&_bdsid=avu59t.n~ZAFKN.172690659.173483987&_bd_prev_page=https://usaattorneyblog.com/site.php?29blxdp3841.html HTTP/1.1" 200 17492 "-" "Mozilla/5.0 (Linux; Android 6.0.1; Nexus 5X Build/MMB29P) AppleWebKit/537.36 (KHTML, like Gecko) Chrome/135.0.7049.95 Mobile Safari/537.36 (compatible; Googlebot/2.1; +http://www.google.com/bot.html)"
66.249.65.35 - - [29/Apr/2025:03:31:50 -0400] "GET /?_gl=1*tzpy3w1*_ga*mvGznzmPMXJPJkWkCAzyEoaVJWIE*_ga_DPVECRHBN*DL086Ey7anBR1kHpZuWe2gb6KuVytMfRcajeonXPKotDhSEous8z7Is.*_gcl_au=1.1.195177486.175707179*_gcl_aw=BRG.177499738.itOLuE8gf4cACE5NNes3E0XDhpvtdYakHI7jdT2X8R4rfA6RE7kQdPeIIT0eSNlumuuLswGvRsK1HfAUVc6LtKQNKj..&_gz=2.193157381.195218596.178935487-865580304.161237071&_bdsid=avu59t.n~ZAFKN.172690659.173483987&_bd_prev_page=https://usaattorneyblog.com/site.php?29vir3795.html HTTP/1.1" 200 18192 "-" "Mozilla/5.0 (Linux; Android 6.0.1; Nexus 5X Build/MMB29P) AppleWebKit/537.36 (KHTML, like Gecko) Chrome/135.0.7049.95 Mobile Safari/537.36 (compatible; Googlebot/2.1; +http://www.google.com/bot.html)"
69.57.162.13 - - [29/Apr/2025:03:31:51 -0400] "POST /wp-cron.php?doing_wp_cron=1745911911.1899280548095703125000 HTTP/1.1" 403 1242 "-" "WordPress/6.8; https://usaattorneyblog.com"
114.80.36.40 - - [29/Apr/2025:03:31:50 -0400] "GET / HTTP/1.1" 301 0 "http://www.usaattorneyblog.com" "Mozilla/5.0 (iPhone; CPU iPhone OS 13_2_3 like Mac OS X) AppleWebKit/605.1.15 (KHTML, like Gecko) Version/13.0.3 Mobile/15E148 Safari/604.1"
114.80.36.40 - - [29/Apr/2025:03:31:59 -0400] "GET / HTTP/1.1" 200 17507 "https://www.usaattorneyblog.com/" "Mozilla/5.0 (iPhone; CPU iPhone OS 13_2_3 like Mac OS X) AppleWebKit/605.1.15 (KHTML, like Gecko) Version/13.0.3 Mobile/15E148 Safari/604.1"
66.249.65.36 - - [29/Apr/2025:03:32:06 -0400] "GET /?_gl=1*tzpy3w1*_ga*mvGznzmPMXJPJkWkCAzyEoaVJWIE*_ga_DPVECRHBN*DL086Ey7anBR1kHpZuWe2gb6KuVytMfRcajeonXPKotDhSEous8z7Is.*_gcl_au=1.1.195177486.175707179*_gcl_aw=BRG.177499738.itOLuE8gf4cACE5NNes3E0XDhpvtdYakHI7jdT2X8R4rfA6RE7kQdPeIIT0eSNlumuuLswGvRsK1HfAUVc6LtKQNKj..&_gz=2.193157381.195218596.178935487-865580304.161237071&_bdsid=avu59t.n~ZAFKN.172690659.173483987&_bd_prev_page=https://usaattorneyblog.com/site.php?29mdzby4063.html HTTP/1.1" 200 19459 "-" "Mozilla/5.0 (Linux; Android 6.0.1; Nexus 5X Build/MMB29P) AppleWebKit/537.36 (KHTML, like Gecko) Chrome/135.0.7049.95 Mobile Safari/537.36 (compatible; Googlebot/2.1; +http://www.google.com/bot.html)"
66.249.65.36 - - [29/Apr/2025:03:32:19 -0400] "GET /?_gl=1*tzpy3w1*_ga*mvGznzmPMXJPJkWkCAzyEoaVJWIE*_ga_DPVECRHBN*DL086Ey7anBR1kHpZuWe2gb6KuVytMfRcajeonXPKotDhSEous8z7Is.*_gcl_au=1.1.195177486.175707179*_gcl_aw=BRG.177499738.itOLuE8gf4cACE5NNes3E0XDhpvtdYakHI7jdT2X8R4rfA6RE7kQdPeIIT0eSNlumuuLswGvRsK1HfAUVc6LtKQNKj..&_gz=2.193157381.195218596.178935487-865580304.161237071&_bdsid=avu59t.n~ZAFKN.172690659.173483987&_bd_prev_page=https://usaattorneyblog.com/site.php?29eeu1185.html HTTP/1.1" 200 18869 "-" "Mozilla/5.0 (Linux; Android 6.0.1; Nexus 5X Build/MMB29P) AppleWebKit/537.36 (KHTML, like Gecko) Chrome/135.0.7049.95 Mobile Safari/537.36 (compatible; Googlebot/2.1; +http://www.google.com/bot.html)"
66.249.65.35 - - [29/Apr/2025:03:32:32 -0400] "GET /?_gl=1*tzpy3w1*_ga*mvGznzmPMXJPJkWkCAzyEoaVJWIE*_ga_DPVECRHBN*DL086Ey7anBR1kHpZuWe2gb6KuVytMfRcajeonXPKotDhSEous8z7Is.*_gcl_au=1.1.195177486.175707179*_gcl_aw=BRG.177499738.itOLuE8gf4cACE5NNes3E0XDhpvtdYakHI7jdT2X8R4rfA6RE7kQdPeIIT0eSNlumuuLswGvRsK1HfAUVc6LtKQNKj..&_gz=2.193157381.195218596.178935487-865580304.161237071&_bdsid=avu59t.n~ZAFKN.172690659.173483987&_bd_prev_page=https://usaattorneyblog.com/site.php?29yrcx3997.html HTTP/1.1" 200 18794 "-" "Mozilla/5.0 (Linux; Android 6.0.1; Nexus 5X Build/MMB29P) AppleWebKit/537.36 (KHTML, like Gecko) Chrome/135.0.7049.95 Mobile Safari/537.36 (compatible; Googlebot/2.1; +http://www.google.com/bot.html)"
114.119.156.172 - - [29/Apr/2025:03:32:43 -0400] "GET /wp-includes/class-wp-recovery-mode.php HTTP/1.1" 403 1242 "https://usaattorneyblog.com/wp-includes/" "Mozilla/5.0 (Linux; Android 7.0;) AppleWebKit/537.36 (KHTML, like Gecko) Mobile Safari/537.36 (compatible; PetalBot;+https://webmaster.petalsearch.com/site/petalbot)"
43.153.85.46 - - [29/Apr/2025:03:32:45 -0400] "GET /tag/personal-injury-lawyer/feed/ HTTP/1.1" 200 1135 "-" "Mozilla/5.0 (iPhone; CPU iPhone OS 13_2_3 like Mac OS X) AppleWebKit/605.1.15 (KHTML, like Gecko) Version/13.0.3 Mobile/15E148 Safari/604.1"
66.249.65.35 - - [29/Apr/2025:03:32:57 -0400] "GET /?_gl=1*tzpy3w1*_ga*mvGznzmPMXJPJkWkCAzyEoaVJWIE*_ga_DPVECRHBN*DL086Ey7anBR1kHpZuWe2gb6KuVytMfRcajeonXPKotDhSEous8z7Is.*_gcl_au=1.1.195177486.175707179*_gcl_aw=BRG.177499738.itOLuE8gf4cACE5NNes3E0XDhpvtdYakHI7jdT2X8R4rfA6RE7kQdPeIIT0eSNlumuuLswGvRsK1HfAUVc6LtKQNKj..&_gz=2.193157381.195218596.178935487-865580304.161237071&_bdsid=avu59t.n~ZAFKN.172690659.173483987&_bd_prev_page=https://usaattorneyblog.com/site.php?29eexdg1151.html HTTP/1.1" 200 18282 "-" "Mozilla/5.0 (Linux; Android 6.0.1; Nexus 5X Build/MMB29P) AppleWebKit/537.36 (KHTML, like Gecko) Chrome/135.0.7049.95 Mobile Safari/537.36 (compatible; Googlebot/2.1; +http://www.google.com/bot.html)"
66.249.65.36 - - [29/Apr/2025:03:33:12 -0400] "GET /?_gl=1*tzpy3w1*_ga*mvGznzmPMXJPJkWkCAzyEoaVJWIE*_ga_DPVECRHBN*DL086Ey7anBR1kHpZuWe2gb6KuVytMfRcajeonXPKotDhSEous8z7Is.*_gcl_au=1.1.195177486.175707179*_gcl_aw=BRG.177499738.itOLuE8gf4cACE5NNes3E0XDhpvtdYakHI7jdT2X8R4rfA6RE7kQdPeIIT0eSNlumuuLswGvRsK1HfAUVc6LtKQNKj..&_gz=2.193157381.195218596.178935487-865580304.161237071&_bdsid=avu59t.n~ZAFKN.172690659.173483987&_bd_prev_page=https://usaattorneyblog.com/site.php?29ktb4071.html HTTP/1.1" 200 19912 "-" "Mozilla/5.0 (Linux; Android 6.0.1; Nexus 5X Build/MMB29P) AppleWebKit/537.36 (KHTML, like Gecko) Chrome/135.0.7049.95 Mobile Safari/537.36 (compatible; Googlebot/2.1; +http://www.google.com/bot.html)"
66.249.65.36 - - [29/Apr/2025:03:33:13 -0400] "GET /?_gl=1*tzpy3w1*_ga*mvGznzmPMXJPJkWkCAzyEoaVJWIE*_ga_DPVECRHBN*DL086Ey7anBR1kHpZuWe2gb6KuVytMfRcajeonXPKotDhSEous8z7Is.*_gcl_au=1.1.195177486.175707179*_gcl_aw=BRG.177499738.itOLuE8gf4cACE5NNes3E0XDhpvtdYakHI7jdT2X8R4rfA6RE7kQdPeIIT0eSNlumuuLswGvRsK1HfAUVc6LtKQNKj..&_gz=2.193157381.195218596.178935487-865580304.161237071&_bdsid=avu59t.n~ZAFKN.172690659.173483987&_bd_prev_page=https://usaattorneyblog.com/site.php?29lnuph23061.html HTTP/1.1" 200 19211 "-" "Mozilla/5.0 (Linux; Android 6.0.1; Nexus 5X Build/MMB29P) AppleWebKit/537.36 (KHTML, like Gecko) Chrome/135.0.7049.95 Mobile Safari/537.36 (compatible; Googlebot/2.1; +http://www.google.com/bot.html)"
66.249.65.36 - - [29/Apr/2025:03:33:27 -0400] "GET /?_gl=1*tzpy3w1*_ga*mvGznzmPMXJPJkWkCAzyEoaVJWIE*_ga_DPVECRHBN*DL086Ey7anBR1kHpZuWe2gb6KuVytMfRcajeonXPKotDhSEous8z7Is.*_gcl_au=1.1.195177486.175707179*_gcl_aw=BRG.177499738.itOLuE8gf4cACE5NNes3E0XDhpvtdYakHI7jdT2X8R4rfA6RE7kQdPeIIT0eSNlumuuLswGvRsK1HfAUVc6LtKQNKj..&_gz=2.193157381.195218596.178935487-865580304.161237071&_bdsid=avu59t.n~ZAFKN.172690659.173483987&_bd_prev_page=https://usaattorneyblog.com/site.php?23jwx12535.html HTTP/1.1" 200 17447 "-" "Mozilla/5.0 (Linux; Android 6.0.1; Nexus 5X Build/MMB29P) AppleWebKit/537.36 (KHTML, like Gecko) Chrome/135.0.7049.95 Mobile Safari/537.36 (compatible; Googlebot/2.1; +http://www.google.com/bot.html)"
207.46.13.124 - - [29/Apr/2025:03:33:37 -0400] "GET /premium-french-roulette-casinos/ HTTP/1.1" 200 17 "-" "Mozilla/5.0 AppleWebKit/537.36 (KHTML, like Gecko; compatible; bingbot/2.0; +http://www.bing.com/bingbot.htm) Chrome/116.0.1938.76 Safari/537.36"
66.249.65.35 - - [29/Apr/2025:03:34:00 -0400] "GET /?_gl=1*tzpy3w1*_ga*mvGznzmPMXJPJkWkCAzyEoaVJWIE*_ga_DPVECRHBN*DL086Ey7anBR1kHpZuWe2gb6KuVytMfRcajeonXPKotDhSEous8z7Is.*_gcl_au=1.1.195177486.175707179*_gcl_aw=BRG.177499738.itOLuE8gf4cACE5NNes3E0XDhpvtdYakHI7jdT2X8R4rfA6RE7kQdPeIIT0eSNlumuuLswGvRsK1HfAUVc6LtKQNKj..&_gz=2.193157381.195218596.178935487-865580304.161237071&_bdsid=avu59t.n~ZAFKN.172690659.173483987&_bd_prev_page=https://usaattorneyblog.com/site.php?58kcpod2822.html HTTP/1.1" 200 18385 "-" "Mozilla/5.0 (Linux; Android 6.0.1; Nexus 5X Build/MMB29P) AppleWebKit/537.36 (KHTML, like Gecko) Chrome/135.0.7049.95 Mobile Safari/537.36 (compatible; Googlebot/2.1; +http://www.google.com/bot.html)"
66.249.65.35 - - [29/Apr/2025:03:34:06 -0400] "GET /?_gl=1*tzpy3w1*_ga*mvGznzmPMXJPJkWkCAzyEoaVJWIE*_ga_DPVECRHBN*DL086Ey7anBR1kHpZuWe2gb6KuVytMfRcajeonXPKotDhSEous8z7Is.*_gcl_au=1.1.195177486.175707179*_gcl_aw=BRG.177499738.itOLuE8gf4cACE5NNes3E0XDhpvtdYakHI7jdT2X8R4rfA6RE7kQdPeIIT0eSNlumuuLswGvRsK1HfAUVc6LtKQNKj..&_gz=2.193157381.195218596.178935487-865580304.161237071&_bdsid=avu59t.n~ZAFKN.172690659.173483987&_bd_prev_page=https://usaattorneyblog.com/site.php?58jeojw2810.html HTTP/1.1" 200 18876 "-" "Mozilla/5.0 (Linux; Android 6.0.1; Nexus 5X Build/MMB29P) AppleWebKit/537.36 (KHTML, like Gecko) Chrome/135.0.7049.95 Mobile Safari/537.36 (compatible; Googlebot/2.1; +http://www.google.com/bot.html)"
66.249.65.35 - - [29/Apr/2025:03:34:15 -0400] "GET /?_gl=1*tzpy3w1*_ga*mvGznzmPMXJPJkWkCAzyEoaVJWIE*_ga_DPVECRHBN*DL086Ey7anBR1kHpZuWe2gb6KuVytMfRcajeonXPKotDhSEous8z7Is.*_gcl_au=1.1.195177486.175707179*_gcl_aw=BRG.177499738.itOLuE8gf4cACE5NNes3E0XDhpvtdYakHI7jdT2X8R4rfA6RE7kQdPeIIT0eSNlumuuLswGvRsK1HfAUVc6LtKQNKj..&_gz=2.193157381.195218596.178935487-865580304.161237071&_bdsid=avu59t.n~ZAFKN.172690659.173483987&_bd_prev_page=https://usaattorneyblog.com/site.php?58rrimp2766.html HTTP/1.1" 200 20681 "-" "Mozilla/5.0 (Linux; Android 6.0.1; Nexus 5X Build/MMB29P) AppleWebKit/537.36 (KHTML, like Gecko) Chrome/135.0.7049.95 Mobile Safari/537.36 (compatible; Googlebot/2.1; +http://www.google.com/bot.html)"
66.249.65.35 - - [29/Apr/2025:03:34:28 -0400] "GET /?_gl=1*tzpy3w1*_ga*mvGznzmPMXJPJkWkCAzyEoaVJWIE*_ga_DPVECRHBN*DL086Ey7anBR1kHpZuWe2gb6KuVytMfRcajeonXPKotDhSEous8z7Is.*_gcl_au=1.1.195177486.175707179*_gcl_aw=BRG.177499738.itOLuE8gf4cACE5NNes3E0XDhpvtdYakHI7jdT2X8R4rfA6RE7kQdPeIIT0eSNlumuuLswGvRsK1HfAUVc6LtKQNKj..&_gz=2.193157381.195218596.178935487-865580304.161237071&_bdsid=avu59t.n~ZAFKN.172690659.173483987&_bd_prev_page=https://usaattorneyblog.com/site.php?58gbxv44080.html HTTP/1.1" 200 19678 "-" "Mozilla/5.0 (Linux; Android 6.0.1; Nexus 5X Build/MMB29P) AppleWebKit/537.36 (KHTML, like Gecko) Chrome/135.0.7049.95 Mobile Safari/537.36 (compatible; Googlebot/2.1; +http://www.google.com/bot.html)"
66.249.65.35 - - [29/Apr/2025:03:34:54 -0400] "GET /?_gl=1*tzpy3w1*_ga*mvGznzmPMXJPJkWkCAzyEoaVJWIE*_ga_DPVECRHBN*DL086Ey7anBR1kHpZuWe2gb6KuVytMfRcajeonXPKotDhSEous8z7Is.*_gcl_au=1.1.195177486.175707179*_gcl_aw=BRG.177499738.itOLuE8gf4cACE5NNes3E0XDhpvtdYakHI7jdT2X8R4rfA6RE7kQdPeIIT0eSNlumuuLswGvRsK1HfAUVc6LtKQNKj..&_gz=2.193157381.195218596.178935487-865580304.161237071&_bdsid=avu59t.n~ZAFKN.172690659.173483987&_bd_prev_page=https://usaattorneyblog.com/site.php?58hfyt2804.html HTTP/1.1" 200 20162 "-" "Mozilla/5.0 (Linux; Android 6.0.1; Nexus 5X Build/MMB29P) AppleWebKit/537.36 (KHTML, like Gecko) Chrome/135.0.7049.95 Mobile Safari/537.36 (compatible; Googlebot/2.1; +http://www.google.com/bot.html)"
66.249.65.36 - - [29/Apr/2025:03:35:07 -0400] "GET /?_gl=1*tzpy3w1*_ga*mvGznzmPMXJPJkWkCAzyEoaVJWIE*_ga_DPVECRHBN*DL086Ey7anBR1kHpZuWe2gb6KuVytMfRcajeonXPKotDhSEous8z7Is.*_gcl_au=1.1.195177486.175707179*_gcl_aw=BRG.177499738.itOLuE8gf4cACE5NNes3E0XDhpvtdYakHI7jdT2X8R4rfA6RE7kQdPeIIT0eSNlumuuLswGvRsK1HfAUVc6LtKQNKj..&_gz=2.193157381.195218596.178935487-865580304.161237071&_bdsid=avu59t.n~ZAFKN.172690659.173483987&_bd_prev_page=https://usaattorneyblog.com/site.php?58uuraa2756.html HTTP/1.1" 200 18940 "-" "Mozilla/5.0 (Linux; Android 6.0.1; Nexus 5X Build/MMB29P) AppleWebKit/537.36 (KHTML, like Gecko) Chrome/135.0.7049.95 Mobile Safari/537.36 (compatible; Googlebot/2.1; +http://www.google.com/bot.html)"
40.77.167.158 - - [29/Apr/2025:03:35:19 -0400] "GET /android-casino-games-in-uk/ HTTP/1.1" 200 17 "-" "Mozilla/5.0 AppleWebKit/537.36 (KHTML, like Gecko; compatible; bingbot/2.0; +http://www.bing.com/bingbot.htm) Chrome/116.0.1938.76 Safari/537.36"
66.249.65.36 - - [29/Apr/2025:03:35:26 -0400] "GET /?_gl=1*tzpy3w1*_ga*mvGznzmPMXJPJkWkCAzyEoaVJWIE*_ga_DPVECRHBN*DL086Ey7anBR1kHpZuWe2gb6KuVytMfRcajeonXPKotDhSEous8z7Is.*_gcl_au=1.1.195177486.175707179*_gcl_aw=BRG.177499738.itOLuE8gf4cACE5NNes3E0XDhpvtdYakHI7jdT2X8R4rfA6RE7kQdPeIIT0eSNlumuuLswGvRsK1HfAUVc6LtKQNKj..&_gz=2.193157381.195218596.178935487-865580304.161237071&_bdsid=avu59t.n~ZAFKN.172690659.173483987&_bd_prev_page=https://usaattorneyblog.com/site.php?29lggn3923.html HTTP/1.1" 200 19157 "-" "Mozilla/5.0 (Linux; Android 6.0.1; Nexus 5X Build/MMB29P) AppleWebKit/537.36 (KHTML, like Gecko) Chrome/135.0.7049.95 Mobile Safari/537.36 (compatible; Googlebot/2.1; +http://www.google.com/bot.html)"
66.249.65.35 - - [29/Apr/2025:03:35:41 -0400] "GET /?_gl=1*tzpy3w1*_ga*mvGznzmPMXJPJkWkCAzyEoaVJWIE*_ga_DPVECRHBN*DL086Ey7anBR1kHpZuWe2gb6KuVytMfRcajeonXPKotDhSEous8z7Is.*_gcl_au=1.1.195177486.175707179*_gcl_aw=BRG.177499738.itOLuE8gf4cACE5NNes3E0XDhpvtdYakHI7jdT2X8R4rfA6RE7kQdPeIIT0eSNlumuuLswGvRsK1HfAUVc6LtKQNKj..&_gz=2.193157381.195218596.178935487-865580304.161237071&_bdsid=avu59t.n~ZAFKN.172690659.173483987&_bd_prev_page=https://usaattorneyblog.com/site.php?58ntmr44190.html HTTP/1.1" 200 19901 "-" "Mozilla/5.0 (Linux; Android 6.0.1; Nexus 5X Build/MMB29P) AppleWebKit/537.36 (KHTML, like Gecko) Chrome/135.0.7049.95 Mobile Safari/537.36 (compatible; Googlebot/2.1; +http://www.google.com/bot.html)"
66.249.65.35 - - [29/Apr/2025:03:35:52 -0400] "GET /?_gl=1*tzpy3w1*_ga*mvGznzmPMXJPJkWkCAzyEoaVJWIE*_ga_DPVECRHBN*DL086Ey7anBR1kHpZuWe2gb6KuVytMfRcajeonXPKotDhSEous8z7Is.*_gcl_au=1.1.195177486.175707179*_gcl_aw=BRG.177499738.itOLuE8gf4cACE5NNes3E0XDhpvtdYakHI7jdT2X8R4rfA6RE7kQdPeIIT0eSNlumuuLswGvRsK1HfAUVc6LtKQNKj..&_gz=2.193157381.195218596.178935487-865580304.161237071&_bdsid=avu59t.n~ZAFKN.172690659.173483987&_bd_prev_page=https://usaattorneyblog.com/site.php?58tdu2806.html HTTP/1.1" 200 19059 "-" "Mozilla/5.0 (Linux; Android 6.0.1; Nexus 5X Build/MMB29P) AppleWebKit/537.36 (KHTML, like Gecko) Chrome/135.0.7049.95 Mobile Safari/537.36 (compatible; Googlebot/2.1; +http://www.google.com/bot.html)"
66.249.65.35 - - [29/Apr/2025:03:36:15 -0400] "GET /?_gl=1*tzpy3w1*_ga*mvGznzmPMXJPJkWkCAzyEoaVJWIE*_ga_DPVECRHBN*DL086Ey7anBR1kHpZuWe2gb6KuVytMfRcajeonXPKotDhSEous8z7Is.*_gcl_au=1.1.195177486.175707179*_gcl_aw=BRG.177499738.itOLuE8gf4cACE5NNes3E0XDhpvtdYakHI7jdT2X8R4rfA6RE7kQdPeIIT0eSNlumuuLswGvRsK1HfAUVc6LtKQNKj..&_gz=2.193157381.195218596.178935487-865580304.161237071&_bdsid=avu59t.n~ZAFKN.172690659.173483987&_bd_prev_page=https://usaattorneyblog.com/site.php?58kwvys42092.html HTTP/1.1" 200 19756 "-" "Mozilla/5.0 (Linux; Android 6.0.1; Nexus 5X Build/MMB29P) AppleWebKit/537.36 (KHTML, like Gecko) Chrome/135.0.7049.95 Mobile Safari/537.36 (compatible; Googlebot/2.1; +http://www.google.com/bot.html)"
66.249.65.36 - - [29/Apr/2025:03:36:27 -0400] "GET /?_gl=1*tzpy3w1*_ga*mvGznzmPMXJPJkWkCAzyEoaVJWIE*_ga_DPVECRHBN*DL086Ey7anBR1kHpZuWe2gb6KuVytMfRcajeonXPKotDhSEous8z7Is.*_gcl_au=1.1.195177486.175707179*_gcl_aw=BRG.177499738.itOLuE8gf4cACE5NNes3E0XDhpvtdYakHI7jdT2X8R4rfA6RE7kQdPeIIT0eSNlumuuLswGvRsK1HfAUVc6LtKQNKj..&_gz=2.193157381.195218596.178935487-865580304.161237071&_bdsid=avu59t.n~ZAFKN.172690659.173483987&_bd_prev_page=https://usaattorneyblog.com/site.php?58jzzfj2796.html HTTP/1.1" 200 20148 "-" "Mozilla/5.0 (Linux; Android 6.0.1; Nexus 5X Build/MMB29P) AppleWebKit/537.36 (KHTML, like Gecko) Chrome/135.0.7049.95 Mobile Safari/537.36 (compatible; Googlebot/2.1; +http://www.google.com/bot.html)"
66.249.65.35 - - [29/Apr/2025:03:36:38 -0400] "GET /?_gl=1*tzpy3w1*_ga*mvGznzmPMXJPJkWkCAzyEoaVJWIE*_ga_DPVECRHBN*DL086Ey7anBR1kHpZuWe2gb6KuVytMfRcajeonXPKotDhSEous8z7Is.*_gcl_au=1.1.195177486.175707179*_gcl_aw=BRG.177499738.itOLuE8gf4cACE5NNes3E0XDhpvtdYakHI7jdT2X8R4rfA6RE7kQdPeIIT0eSNlumuuLswGvRsK1HfAUVc6LtKQNKj..&_gz=2.193157381.195218596.178935487-865580304.161237071&_bdsid=avu59t.n~ZAFKN.172690659.173483987&_bd_prev_page=https://usaattorneyblog.com/site.php?58eatwl42172.html HTTP/1.1" 200 18945 "-" "Mozilla/5.0 (Linux; Android 6.0.1; Nexus 5X Build/MMB29P) AppleWebKit/537.36 (KHTML, like Gecko) Chrome/135.0.7049.95 Mobile Safari/537.36 (compatible; Googlebot/2.1; +http://www.google.com/bot.html)"
114.119.153.49 - - [29/Apr/2025:03:36:51 -0400] "GET /wp-includes/class-wp-block-parser.php HTTP/1.1" 403 1242 "https://usaattorneyblog.com/wp-includes/" "Mozilla/5.0 (Linux; Android 7.0;) AppleWebKit/537.36 (KHTML, like Gecko) Mobile Safari/537.36 (compatible; PetalBot;+https://webmaster.petalsearch.com/site/petalbot)"
66.249.65.35 - - [29/Apr/2025:03:37:12 -0400] "GET /?_gl=1*tzpy3w1*_ga*mvGznzmPMXJPJkWkCAzyEoaVJWIE*_ga_DPVECRHBN*DL086Ey7anBR1kHpZuWe2gb6KuVytMfRcajeonXPKotDhSEous8z7Is.*_gcl_au=1.1.195177486.175707179*_gcl_aw=BRG.177499738.itOLuE8gf4cACE5NNes3E0XDhpvtdYakHI7jdT2X8R4rfA6RE7kQdPeIIT0eSNlumuuLswGvRsK1HfAUVc6LtKQNKj..&_gz=2.193157381.195218596.178935487-865580304.161237071&_bdsid=avu59t.n~ZAFKN.172690659.173483987&_bd_prev_page=https://usaattorneyblog.com/site.php?58gsq42148.html HTTP/1.1" 200 18383 "-" "Mozilla/5.0 (Linux; Android 6.0.1; Nexus 5X Build/MMB29P) AppleWebKit/537.36 (KHTML, like Gecko) Chrome/135.0.7049.95 Mobile Safari/537.36 (compatible; Googlebot/2.1; +http://www.google.com/bot.html)"
66.249.65.36 - - [29/Apr/2025:03:37:24 -0400] "GET /?_gl=1*tzpy3w1*_ga*mvGznzmPMXJPJkWkCAzyEoaVJWIE*_ga_DPVECRHBN*DL086Ey7anBR1kHpZuWe2gb6KuVytMfRcajeonXPKotDhSEous8z7Is.*_gcl_au=1.1.195177486.175707179*_gcl_aw=BRG.177499738.itOLuE8gf4cACE5NNes3E0XDhpvtdYakHI7jdT2X8R4rfA6RE7kQdPeIIT0eSNlumuuLswGvRsK1HfAUVc6LtKQNKj..&_gz=2.193157381.195218596.178935487-865580304.161237071&_bdsid=avu59t.n~ZAFKN.172690659.173483987&_bd_prev_page=https://usaattorneyblog.com/site.php?58nmsg2832.html HTTP/1.1" 200 19303 "-" "Mozilla/5.0 (Linux; Android 6.0.1; Nexus 5X Build/MMB29P) AppleWebKit/537.36 (KHTML, like Gecko) Chrome/135.0.7049.95 Mobile Safari/537.36 (compatible; Googlebot/2.1; +http://www.google.com/bot.html)"
66.249.65.35 - - [29/Apr/2025:03:37:30 -0400] "GET /?_gl=1*tzpy3w1*_ga*mvGznzmPMXJPJkWkCAzyEoaVJWIE*_ga_DPVECRHBN*DL086Ey7anBR1kHpZuWe2gb6KuVytMfRcajeonXPKotDhSEous8z7Is.*_gcl_au=1.1.195177486.175707179*_gcl_aw=BRG.177499738.itOLuE8gf4cACE5NNes3E0XDhpvtdYakHI7jdT2X8R4rfA6RE7kQdPeIIT0eSNlumuuLswGvRsK1HfAUVc6LtKQNKj..&_gz=2.193157381.195218596.178935487-865580304.161237071&_bdsid=avu59t.n~ZAFKN.172690659.173483987&_bd_prev_page=https://usaattorneyblog.com/site.php?58nyxfx2772.html HTTP/1.1" 200 20021 "-" "Mozilla/5.0 (Linux; Android 6.0.1; Nexus 5X Build/MMB29P) AppleWebKit/537.36 (KHTML, like Gecko) Chrome/135.0.7049.95 Mobile Safari/537.36 (compatible; Googlebot/2.1; +http://www.google.com/bot.html)"
66.249.65.35 - - [29/Apr/2025:03:37:56 -0400] "GET /?_gl=1*tzpy3w1*_ga*mvGznzmPMXJPJkWkCAzyEoaVJWIE*_ga_DPVECRHBN*DL086Ey7anBR1kHpZuWe2gb6KuVytMfRcajeonXPKotDhSEous8z7Is.*_gcl_au=1.1.195177486.175707179*_gcl_aw=BRG.177499738.itOLuE8gf4cACE5NNes3E0XDhpvtdYakHI7jdT2X8R4rfA6RE7kQdPeIIT0eSNlumuuLswGvRsK1HfAUVc6LtKQNKj..&_gz=2.193157381.195218596.178935487-865580304.161237071&_bdsid=avu59t.n~ZAFKN.172690659.173483987&_bd_prev_page=https://usaattorneyblog.com/site.php?89pjsna27411.html HTTP/1.1" 200 18854 "-" "Mozilla/5.0 (Linux; Android 6.0.1; Nexus 5X Build/MMB29P) AppleWebKit/537.36 (KHTML, like Gecko) Chrome/135.0.7049.95 Mobile Safari/537.36 (compatible; Googlebot/2.1; +http://www.google.com/bot.html)"
66.249.65.36 - - [29/Apr/2025:03:38:09 -0400] "GET /?_gl=1*tzpy3w1*_ga*mvGznzmPMXJPJkWkCAzyEoaVJWIE*_ga_DPVECRHBN*DL086Ey7anBR1kHpZuWe2gb6KuVytMfRcajeonXPKotDhSEous8z7Is.*_gcl_au=1.1.195177486.175707179*_gcl_aw=BRG.177499738.itOLuE8gf4cACE5NNes3E0XDhpvtdYakHI7jdT2X8R4rfA6RE7kQdPeIIT0eSNlumuuLswGvRsK1HfAUVc6LtKQNKj..&_gz=2.193157381.195218596.178935487-865580304.161237071&_bdsid=avu59t.n~ZAFKN.172690659.173483987&_bd_prev_page=https://usaattorneyblog.com/site.php?58ltkms48868.html HTTP/1.1" 200 20282 "-" "Mozilla/5.0 (Linux; Android 6.0.1; Nexus 5X Build/MMB29P) AppleWebKit/537.36 (KHTML, like Gecko) Chrome/135.0.7049.95 Mobile Safari/537.36 (compatible; Googlebot/2.1; +http://www.google.com/bot.html)"
66.249.65.35 - - [29/Apr/2025:03:38:25 -0400] "GET /?_gl=1*tzpy3w1*_ga*mvGznzmPMXJPJkWkCAzyEoaVJWIE*_ga_DPVECRHBN*DL086Ey7anBR1kHpZuWe2gb6KuVytMfRcajeonXPKotDhSEous8z7Is.*_gcl_au=1.1.195177486.175707179*_gcl_aw=BRG.177499738.itOLuE8gf4cACE5NNes3E0XDhpvtdYakHI7jdT2X8R4rfA6RE7kQdPeIIT0eSNlumuuLswGvRsK1HfAUVc6LtKQNKj..&_gz=2.193157381.195218596.178935487-865580304.161237071&_bdsid=avu59t.n~ZAFKN.172690659.173483987&_bd_prev_page=https://usaattorneyblog.com/site.php?29ajv23383.html HTTP/1.1" 200 18336 "-" "Mozilla/5.0 (Linux; Android 6.0.1; Nexus 5X Build/MMB29P) AppleWebKit/537.36 (KHTML, like Gecko) Chrome/135.0.7049.95 Mobile Safari/537.36 (compatible; Googlebot/2.1; +http://www.google.com/bot.html)"
66.249.65.36 - - [29/Apr/2025:03:38:25 -0400] "GET /?_gl=1*tzpy3w1*_ga*mvGznzmPMXJPJkWkCAzyEoaVJWIE*_ga_DPVECRHBN*DL086Ey7anBR1kHpZuWe2gb6KuVytMfRcajeonXPKotDhSEous8z7Is.*_gcl_au=1.1.195177486.175707179*_gcl_aw=BRG.177499738.itOLuE8gf4cACE5NNes3E0XDhpvtdYakHI7jdT2X8R4rfA6RE7kQdPeIIT0eSNlumuuLswGvRsK1HfAUVc6LtKQNKj..&_gz=2.193157381.195218596.178935487-865580304.161237071&_bdsid=avu59t.n~ZAFKN.172690659.173483987&_bd_prev_page=https://usaattorneyblog.com/site.php?89gcumt27319.html HTTP/1.1" 200 18329 "-" "Mozilla/5.0 (Linux; Android 6.0.1; Nexus 5X Build/MMB29P) AppleWebKit/537.36 (KHTML, like Gecko) Chrome/135.0.7049.95 Mobile Safari/537.36 (compatible; Googlebot/2.1; +http://www.google.com/bot.html)"
66.249.65.35 - - [29/Apr/2025:03:38:36 -0400] "GET /?_gl=1*tzpy3w1*_ga*mvGznzmPMXJPJkWkCAzyEoaVJWIE*_ga_DPVECRHBN*DL086Ey7anBR1kHpZuWe2gb6KuVytMfRcajeonXPKotDhSEous8z7Is.*_gcl_au=1.1.195177486.175707179*_gcl_aw=BRG.177499738.itOLuE8gf4cACE5NNes3E0XDhpvtdYakHI7jdT2X8R4rfA6RE7kQdPeIIT0eSNlumuuLswGvRsK1HfAUVc6LtKQNKj..&_gz=2.193157381.195218596.178935487-865580304.161237071&_bdsid=avu59t.n~ZAFKN.172690659.173483987&_bd_prev_page=https://usaattorneyblog.com/site.php?58vwa16402.html HTTP/1.1" 200 18433 "-" "Mozilla/5.0 (Linux; Android 6.0.1; Nexus 5X Build/MMB29P) AppleWebKit/537.36 (KHTML, like Gecko) Chrome/135.0.7049.95 Mobile Safari/537.36 (compatible; Googlebot/2.1; +http://www.google.com/bot.html)"
66.249.65.36 - - [29/Apr/2025:03:39:01 -0400] "GET /?_gl=1*tzpy3w1*_ga*mvGznzmPMXJPJkWkCAzyEoaVJWIE*_ga_DPVECRHBN*DL086Ey7anBR1kHpZuWe2gb6KuVytMfRcajeonXPKotDhSEous8z7Is.*_gcl_au=1.1.195177486.175707179*_gcl_aw=BRG.177499738.itOLuE8gf4cACE5NNes3E0XDhpvtdYakHI7jdT2X8R4rfA6RE7kQdPeIIT0eSNlumuuLswGvRsK1HfAUVc6LtKQNKj..&_gz=2.193157381.195218596.178935487-865580304.161237071&_bdsid=avu59t.n~ZAFKN.172690659.173483987&_bd_prev_page=https://usaattorneyblog.com/site.php?58pyh20626.html HTTP/1.1" 200 18429 "-" "Mozilla/5.0 (Linux; Android 6.0.1; Nexus 5X Build/MMB29P) AppleWebKit/537.36 (KHTML, like Gecko) Chrome/135.0.7049.95 Mobile Safari/537.36 (compatible; Googlebot/2.1; +http://www.google.com/bot.html)"
66.249.65.35 - - [29/Apr/2025:03:39:14 -0400] "GET /?_gl=1*tzpy3w1*_ga*mvGznzmPMXJPJkWkCAzyEoaVJWIE*_ga_DPVECRHBN*DL086Ey7anBR1kHpZuWe2gb6KuVytMfRcajeonXPKotDhSEous8z7Is.*_gcl_au=1.1.195177486.175707179*_gcl_aw=BRG.177499738.itOLuE8gf4cACE5NNes3E0XDhpvtdYakHI7jdT2X8R4rfA6RE7kQdPeIIT0eSNlumuuLswGvRsK1HfAUVc6LtKQNKj..&_gz=2.193157381.195218596.178935487-865580304.161237071&_bdsid=avu59t.n~ZAFKN.172690659.173483987&_bd_prev_page=https://usaattorneyblog.com/site.php?89decj27277.html HTTP/1.1" 200 20178 "-" "Mozilla/5.0 (Linux; Android 6.0.1; Nexus 5X Build/MMB29P) AppleWebKit/537.36 (KHTML, like Gecko) Chrome/135.0.7049.95 Mobile Safari/537.36 (compatible; Googlebot/2.1; +http://www.google.com/bot.html)"
51.222.253.9 - - [29/Apr/2025:03:39:47 -0400] "GET /sitemap-22.xml HTTP/1.1" 200 17 "-" "Mozilla/5.0 (compatible; AhrefsBot/7.0; +http://ahrefs.com/robot/)"
66.249.65.35 - - [29/Apr/2025:03:39:48 -0400] "GET /?_gl=1*tzpy3w1*_ga*mvGznzmPMXJPJkWkCAzyEoaVJWIE*_ga_DPVECRHBN*DL086Ey7anBR1kHpZuWe2gb6KuVytMfRcajeonXPKotDhSEous8z7Is.*_gcl_au=1.1.195177486.175707179*_gcl_aw=BRG.177499738.itOLuE8gf4cACE5NNes3E0XDhpvtdYakHI7jdT2X8R4rfA6RE7kQdPeIIT0eSNlumuuLswGvRsK1HfAUVc6LtKQNKj..&_gz=2.193157381.195218596.178935487-865580304.161237071&_bdsid=avu59t.n~ZAFKN.172690659.173483987&_bd_prev_page=https://usaattorneyblog.com/site.php?58nrt16398.html HTTP/1.1" 200 18959 "-" "Mozilla/5.0 (Linux; Android 6.0.1; Nexus 5X Build/MMB29P) AppleWebKit/537.36 (KHTML, like Gecko) Chrome/135.0.7049.95 Mobile Safari/537.36 (compatible; Googlebot/2.1; +http://www.google.com/bot.html)"
66.249.65.35 - - [29/Apr/2025:03:39:49 -0400] "GET /?_gl=1*tzpy3w1*_ga*mvGznzmPMXJPJkWkCAzyEoaVJWIE*_ga_DPVECRHBN*DL086Ey7anBR1kHpZuWe2gb6KuVytMfRcajeonXPKotDhSEous8z7Is.*_gcl_au=1.1.195177486.175707179*_gcl_aw=BRG.177499738.itOLuE8gf4cACE5NNes3E0XDhpvtdYakHI7jdT2X8R4rfA6RE7kQdPeIIT0eSNlumuuLswGvRsK1HfAUVc6LtKQNKj..&_gz=2.193157381.195218596.178935487-865580304.161237071&_bdsid=avu59t.n~ZAFKN.172690659.173483987&_bd_prev_page=https://usaattorneyblog.com/site.php?29yrca10565.html HTTP/1.1" 200 19111 "-" "Mozilla/5.0 (Linux; Android 6.0.1; Nexus 5X Build/MMB29P) AppleWebKit/537.36 (KHTML, like Gecko) Chrome/135.0.7049.95 Mobile Safari/537.36 (compatible; Googlebot/2.1; +http://www.google.com/bot.html)"
66.249.65.36 - - [29/Apr/2025:03:40:11 -0400] "GET /?_gl=1*tzpy3w1*_ga*mvGznzmPMXJPJkWkCAzyEoaVJWIE*_ga_DPVECRHBN*DL086Ey7anBR1kHpZuWe2gb6KuVytMfRcajeonXPKotDhSEous8z7Is.*_gcl_au=1.1.195177486.175707179*_gcl_aw=BRG.177499738.itOLuE8gf4cACE5NNes3E0XDhpvtdYakHI7jdT2X8R4rfA6RE7kQdPeIIT0eSNlumuuLswGvRsK1HfAUVc6LtKQNKj..&_gz=2.193157381.195218596.178935487-865580304.161237071&_bdsid=avu59t.n~ZAFKN.172690659.173483987&_bd_prev_page=https://usaattorneyblog.com/site.php?58jtgj16486.html HTTP/1.1" 200 19693 "-" "Mozilla/5.0 (Linux; Android 6.0.1; Nexus 5X Build/MMB29P) AppleWebKit/537.36 (KHTML, like Gecko) Chrome/135.0.7049.95 Mobile Safari/537.36 (compatible; Googlebot/2.1; +http://www.google.com/bot.html)"
66.249.65.36 - - [29/Apr/2025:03:40:22 -0400] "GET /?_gl=1*tzpy3w1*_ga*mvGznzmPMXJPJkWkCAzyEoaVJWIE*_ga_DPVECRHBN*DL086Ey7anBR1kHpZuWe2gb6KuVytMfRcajeonXPKotDhSEous8z7Is.*_gcl_au=1.1.195177486.175707179*_gcl_aw=BRG.177499738.itOLuE8gf4cACE5NNes3E0XDhpvtdYakHI7jdT2X8R4rfA6RE7kQdPeIIT0eSNlumuuLswGvRsK1HfAUVc6LtKQNKj..&_gz=2.193157381.195218596.178935487-865580304.161237071&_bdsid=avu59t.n~ZAFKN.172690659.173483987&_bd_prev_page=https://usaattorneyblog.com/site.php?89ahu27273.html HTTP/1.1" 200 20032 "-" "Mozilla/5.0 (Linux; Android 6.0.1; Nexus 5X Build/MMB29P) AppleWebKit/537.36 (KHTML, like Gecko) Chrome/135.0.7049.95 Mobile Safari/537.36 (compatible; Googlebot/2.1; +http://www.google.com/bot.html)"
66.249.65.36 - - [29/Apr/2025:03:40:22 -0400] "GET /?_gl=1*tzpy3w1*_ga*mvGznzmPMXJPJkWkCAzyEoaVJWIE*_ga_DPVECRHBN*DL086Ey7anBR1kHpZuWe2gb6KuVytMfRcajeonXPKotDhSEous8z7Is.*_gcl_au=1.1.195177486.175707179*_gcl_aw=BRG.177499738.itOLuE8gf4cACE5NNes3E0XDhpvtdYakHI7jdT2X8R4rfA6RE7kQdPeIIT0eSNlumuuLswGvRsK1HfAUVc6LtKQNKj..&_gz=2.193157381.195218596.178935487-865580304.161237071&_bdsid=avu59t.n~ZAFKN.172690659.173483987&_bd_prev_page=https://usaattorneyblog.com/site.php?29phbym32243.html HTTP/1.1" 200 19713 "-" "Mozilla/5.0 (Linux; Android 6.0.1; Nexus 5X Build/MMB29P) AppleWebKit/537.36 (KHTML, like Gecko) Chrome/135.0.7049.95 Mobile Safari/537.36 (compatible; Googlebot/2.1; +http://www.google.com/bot.html)"
66.249.65.35 - - [29/Apr/2025:03:40:54 -0400] "GET /?_gl=1*tzpy3w1*_ga*mvGznzmPMXJPJkWkCAzyEoaVJWIE*_ga_DPVECRHBN*DL086Ey7anBR1kHpZuWe2gb6KuVytMfRcajeonXPKotDhSEous8z7Is.*_gcl_au=1.1.195177486.175707179*_gcl_aw=BRG.177499738.itOLuE8gf4cACE5NNes3E0XDhpvtdYakHI7jdT2X8R4rfA6RE7kQdPeIIT0eSNlumuuLswGvRsK1HfAUVc6LtKQNKj..&_gz=2.193157381.195218596.178935487-865580304.161237071&_bdsid=avu59t.n~ZAFKN.172690659.173483987&_bd_prev_page=https://usaattorneyblog.com/site.php?89qcqam27323.html HTTP/1.1" 200 20479 "-" "Mozilla/5.0 (Linux; Android 6.0.1; Nexus 5X Build/MMB29P) AppleWebKit/537.36 (KHTML, like Gecko) Chrome/135.0.7049.95 Mobile Safari/537.36 (compatible; Googlebot/2.1; +http://www.google.com/bot.html)"
114.119.136.128 - - [29/Apr/2025:03:40:59 -0400] "GET /wp-includes/class-wp-block-parser-frame.php HTTP/1.1" 403 1242 "https://usaattorneyblog.com/wp-includes/" "Mozilla/5.0 (Linux; Android 7.0;) AppleWebKit/537.36 (KHTML, like Gecko) Mobile Safari/537.36 (compatible; PetalBot;+https://webmaster.petalsearch.com/site/petalbot)"
66.249.65.37 - - [29/Apr/2025:03:41:05 -0400] "GET /?_gl=1*tzpy3w1*_ga*mvGznzmPMXJPJkWkCAzyEoaVJWIE*_ga_DPVECRHBN*DL086Ey7anBR1kHpZuWe2gb6KuVytMfRcajeonXPKotDhSEous8z7Is.*_gcl_au=1.1.195177486.175707179*_gcl_aw=BRG.177499738.itOLuE8gf4cACE5NNes3E0XDhpvtdYakHI7jdT2X8R4rfA6RE7kQdPeIIT0eSNlumuuLswGvRsK1HfAUVc6LtKQNKj..&_gz=2.193157381.195218596.178935487-865580304.161237071&_bdsid=avu59t.n~ZAFKN.172690659.173483987&_bd_prev_page=https://usaattorneyblog.com/site.php?58dpob16550.html HTTP/1.1" 200 19612 "-" "Mozilla/5.0 (Linux; Android 6.0.1; Nexus 5X Build/MMB29P) AppleWebKit/537.36 (KHTML, like Gecko) Chrome/135.0.7049.95 Mobile Safari/537.36 (compatible; Googlebot/2.1; +http://www.google.com/bot.html)"
69.57.162.13 - - [29/Apr/2025:03:41:19 -0400] "POST /wp-cron.php?doing_wp_cron=1745912479.4928131103515625000000 HTTP/1.1" 403 1242 "-" "WordPress/6.8; https://usaattorneyblog.com"
43.153.123.4 - - [29/Apr/2025:03:41:19 -0400] "GET /tag/power-of-attorney/ HTTP/1.1" 200 11948 "-" "Mozilla/5.0 (iPhone; CPU iPhone OS 13_2_3 like Mac OS X) AppleWebKit/605.1.15 (KHTML, like Gecko) Version/13.0.3 Mobile/15E148 Safari/604.1"
66.249.65.35 - - [29/Apr/2025:03:41:27 -0400] "GET /?_gl=1*tzpy3w1*_ga*mvGznzmPMXJPJkWkCAzyEoaVJWIE*_ga_DPVECRHBN*DL086Ey7anBR1kHpZuWe2gb6KuVytMfRcajeonXPKotDhSEous8z7Is.*_gcl_au=1.1.195177486.175707179*_gcl_aw=BRG.177499738.itOLuE8gf4cACE5NNes3E0XDhpvtdYakHI7jdT2X8R4rfA6RE7kQdPeIIT0eSNlumuuLswGvRsK1HfAUVc6LtKQNKj..&_gz=2.193157381.195218596.178935487-865580304.161237071&_bdsid=avu59t.n~ZAFKN.172690659.173483987&_bd_prev_page=https://usaattorneyblog.com/site.php?89tprm27393.html HTTP/1.1" 200 18744 "-" "Mozilla/5.0 (Linux; Android 6.0.1; Nexus 5X Build/MMB29P) AppleWebKit/537.36 (KHTML, like Gecko) Chrome/135.0.7049.95 Mobile Safari/537.36 (compatible; Googlebot/2.1; +http://www.google.com/bot.html)"
