66.249.65.35 - - [29/Apr/2025:03:09:37 -0400] "GET /?_gl=1*tzpy3w1*_ga*mvGznzmPMXJPJkWkCAzyEoaVJWIE*_ga_DPVECRHBN*DL086Ey7anBR1kHpZuWe2gb6KuVytMfRcajeonXPKotDhSEous8z7Is.*_gcl_au=1.1.195177486.175707179*_gcl_aw=BRG.177499738.itOLuE8gf4cACE5NNes3E0XDhpvtdYakHI7jdT2X8R4rfA6RE7kQdPeIIT0eSNlumuuLswGvRsK1HfAUVc6LtKQNKj..&_gz=2.193157381.195218596.178935487-865580304.161237071&_bdsid=avu59t.n~ZAFKN.172690659.173483987&_bd_prev_page=https://usaattorneyblog.com/site.php?58tyj15692.html HTTP/1.1" 200 18443 "-" "Mozilla/5.0 (Linux; Android 6.0.1; Nexus 5X Build/MMB29P) AppleWebKit/537.36 (KHTML, like Gecko) Chrome/135.0.7049.95 Mobile Safari/537.36 (compatible; Googlebot/2.1; +http://www.google.com/bot.html)"
66.249.65.35 - - [29/Apr/2025:03:09:59 -0400] "GET /?_gl=1*tzpy3w1*_ga*mvGznzmPMXJPJkWkCAzyEoaVJWIE*_ga_DPVECRHBN*DL086Ey7anBR1kHpZuWe2gb6KuVytMfRcajeonXPKotDhSEous8z7Is.*_gcl_au=1.1.195177486.175707179*_gcl_aw=BRG.177499738.itOLuE8gf4cACE5NNes3E0XDhpvtdYakHI7jdT2X8R4rfA6RE7kQdPeIIT0eSNlumuuLswGvRsK1HfAUVc6LtKQNKj..&_gz=2.193157381.195218596.178935487-865580304.161237071&_bdsid=avu59t.n~ZAFKN.172690659.173483987&_bd_prev_page=https://usaattorneyblog.com/site.php?58nif47482.html HTTP/1.1" 200 17790 "-" "Mozilla/5.0 (Linux; Android 6.0.1; Nexus 5X Build/MMB29P) AppleWebKit/537.36 (KHTML, like Gecko) Chrome/135.0.7049.95 Mobile Safari/537.36 (compatible; Googlebot/2.1; +http://www.google.com/bot.html)"
66.249.65.35 - - [29/Apr/2025:03:10:11 -0400] "GET /?_gl=1*tzpy3w1*_ga*mvGznzmPMXJPJkWkCAzyEoaVJWIE*_ga_DPVECRHBN*DL086Ey7anBR1kHpZuWe2gb6KuVytMfRcajeonXPKotDhSEous8z7Is.*_gcl_au=1.1.195177486.175707179*_gcl_aw=BRG.177499738.itOLuE8gf4cACE5NNes3E0XDhpvtdYakHI7jdT2X8R4rfA6RE7kQdPeIIT0eSNlumuuLswGvRsK1HfAUVc6LtKQNKj..&_gz=2.193157381.195218596.178935487-865580304.161237071&_bdsid=avu59t.n~ZAFKN.172690659.173483987&_bd_prev_page=https://usaattorneyblog.com/site.php?58xsw15644.html HTTP/1.1" 200 21458 "-" "Mozilla/5.0 (Linux; Android 6.0.1; Nexus 5X Build/MMB29P) AppleWebKit/537.36 (KHTML, like Gecko) Chrome/135.0.7049.95 Mobile Safari/537.36 (compatible; Googlebot/2.1; +http://www.google.com/bot.html)"
66.249.65.35 - - [29/Apr/2025:03:10:34 -0400] "GET /?_gl=1*tzpy3w1*_ga*mvGznzmPMXJPJkWkCAzyEoaVJWIE*_ga_DPVECRHBN*DL086Ey7anBR1kHpZuWe2gb6KuVytMfRcajeonXPKotDhSEous8z7Is.*_gcl_au=1.1.195177486.175707179*_gcl_aw=BRG.177499738.itOLuE8gf4cACE5NNes3E0XDhpvtdYakHI7jdT2X8R4rfA6RE7kQdPeIIT0eSNlumuuLswGvRsK1HfAUVc6LtKQNKj..&_gz=2.193157381.195218596.178935487-865580304.161237071&_bdsid=avu59t.n~ZAFKN.172690659.173483987&_bd_prev_page=https://usaattorneyblog.com/site.php?58qzves15652.html HTTP/1.1" 200 18955 "-" "Mozilla/5.0 (Linux; Android 6.0.1; Nexus 5X Build/MMB29P) AppleWebKit/537.36 (KHTML, like Gecko) Chrome/135.0.7049.95 Mobile Safari/537.36 (compatible; Googlebot/2.1; +http://www.google.com/bot.html)"
69.57.162.13 - - [29/Apr/2025:03:10:41 -0400] "POST /wp-cron.php?doing_wp_cron=1745910641.4061090946197509765625 HTTP/1.1" 403 1242 "-" "WordPress/6.8; https://usaattorneyblog.com"
170.106.72.178 - - [29/Apr/2025:03:10:41 -0400] "GET /wp-json/wp/v2/categories/22 HTTP/1.1" 200 669 "-" "Mozilla/5.0 (iPhone; CPU iPhone OS 13_2_3 like Mac OS X) AppleWebKit/605.1.15 (KHTML, like Gecko) Version/13.0.3 Mobile/15E148 Safari/604.1"
66.249.65.35 - - [29/Apr/2025:03:10:46 -0400] "GET /?_gl=1*tzpy3w1*_ga*mvGznzmPMXJPJkWkCAzyEoaVJWIE*_ga_DPVECRHBN*DL086Ey7anBR1kHpZuWe2gb6KuVytMfRcajeonXPKotDhSEous8z7Is.*_gcl_au=1.1.195177486.175707179*_gcl_aw=BRG.177499738.itOLuE8gf4cACE5NNes3E0XDhpvtdYakHI7jdT2X8R4rfA6RE7kQdPeIIT0eSNlumuuLswGvRsK1HfAUVc6LtKQNKj..&_gz=2.193157381.195218596.178935487-865580304.161237071&_bdsid=avu59t.n~ZAFKN.172690659.173483987&_bd_prev_page=https://usaattorneyblog.com/site.php?58pdghf47588.html HTTP/1.1" 200 17741 "-" "Mozilla/5.0 (Linux; Android 6.0.1; Nexus 5X Build/MMB29P) AppleWebKit/537.36 (KHTML, like Gecko) Chrome/135.0.7049.95 Mobile Safari/537.36 (compatible; Googlebot/2.1; +http://www.google.com/bot.html)"
66.249.65.35 - - [29/Apr/2025:03:10:57 -0400] "GET /?_gl=1*tzpy3w1*_ga*mvGznzmPMXJPJkWkCAzyEoaVJWIE*_ga_DPVECRHBN*DL086Ey7anBR1kHpZuWe2gb6KuVytMfRcajeonXPKotDhSEous8z7Is.*_gcl_au=1.1.195177486.175707179*_gcl_aw=BRG.177499738.itOLuE8gf4cACE5NNes3E0XDhpvtdYakHI7jdT2X8R4rfA6RE7kQdPeIIT0eSNlumuuLswGvRsK1HfAUVc6LtKQNKj..&_gz=2.193157381.195218596.178935487-865580304.161237071&_bdsid=avu59t.n~ZAFKN.172690659.173483987&_bd_prev_page=https://usaattorneyblog.com/site.php?58kkvpg47506.html HTTP/1.1" 200 18456 "-" "Mozilla/5.0 (Linux; Android 6.0.1; Nexus 5X Build/MMB29P) AppleWebKit/537.36 (KHTML, like Gecko) Chrome/135.0.7049.95 Mobile Safari/537.36 (compatible; Googlebot/2.1; +http://www.google.com/bot.html)"
66.249.65.35 - - [29/Apr/2025:03:11:21 -0400] "GET /?_gl=1*tzpy3w1*_ga*mvGznzmPMXJPJkWkCAzyEoaVJWIE*_ga_DPVECRHBN*DL086Ey7anBR1kHpZuWe2gb6KuVytMfRcajeonXPKotDhSEous8z7Is.*_gcl_au=1.1.195177486.175707179*_gcl_aw=BRG.177499738.itOLuE8gf4cACE5NNes3E0XDhpvtdYakHI7jdT2X8R4rfA6RE7kQdPeIIT0eSNlumuuLswGvRsK1HfAUVc6LtKQNKj..&_gz=2.193157381.195218596.178935487-865580304.161237071&_bdsid=avu59t.n~ZAFKN.172690659.173483987&_bd_prev_page=https://usaattorneyblog.com/site.php?58errzw16772.html HTTP/1.1" 200 18880 "-" "Mozilla/5.0 (Linux; Android 6.0.1; Nexus 5X Build/MMB29P) AppleWebKit/537.36 (KHTML, like Gecko) Chrome/135.0.7049.95 Mobile Safari/537.36 (compatible; Googlebot/2.1; +http://www.google.com/bot.html)"
66.249.65.37 - - [29/Apr/2025:03:11:21 -0400] "GET /?_gl=1*tzpy3w1*_ga*mvGznzmPMXJPJkWkCAzyEoaVJWIE*_ga_DPVECRHBN*DL086Ey7anBR1kHpZuWe2gb6KuVytMfRcajeonXPKotDhSEous8z7Is.*_gcl_au=1.1.195177486.175707179*_gcl_aw=BRG.177499738.itOLuE8gf4cACE5NNes3E0XDhpvtdYakHI7jdT2X8R4rfA6RE7kQdPeIIT0eSNlumuuLswGvRsK1HfAUVc6LtKQNKj..&_gz=2.193157381.195218596.178935487-865580304.161237071&_bdsid=avu59t.n~ZAFKN.172690659.173483987&_bd_prev_page=https://usaattorneyblog.com/site.php?5zjpny21287.html HTTP/1.1" 200 18915 "-" "Mozilla/5.0 (Linux; Android 6.0.1; Nexus 5X Build/MMB29P) AppleWebKit/537.36 (KHTML, like Gecko) Chrome/135.0.7049.95 Mobile Safari/537.36 (compatible; Googlebot/2.1; +http://www.google.com/bot.html)"
66.249.65.36 - - [29/Apr/2025:03:11:34 -0400] "GET /?_gl=1*tzpy3w1*_ga*mvGznzmPMXJPJkWkCAzyEoaVJWIE*_ga_DPVECRHBN*DL086Ey7anBR1kHpZuWe2gb6KuVytMfRcajeonXPKotDhSEous8z7Is.*_gcl_au=1.1.195177486.175707179*_gcl_aw=BRG.177499738.itOLuE8gf4cACE5NNes3E0XDhpvtdYakHI7jdT2X8R4rfA6RE7kQdPeIIT0eSNlumuuLswGvRsK1HfAUVc6LtKQNKj..&_gz=2.193157381.195218596.178935487-865580304.161237071&_bdsid=avu59t.n~ZAFKN.172690659.173483987&_bd_prev_page=https://usaattorneyblog.com/site.php?58jsfwc2278.html HTTP/1.1" 200 20674 "-" "Mozilla/5.0 (Linux; Android 6.0.1; Nexus 5X Build/MMB29P) AppleWebKit/537.36 (KHTML, like Gecko) Chrome/135.0.7049.95 Mobile Safari/537.36 (compatible; Googlebot/2.1; +http://www.google.com/bot.html)"
66.249.65.35 - - [29/Apr/2025:03:11:56 -0400] "GET /?_gl=1*tzpy3w1*_ga*mvGznzmPMXJPJkWkCAzyEoaVJWIE*_ga_DPVECRHBN*DL086Ey7anBR1kHpZuWe2gb6KuVytMfRcajeonXPKotDhSEous8z7Is.*_gcl_au=1.1.195177486.175707179*_gcl_aw=BRG.177499738.itOLuE8gf4cACE5NNes3E0XDhpvtdYakHI7jdT2X8R4rfA6RE7kQdPeIIT0eSNlumuuLswGvRsK1HfAUVc6LtKQNKj..&_gz=2.193157381.195218596.178935487-865580304.161237071&_bdsid=avu59t.n~ZAFKN.172690659.173483987&_bd_prev_page=https://usaattorneyblog.com/site.php?5kss47803.html HTTP/1.1" 200 19472 "-" "Mozilla/5.0 (Linux; Android 6.0.1; Nexus 5X Build/MMB29P) AppleWebKit/537.36 (KHTML, like Gecko) Chrome/135.0.7049.95 Mobile Safari/537.36 (compatible; Googlebot/2.1; +http://www.google.com/bot.html)"
66.249.65.35 - - [29/Apr/2025:03:11:56 -0400] "GET /?_gl=1*tzpy3w1*_ga*mvGznzmPMXJPJkWkCAzyEoaVJWIE*_ga_DPVECRHBN*DL086Ey7anBR1kHpZuWe2gb6KuVytMfRcajeonXPKotDhSEous8z7Is.*_gcl_au=1.1.195177486.175707179*_gcl_aw=BRG.177499738.itOLuE8gf4cACE5NNes3E0XDhpvtdYakHI7jdT2X8R4rfA6RE7kQdPeIIT0eSNlumuuLswGvRsK1HfAUVc6LtKQNKj..&_gz=2.193157381.195218596.178935487-865580304.161237071&_bdsid=avu59t.n~ZAFKN.172690659.173483987&_bd_prev_page=https://usaattorneyblog.com/site.php?58skwn16764.html HTTP/1.1" 200 19787 "-" "Mozilla/5.0 (Linux; Android 6.0.1; Nexus 5X Build/MMB29P) AppleWebKit/537.36 (KHTML, like Gecko) Chrome/135.0.7049.95 Mobile Safari/537.36 (compatible; Googlebot/2.1; +http://www.google.com/bot.html)"
114.119.136.128 - - [29/Apr/2025:03:12:04 -0400] "GET /wp-includes/link-template.php HTTP/1.1" 403 1242 "https://usaattorneyblog.com/wp-includes/" "Mozilla/5.0 (Linux; Android 7.0;) AppleWebKit/537.36 (KHTML, like Gecko) Mobile Safari/537.36 (compatible; PetalBot;+https://webmaster.petalsearch.com/site/petalbot)"
66.249.65.37 - - [29/Apr/2025:03:12:08 -0400] "GET /?_gl=1*tzpy3w1*_ga*mvGznzmPMXJPJkWkCAzyEoaVJWIE*_ga_DPVECRHBN*DL086Ey7anBR1kHpZuWe2gb6KuVytMfRcajeonXPKotDhSEous8z7Is.*_gcl_au=1.1.195177486.175707179*_gcl_aw=BRG.177499738.itOLuE8gf4cACE5NNes3E0XDhpvtdYakHI7jdT2X8R4rfA6RE7kQdPeIIT0eSNlumuuLswGvRsK1HfAUVc6LtKQNKj..&_gz=2.193157381.195218596.178935487-865580304.161237071&_bdsid=avu59t.n~ZAFKN.172690659.173483987&_bd_prev_page=https://usaattorneyblog.com/site.php?58usrte16812.html HTTP/1.1" 200 19103 "-" "Mozilla/5.0 (Linux; Android 6.0.1; Nexus 5X Build/MMB29P) AppleWebKit/537.36 (KHTML, like Gecko) Chrome/135.0.7049.95 Mobile Safari/537.36 (compatible; Googlebot/2.1; +http://www.google.com/bot.html)"
66.249.65.35 - - [29/Apr/2025:03:12:20 -0400] "GET /?_gl=1*tzpy3w1*_ga*mvGznzmPMXJPJkWkCAzyEoaVJWIE*_ga_DPVECRHBN*DL086Ey7anBR1kHpZuWe2gb6KuVytMfRcajeonXPKotDhSEous8z7Is.*_gcl_au=1.1.195177486.175707179*_gcl_aw=BRG.177499738.itOLuE8gf4cACE5NNes3E0XDhpvtdYakHI7jdT2X8R4rfA6RE7kQdPeIIT0eSNlumuuLswGvRsK1HfAUVc6LtKQNKj..&_gz=2.193157381.195218596.178935487-865580304.161237071&_bdsid=avu59t.n~ZAFKN.172690659.173483987&_bd_prev_page=https://usaattorneyblog.com/site.php?58zwpvu2398.html HTTP/1.1" 200 19129 "-" "Mozilla/5.0 (Linux; Android 6.0.1; Nexus 5X Build/MMB29P) AppleWebKit/537.36 (KHTML, like Gecko) Chrome/135.0.7049.95 Mobile Safari/537.36 (compatible; Googlebot/2.1; +http://www.google.com/bot.html)"
66.249.65.35 - - [29/Apr/2025:03:12:44 -0400] "GET /?_gl=1*tzpy3w1*_ga*mvGznzmPMXJPJkWkCAzyEoaVJWIE*_ga_DPVECRHBN*DL086Ey7anBR1kHpZuWe2gb6KuVytMfRcajeonXPKotDhSEous8z7Is.*_gcl_au=1.1.195177486.175707179*_gcl_aw=BRG.177499738.itOLuE8gf4cACE5NNes3E0XDhpvtdYakHI7jdT2X8R4rfA6RE7kQdPeIIT0eSNlumuuLswGvRsK1HfAUVc6LtKQNKj..&_gz=2.193157381.195218596.178935487-865580304.161237071&_bdsid=avu59t.n~ZAFKN.172690659.173483987&_bd_prev_page=https://usaattorneyblog.com/site.php?58mdtcp16768.html HTTP/1.1" 200 19553 "-" "Mozilla/5.0 (Linux; Android 6.0.1; Nexus 5X Build/MMB29P) AppleWebKit/537.36 (KHTML, like Gecko) Chrome/135.0.7049.95 Mobile Safari/537.36 (compatible; Googlebot/2.1; +http://www.google.com/bot.html)"
66.249.65.35 - - [29/Apr/2025:03:12:57 -0400] "GET /?_gl=1*tzpy3w1*_ga*mvGznzmPMXJPJkWkCAzyEoaVJWIE*_ga_DPVECRHBN*DL086Ey7anBR1kHpZuWe2gb6KuVytMfRcajeonXPKotDhSEous8z7Is.*_gcl_au=1.1.195177486.175707179*_gcl_aw=BRG.177499738.itOLuE8gf4cACE5NNes3E0XDhpvtdYakHI7jdT2X8R4rfA6RE7kQdPeIIT0eSNlumuuLswGvRsK1HfAUVc6LtKQNKj..&_gz=2.193157381.195218596.178935487-865580304.161237071&_bdsid=avu59t.n~ZAFKN.172690659.173483987&_bd_prev_page=https://usaattorneyblog.com/site.php?5pyur48645.html HTTP/1.1" 200 19262 "-" "Mozilla/5.0 (Linux; Android 6.0.1; Nexus 5X Build/MMB29P) AppleWebKit/537.36 (KHTML, like Gecko) Chrome/135.0.7049.95 Mobile Safari/537.36 (compatible; Googlebot/2.1; +http://www.google.com/bot.html)"
66.249.65.35 - - [29/Apr/2025:03:12:57 -0400] "GET /?_gl=1*tzpy3w1*_ga*mvGznzmPMXJPJkWkCAzyEoaVJWIE*_ga_DPVECRHBN*DL086Ey7anBR1kHpZuWe2gb6KuVytMfRcajeonXPKotDhSEous8z7Is.*_gcl_au=1.1.195177486.175707179*_gcl_aw=BRG.177499738.itOLuE8gf4cACE5NNes3E0XDhpvtdYakHI7jdT2X8R4rfA6RE7kQdPeIIT0eSNlumuuLswGvRsK1HfAUVc6LtKQNKj..&_gz=2.193157381.195218596.178935487-865580304.161237071&_bdsid=avu59t.n~ZAFKN.172690659.173483987&_bd_prev_page=https://usaattorneyblog.com/site.php?58rosfc2390.html HTTP/1.1" 200 18291 "-" "Mozilla/5.0 (Linux; Android 6.0.1; Nexus 5X Build/MMB29P) AppleWebKit/537.36 (KHTML, like Gecko) Chrome/135.0.7049.95 Mobile Safari/537.36 (compatible; Googlebot/2.1; +http://www.google.com/bot.html)"
66.249.65.35 - - [29/Apr/2025:03:13:11 -0400] "GET /?_gl=1*tzpy3w1*_ga*mvGznzmPMXJPJkWkCAzyEoaVJWIE*_ga_DPVECRHBN*DL086Ey7anBR1kHpZuWe2gb6KuVytMfRcajeonXPKotDhSEous8z7Is.*_gcl_au=1.1.195177486.175707179*_gcl_aw=BRG.177499738.itOLuE8gf4cACE5NNes3E0XDhpvtdYakHI7jdT2X8R4rfA6RE7kQdPeIIT0eSNlumuuLswGvRsK1HfAUVc6LtKQNKj..&_gz=2.193157381.195218596.178935487-865580304.161237071&_bdsid=avu59t.n~ZAFKN.172690659.173483987&_bd_prev_page=https://usaattorneyblog.com/site.php?58vsz2254.html HTTP/1.1" 200 19455 "-" "Mozilla/5.0 (Linux; Android 6.0.1; Nexus 5X Build/MMB29P) AppleWebKit/537.36 (KHTML, like Gecko) Chrome/135.0.7049.95 Mobile Safari/537.36 (compatible; Googlebot/2.1; +http://www.google.com/bot.html)"
66.249.65.35 - - [29/Apr/2025:03:13:22 -0400] "GET /?_gl=1*tzpy3w1*_ga*mvGznzmPMXJPJkWkCAzyEoaVJWIE*_ga_DPVECRHBN*DL086Ey7anBR1kHpZuWe2gb6KuVytMfRcajeonXPKotDhSEous8z7Is.*_gcl_au=1.1.195177486.175707179*_gcl_aw=BRG.177499738.itOLuE8gf4cACE5NNes3E0XDhpvtdYakHI7jdT2X8R4rfA6RE7kQdPeIIT0eSNlumuuLswGvRsK1HfAUVc6LtKQNKj..&_gz=2.193157381.195218596.178935487-865580304.161237071&_bdsid=avu59t.n~ZAFKN.172690659.173483987&_bd_prev_page=https://usaattorneyblog.com/site.php?58fip40404.html HTTP/1.1" 200 20500 "-" "Mozilla/5.0 (Linux; Android 6.0.1; Nexus 5X Build/MMB29P) AppleWebKit/537.36 (KHTML, like Gecko) Chrome/135.0.7049.95 Mobile Safari/537.36 (compatible; Googlebot/2.1; +http://www.google.com/bot.html)"
66.249.65.35 - - [29/Apr/2025:03:13:48 -0400] "GET /?_gl=1*tzpy3w1*_ga*mvGznzmPMXJPJkWkCAzyEoaVJWIE*_ga_DPVECRHBN*DL086Ey7anBR1kHpZuWe2gb6KuVytMfRcajeonXPKotDhSEous8z7Is.*_gcl_au=1.1.195177486.175707179*_gcl_aw=BRG.177499738.itOLuE8gf4cACE5NNes3E0XDhpvtdYakHI7jdT2X8R4rfA6RE7kQdPeIIT0eSNlumuuLswGvRsK1HfAUVc6LtKQNKj..&_gz=2.193157381.195218596.178935487-865580304.161237071&_bdsid=avu59t.n~ZAFKN.172690659.173483987&_bd_prev_page=https://usaattorneyblog.com/site.php?58lwpkr40286.html HTTP/1.1" 200 19429 "-" "Mozilla/5.0 (Linux; Android 6.0.1; Nexus 5X Build/MMB29P) AppleWebKit/537.36 (KHTML, like Gecko) Chrome/135.0.7049.95 Mobile Safari/537.36 (compatible; Googlebot/2.1; +http://www.google.com/bot.html)"
66.249.65.35 - - [29/Apr/2025:03:14:00 -0400] "GET /?_gl=1*tzpy3w1*_ga*mvGznzmPMXJPJkWkCAzyEoaVJWIE*_ga_DPVECRHBN*DL086Ey7anBR1kHpZuWe2gb6KuVytMfRcajeonXPKotDhSEous8z7Is.*_gcl_au=1.1.195177486.175707179*_gcl_aw=BRG.177499738.itOLuE8gf4cACE5NNes3E0XDhpvtdYakHI7jdT2X8R4rfA6RE7kQdPeIIT0eSNlumuuLswGvRsK1HfAUVc6LtKQNKj..&_gz=2.193157381.195218596.178935487-865580304.161237071&_bdsid=avu59t.n~ZAFKN.172690659.173483987&_bd_prev_page=https://usaattorneyblog.com/site.php?58msss26250.html HTTP/1.1" 200 20442 "-" "Mozilla/5.0 (Linux; Android 6.0.1; Nexus 5X Build/MMB29P) AppleWebKit/537.36 (KHTML, like Gecko) Chrome/135.0.7049.95 Mobile Safari/537.36 (compatible; Googlebot/2.1; +http://www.google.com/bot.html)"
66.249.65.35 - - [29/Apr/2025:03:14:32 -0400] "GET /?_gl=1*tzpy3w1*_ga*mvGznzmPMXJPJkWkCAzyEoaVJWIE*_ga_DPVECRHBN*DL086Ey7anBR1kHpZuWe2gb6KuVytMfRcajeonXPKotDhSEous8z7Is.*_gcl_au=1.1.195177486.175707179*_gcl_aw=BRG.177499738.itOLuE8gf4cACE5NNes3E0XDhpvtdYakHI7jdT2X8R4rfA6RE7kQdPeIIT0eSNlumuuLswGvRsK1HfAUVc6LtKQNKj..&_gz=2.193157381.195218596.178935487-865580304.161237071&_bdsid=avu59t.n~ZAFKN.172690659.173483987&_bd_prev_page=https://usaattorneyblog.com/site.php?58rxx40340.html HTTP/1.1" 200 18367 "-" "Mozilla/5.0 (Linux; Android 6.0.1; Nexus 5X Build/MMB29P) AppleWebKit/537.36 (KHTML, like Gecko) Chrome/135.0.7049.95 Mobile Safari/537.36 (compatible; Googlebot/2.1; +http://www.google.com/bot.html)"
66.249.65.35 - - [29/Apr/2025:03:14:43 -0400] "GET /?_gl=1*tzpy3w1*_ga*mvGznzmPMXJPJkWkCAzyEoaVJWIE*_ga_DPVECRHBN*DL086Ey7anBR1kHpZuWe2gb6KuVytMfRcajeonXPKotDhSEous8z7Is.*_gcl_au=1.1.195177486.175707179*_gcl_aw=BRG.177499738.itOLuE8gf4cACE5NNes3E0XDhpvtdYakHI7jdT2X8R4rfA6RE7kQdPeIIT0eSNlumuuLswGvRsK1HfAUVc6LtKQNKj..&_gz=2.193157381.195218596.178935487-865580304.161237071&_bdsid=avu59t.n~ZAFKN.172690659.173483987&_bd_prev_page=https://usaattorneyblog.com/site.php?58neeqh40402.html HTTP/1.1" 200 18604 "-" "Mozilla/5.0 (Linux; Android 6.0.1; Nexus 5X Build/MMB29P) AppleWebKit/537.36 (KHTML, like Gecko) Chrome/135.0.7049.95 Mobile Safari/537.36 (compatible; Googlebot/2.1; +http://www.google.com/bot.html)"
66.249.65.35 - - [29/Apr/2025:03:14:55 -0400] "GET /?_gl=1*tzpy3w1*_ga*mvGznzmPMXJPJkWkCAzyEoaVJWIE*_ga_DPVECRHBN*DL086Ey7anBR1kHpZuWe2gb6KuVytMfRcajeonXPKotDhSEous8z7Is.*_gcl_au=1.1.195177486.175707179*_gcl_aw=BRG.177499738.itOLuE8gf4cACE5NNes3E0XDhpvtdYakHI7jdT2X8R4rfA6RE7kQdPeIIT0eSNlumuuLswGvRsK1HfAUVc6LtKQNKj..&_gz=2.193157381.195218596.178935487-865580304.161237071&_bdsid=avu59t.n~ZAFKN.172690659.173483987&_bd_prev_page=https://usaattorneyblog.com/site.php?58nmbew26226.html HTTP/1.1" 200 19326 "-" "Mozilla/5.0 (Linux; Android 6.0.1; Nexus 5X Build/MMB29P) AppleWebKit/537.36 (KHTML, like Gecko) Chrome/135.0.7049.95 Mobile Safari/537.36 (compatible; Googlebot/2.1; +http://www.google.com/bot.html)"
66.249.65.36 - - [29/Apr/2025:03:15:07 -0400] "GET /?_gl=1*tzpy3w1*_ga*mvGznzmPMXJPJkWkCAzyEoaVJWIE*_ga_DPVECRHBN*DL086Ey7anBR1kHpZuWe2gb6KuVytMfRcajeonXPKotDhSEous8z7Is.*_gcl_au=1.1.195177486.175707179*_gcl_aw=BRG.177499738.itOLuE8gf4cACE5NNes3E0XDhpvtdYakHI7jdT2X8R4rfA6RE7kQdPeIIT0eSNlumuuLswGvRsK1HfAUVc6LtKQNKj..&_gz=2.193157381.195218596.178935487-865580304.161237071&_bdsid=avu59t.n~ZAFKN.172690659.173483987&_bd_prev_page=https://usaattorneyblog.com/site.php?5unf43161.html HTTP/1.1" 200 19186 "-" "Mozilla/5.0 (Linux; Android 6.0.1; Nexus 5X Build/MMB29P) AppleWebKit/537.36 (KHTML, like Gecko) Chrome/135.0.7049.95 Mobile Safari/537.36 (compatible; Googlebot/2.1; +http://www.google.com/bot.html)"
66.249.65.36 - - [29/Apr/2025:03:15:07 -0400] "GET /?_gl=1*tzpy3w1*_ga*mvGznzmPMXJPJkWkCAzyEoaVJWIE*_ga_DPVECRHBN*DL086Ey7anBR1kHpZuWe2gb6KuVytMfRcajeonXPKotDhSEous8z7Is.*_gcl_au=1.1.195177486.175707179*_gcl_aw=BRG.177499738.itOLuE8gf4cACE5NNes3E0XDhpvtdYakHI7jdT2X8R4rfA6RE7kQdPeIIT0eSNlumuuLswGvRsK1HfAUVc6LtKQNKj..&_gz=2.193157381.195218596.178935487-865580304.161237071&_bdsid=avu59t.n~ZAFKN.172690659.173483987&_bd_prev_page=https://usaattorneyblog.com/site.php?58rfm40310.html HTTP/1.1" 200 18132 "-" "Mozilla/5.0 (Linux; Android 6.0.1; Nexus 5X Build/MMB29P) AppleWebKit/537.36 (KHTML, like Gecko) Chrome/135.0.7049.95 Mobile Safari/537.36 (compatible; Googlebot/2.1; +http://www.google.com/bot.html)"
66.249.65.35 - - [29/Apr/2025:03:15:32 -0400] "GET /?_gl=1*tzpy3w1*_ga*mvGznzmPMXJPJkWkCAzyEoaVJWIE*_ga_DPVECRHBN*DL086Ey7anBR1kHpZuWe2gb6KuVytMfRcajeonXPKotDhSEous8z7Is.*_gcl_au=1.1.195177486.175707179*_gcl_aw=BRG.177499738.itOLuE8gf4cACE5NNes3E0XDhpvtdYakHI7jdT2X8R4rfA6RE7kQdPeIIT0eSNlumuuLswGvRsK1HfAUVc6LtKQNKj..&_gz=2.193157381.195218596.178935487-865580304.161237071&_bdsid=avu59t.n~ZAFKN.172690659.173483987&_bd_prev_page=https://usaattorneyblog.com/site.php?58esqo29286.html HTTP/1.1" 200 19058 "-" "Mozilla/5.0 (Linux; Android 6.0.1; Nexus 5X Build/MMB29P) AppleWebKit/537.36 (KHTML, like Gecko) Chrome/135.0.7049.95 Mobile Safari/537.36 (compatible; Googlebot/2.1; +http://www.google.com/bot.html)"
66.249.65.35 - - [29/Apr/2025:03:15:43 -0400] "GET /?_gl=1*tzpy3w1*_ga*mvGznzmPMXJPJkWkCAzyEoaVJWIE*_ga_DPVECRHBN*DL086Ey7anBR1kHpZuWe2gb6KuVytMfRcajeonXPKotDhSEous8z7Is.*_gcl_au=1.1.195177486.175707179*_gcl_aw=BRG.177499738.itOLuE8gf4cACE5NNes3E0XDhpvtdYakHI7jdT2X8R4rfA6RE7kQdPeIIT0eSNlumuuLswGvRsK1HfAUVc6LtKQNKj..&_gz=2.193157381.195218596.178935487-865580304.161237071&_bdsid=avu59t.n~ZAFKN.172690659.173483987&_bd_prev_page=https://usaattorneyblog.com/site.php?58wrk29246.html HTTP/1.1" 200 18543 "-" "Mozilla/5.0 (Linux; Android 6.0.1; Nexus 5X Build/MMB29P) AppleWebKit/537.36 (KHTML, like Gecko) Chrome/135.0.7049.95 Mobile Safari/537.36 (compatible; Googlebot/2.1; +http://www.google.com/bot.html)"
66.249.65.35 - - [29/Apr/2025:03:15:46 -0400] "GET /?_gl=1*tzpy3w1*_ga*mvGznzmPMXJPJkWkCAzyEoaVJWIE*_ga_DPVECRHBN*DL086Ey7anBR1kHpZuWe2gb6KuVytMfRcajeonXPKotDhSEous8z7Is.*_gcl_au=1.1.195177486.175707179*_gcl_aw=BRG.177499738.itOLuE8gf4cACE5NNes3E0XDhpvtdYakHI7jdT2X8R4rfA6RE7kQdPeIIT0eSNlumuuLswGvRsK1HfAUVc6LtKQNKj..&_gz=2.193157381.195218596.178935487-865580304.161237071&_bdsid=avu59t.n~ZAFKN.172690659.173483987&_bd_prev_page=https://usaattorneyblog.com/site.php?58jku6618.html HTTP/1.1" 200 19459 "-" "Mozilla/5.0 (Linux; Android 6.0.1; Nexus 5X Build/MMB29P) AppleWebKit/537.36 (KHTML, like Gecko) Chrome/135.0.7049.95 Mobile Safari/537.36 (compatible; Googlebot/2.1; +http://www.google.com/bot.html)"
66.249.65.35 - - [29/Apr/2025:03:15:53 -0400] "GET /?_gl=1*tzpy3w1*_ga*mvGznzmPMXJPJkWkCAzyEoaVJWIE*_ga_DPVECRHBN*DL086Ey7anBR1kHpZuWe2gb6KuVytMfRcajeonXPKotDhSEous8z7Is.*_gcl_au=1.1.195177486.175707179*_gcl_aw=BRG.177499738.itOLuE8gf4cACE5NNes3E0XDhpvtdYakHI7jdT2X8R4rfA6RE7kQdPeIIT0eSNlumuuLswGvRsK1HfAUVc6LtKQNKj..&_gz=2.193157381.195218596.178935487-865580304.161237071&_bdsid=avu59t.n~ZAFKN.172690659.173483987&_bd_prev_page=https://usaattorneyblog.com/site.php?58jqkur40330.html HTTP/1.1" 200 18894 "-" "Mozilla/5.0 (Linux; Android 6.0.1; Nexus 5X Build/MMB29P) AppleWebKit/537.36 (KHTML, like Gecko) Chrome/135.0.7049.95 Mobile Safari/537.36 (compatible; Googlebot/2.1; +http://www.google.com/bot.html)"
114.119.153.49 - - [29/Apr/2025:03:16:11 -0400] "GET /wp-includes/interactivity-api/ HTTP/1.1" 200 0 "https://usaattorneyblog.com/wp-includes/" "Mozilla/5.0 (Linux; Android 7.0;) AppleWebKit/537.36 (KHTML, like Gecko) Mobile Safari/537.36 (compatible; PetalBot;+https://webmaster.petalsearch.com/site/petalbot)"
66.249.65.36 - - [29/Apr/2025:03:16:28 -0400] "GET /?_gl=1*tzpy3w1*_ga*mvGznzmPMXJPJkWkCAzyEoaVJWIE*_ga_DPVECRHBN*DL086Ey7anBR1kHpZuWe2gb6KuVytMfRcajeonXPKotDhSEous8z7Is.*_gcl_au=1.1.195177486.175707179*_gcl_aw=BRG.177499738.itOLuE8gf4cACE5NNes3E0XDhpvtdYakHI7jdT2X8R4rfA6RE7kQdPeIIT0eSNlumuuLswGvRsK1HfAUVc6LtKQNKj..&_gz=2.193157381.195218596.178935487-865580304.161237071&_bdsid=avu59t.n~ZAFKN.172690659.173483987&_bd_prev_page=https://usaattorneyblog.com/site.php?58tsi29408.html HTTP/1.1" 200 19346 "-" "Mozilla/5.0 (Linux; Android 6.0.1; Nexus 5X Build/MMB29P) AppleWebKit/537.36 (KHTML, like Gecko) Chrome/135.0.7049.95 Mobile Safari/537.36 (compatible; Googlebot/2.1; +http://www.google.com/bot.html)"
157.55.39.201 - - [29/Apr/2025:03:16:35 -0400] "GET /mobile-casino-depoits-100-free-spins/ HTTP/1.1" 200 17 "-" "Mozilla/5.0 AppleWebKit/537.36 (KHTML, like Gecko; compatible; bingbot/2.0; +http://www.bing.com/bingbot.htm) Chrome/116.0.1938.76 Safari/537.36"
66.249.65.35 - - [29/Apr/2025:03:16:39 -0400] "GET /?_gl=1*tzpy3w1*_ga*mvGznzmPMXJPJkWkCAzyEoaVJWIE*_ga_DPVECRHBN*DL086Ey7anBR1kHpZuWe2gb6KuVytMfRcajeonXPKotDhSEous8z7Is.*_gcl_au=1.1.195177486.175707179*_gcl_aw=BRG.177499738.itOLuE8gf4cACE5NNes3E0XDhpvtdYakHI7jdT2X8R4rfA6RE7kQdPeIIT0eSNlumuuLswGvRsK1HfAUVc6LtKQNKj..&_gz=2.193157381.195218596.178935487-865580304.161237071&_bdsid=avu59t.n~ZAFKN.172690659.173483987&_bd_prev_page=https://usaattorneyblog.com/site.php?58nfzty10974.html HTTP/1.1" 200 18419 "-" "Mozilla/5.0 (Linux; Android 6.0.1; Nexus 5X Build/MMB29P) AppleWebKit/537.36 (KHTML, like Gecko) Chrome/135.0.7049.95 Mobile Safari/537.36 (compatible; Googlebot/2.1; +http://www.google.com/bot.html)"
66.249.65.35 - - [29/Apr/2025:03:16:51 -0400] "GET /?_gl=1*tzpy3w1*_ga*mvGznzmPMXJPJkWkCAzyEoaVJWIE*_ga_DPVECRHBN*DL086Ey7anBR1kHpZuWe2gb6KuVytMfRcajeonXPKotDhSEous8z7Is.*_gcl_au=1.1.195177486.175707179*_gcl_aw=BRG.177499738.itOLuE8gf4cACE5NNes3E0XDhpvtdYakHI7jdT2X8R4rfA6RE7kQdPeIIT0eSNlumuuLswGvRsK1HfAUVc6LtKQNKj..&_gz=2.193157381.195218596.178935487-865580304.161237071&_bdsid=avu59t.n~ZAFKN.172690659.173483987&_bd_prev_page=https://usaattorneyblog.com/site.php?58eou46380.html HTTP/1.1" 200 19526 "-" "Mozilla/5.0 (Linux; Android 6.0.1; Nexus 5X Build/MMB29P) AppleWebKit/537.36 (KHTML, like Gecko) Chrome/135.0.7049.95 Mobile Safari/537.36 (compatible; Googlebot/2.1; +http://www.google.com/bot.html)"
66.249.65.37 - - [29/Apr/2025:03:17:15 -0400] "GET /?_gl=1*tzpy3w1*_ga*mvGznzmPMXJPJkWkCAzyEoaVJWIE*_ga_DPVECRHBN*DL086Ey7anBR1kHpZuWe2gb6KuVytMfRcajeonXPKotDhSEous8z7Is.*_gcl_au=1.1.195177486.175707179*_gcl_aw=BRG.177499738.itOLuE8gf4cACE5NNes3E0XDhpvtdYakHI7jdT2X8R4rfA6RE7kQdPeIIT0eSNlumuuLswGvRsK1HfAUVc6LtKQNKj..&_gz=2.193157381.195218596.178935487-865580304.161237071&_bdsid=avu59t.n~ZAFKN.172690659.173483987&_bd_prev_page=https://usaattorneyblog.com/site.php?58degi14820.html HTTP/1.1" 200 20454 "-" "Mozilla/5.0 (Linux; Android 6.0.1; Nexus 5X Build/MMB29P) AppleWebKit/537.36 (KHTML, like Gecko) Chrome/135.0.7049.95 Mobile Safari/537.36 (compatible; Googlebot/2.1; +http://www.google.com/bot.html)"
66.249.65.36 - - [29/Apr/2025:03:17:15 -0400] "GET /?_gl=1*tzpy3w1*_ga*mvGznzmPMXJPJkWkCAzyEoaVJWIE*_ga_DPVECRHBN*DL086Ey7anBR1kHpZuWe2gb6KuVytMfRcajeonXPKotDhSEous8z7Is.*_gcl_au=1.1.195177486.175707179*_gcl_aw=BRG.177499738.itOLuE8gf4cACE5NNes3E0XDhpvtdYakHI7jdT2X8R4rfA6RE7kQdPeIIT0eSNlumuuLswGvRsK1HfAUVc6LtKQNKj..&_gz=2.193157381.195218596.178935487-865580304.161237071&_bdsid=avu59t.n~ZAFKN.172690659.173483987&_bd_prev_page=https://usaattorneyblog.com/site.php?58ipsze14104.html HTTP/1.1" 200 18461 "-" "Mozilla/5.0 (Linux; Android 6.0.1; Nexus 5X Build/MMB29P) AppleWebKit/537.36 (KHTML, like Gecko) Chrome/135.0.7049.95 Mobile Safari/537.36 (compatible; Googlebot/2.1; +http://www.google.com/bot.html)"
66.249.65.35 - - [29/Apr/2025:03:17:27 -0400] "GET /?_gl=1*tzpy3w1*_ga*mvGznzmPMXJPJkWkCAzyEoaVJWIE*_ga_DPVECRHBN*DL086Ey7anBR1kHpZuWe2gb6KuVytMfRcajeonXPKotDhSEous8z7Is.*_gcl_au=1.1.195177486.175707179*_gcl_aw=BRG.177499738.itOLuE8gf4cACE5NNes3E0XDhpvtdYakHI7jdT2X8R4rfA6RE7kQdPeIIT0eSNlumuuLswGvRsK1HfAUVc6LtKQNKj..&_gz=2.193157381.195218596.178935487-865580304.161237071&_bdsid=avu59t.n~ZAFKN.172690659.173483987&_bd_prev_page=https://usaattorneyblog.com/site.php?58lfy42474.html HTTP/1.1" 200 19897 "-" "Mozilla/5.0 (Linux; Android 6.0.1; Nexus 5X Build/MMB29P) AppleWebKit/537.36 (KHTML, like Gecko) Chrome/135.0.7049.95 Mobile Safari/537.36 (compatible; Googlebot/2.1; +http://www.google.com/bot.html)"
66.249.65.35 - - [29/Apr/2025:03:17:39 -0400] "GET /?_gl=1*tzpy3w1*_ga*mvGznzmPMXJPJkWkCAzyEoaVJWIE*_ga_DPVECRHBN*DL086Ey7anBR1kHpZuWe2gb6KuVytMfRcajeonXPKotDhSEous8z7Is.*_gcl_au=1.1.195177486.175707179*_gcl_aw=BRG.177499738.itOLuE8gf4cACE5NNes3E0XDhpvtdYakHI7jdT2X8R4rfA6RE7kQdPeIIT0eSNlumuuLswGvRsK1HfAUVc6LtKQNKj..&_gz=2.193157381.195218596.178935487-865580304.161237071&_bdsid=avu59t.n~ZAFKN.172690659.173483987&_bd_prev_page=https://usaattorneyblog.com/site.php?58dxw14830.html HTTP/1.1" 200 18766 "-" "Mozilla/5.0 (Linux; Android 6.0.1; Nexus 5X Build/MMB29P) AppleWebKit/537.36 (KHTML, like Gecko) Chrome/135.0.7049.95 Mobile Safari/537.36 (compatible; Googlebot/2.1; +http://www.google.com/bot.html)"
66.249.65.35 - - [29/Apr/2025:03:17:50 -0400] "GET /?_gl=1*tzpy3w1*_ga*mvGznzmPMXJPJkWkCAzyEoaVJWIE*_ga_DPVECRHBN*DL086Ey7anBR1kHpZuWe2gb6KuVytMfRcajeonXPKotDhSEous8z7Is.*_gcl_au=1.1.195177486.175707179*_gcl_aw=BRG.177499738.itOLuE8gf4cACE5NNes3E0XDhpvtdYakHI7jdT2X8R4rfA6RE7kQdPeIIT0eSNlumuuLswGvRsK1HfAUVc6LtKQNKj..&_gz=2.193157381.195218596.178935487-865580304.161237071&_bdsid=avu59t.n~ZAFKN.172690659.173483987&_bd_prev_page=https://usaattorneyblog.com/site.php?58yakzh46360.html HTTP/1.1" 200 19130 "-" "Mozilla/5.0 (Linux; Android 6.0.1; Nexus 5X Build/MMB29P) AppleWebKit/537.36 (KHTML, like Gecko) Chrome/135.0.7049.95 Mobile Safari/537.36 (compatible; Googlebot/2.1; +http://www.google.com/bot.html)"
66.249.65.36 - - [29/Apr/2025:03:18:26 -0400] "GET /?_gl=1*tzpy3w1*_ga*mvGznzmPMXJPJkWkCAzyEoaVJWIE*_ga_DPVECRHBN*DL086Ey7anBR1kHpZuWe2gb6KuVytMfRcajeonXPKotDhSEous8z7Is.*_gcl_au=1.1.195177486.175707179*_gcl_aw=BRG.177499738.itOLuE8gf4cACE5NNes3E0XDhpvtdYakHI7jdT2X8R4rfA6RE7kQdPeIIT0eSNlumuuLswGvRsK1HfAUVc6LtKQNKj..&_gz=2.193157381.195218596.178935487-865580304.161237071&_bdsid=avu59t.n~ZAFKN.172690659.173483987&_bd_prev_page=https://usaattorneyblog.com/site.php?58thk46310.html HTTP/1.1" 200 20881 "-" "Mozilla/5.0 (Linux; Android 6.0.1; Nexus 5X Build/MMB29P) AppleWebKit/537.36 (KHTML, like Gecko) Chrome/135.0.7049.95 Mobile Safari/537.36 (compatible; Googlebot/2.1; +http://www.google.com/bot.html)"
66.249.65.35 - - [29/Apr/2025:03:18:38 -0400] "GET /?_gl=1*tzpy3w1*_ga*mvGznzmPMXJPJkWkCAzyEoaVJWIE*_ga_DPVECRHBN*DL086Ey7anBR1kHpZuWe2gb6KuVytMfRcajeonXPKotDhSEous8z7Is.*_gcl_au=1.1.195177486.175707179*_gcl_aw=BRG.177499738.itOLuE8gf4cACE5NNes3E0XDhpvtdYakHI7jdT2X8R4rfA6RE7kQdPeIIT0eSNlumuuLswGvRsK1HfAUVc6LtKQNKj..&_gz=2.193157381.195218596.178935487-865580304.161237071&_bdsid=avu59t.n~ZAFKN.172690659.173483987&_bd_prev_page=https://usaattorneyblog.com/site.php?58rnhzg42482.html HTTP/1.1" 200 20351 "-" "Mozilla/5.0 (Linux; Android 6.0.1; Nexus 5X Build/MMB29P) AppleWebKit/537.36 (KHTML, like Gecko) Chrome/135.0.7049.95 Mobile Safari/537.36 (compatible; Googlebot/2.1; +http://www.google.com/bot.html)"
66.249.65.35 - - [29/Apr/2025:03:18:49 -0400] "GET /?_gl=1*tzpy3w1*_ga*mvGznzmPMXJPJkWkCAzyEoaVJWIE*_ga_DPVECRHBN*DL086Ey7anBR1kHpZuWe2gb6KuVytMfRcajeonXPKotDhSEous8z7Is.*_gcl_au=1.1.195177486.175707179*_gcl_aw=BRG.177499738.itOLuE8gf4cACE5NNes3E0XDhpvtdYakHI7jdT2X8R4rfA6RE7kQdPeIIT0eSNlumuuLswGvRsK1HfAUVc6LtKQNKj..&_gz=2.193157381.195218596.178935487-865580304.161237071&_bdsid=avu59t.n~ZAFKN.172690659.173483987&_bd_prev_page=https://usaattorneyblog.com/site.php?58xeihj36800.html HTTP/1.1" 200 18807 "-" "Mozilla/5.0 (Linux; Android 6.0.1; Nexus 5X Build/MMB29P) AppleWebKit/537.36 (KHTML, like Gecko) Chrome/135.0.7049.95 Mobile Safari/537.36 (compatible; Googlebot/2.1; +http://www.google.com/bot.html)"
66.249.65.35 - - [29/Apr/2025:03:19:07 -0400] "GET /?_gl=1*tzpy3w1*_ga*mvGznzmPMXJPJkWkCAzyEoaVJWIE*_ga_DPVECRHBN*DL086Ey7anBR1kHpZuWe2gb6KuVytMfRcajeonXPKotDhSEous8z7Is.*_gcl_au=1.1.195177486.175707179*_gcl_aw=BRG.177499738.itOLuE8gf4cACE5NNes3E0XDhpvtdYakHI7jdT2X8R4rfA6RE7kQdPeIIT0eSNlumuuLswGvRsK1HfAUVc6LtKQNKj..&_gz=2.193157381.195218596.178935487-865580304.161237071&_bdsid=avu59t.n~ZAFKN.172690659.173483987&_bd_prev_page=https://usaattorneyblog.com/site.php?58ona36906.html HTTP/1.1" 200 19345 "-" "Mozilla/5.0 (Linux; Android 6.0.1; Nexus 5X Build/MMB29P) AppleWebKit/537.36 (KHTML, like Gecko) Chrome/135.0.7049.95 Mobile Safari/537.36 (compatible; Googlebot/2.1; +http://www.google.com/bot.html)"
66.249.65.35 - - [29/Apr/2025:03:19:20 -0400] "GET /?_gl=1*tzpy3w1*_ga*mvGznzmPMXJPJkWkCAzyEoaVJWIE*_ga_DPVECRHBN*DL086Ey7anBR1kHpZuWe2gb6KuVytMfRcajeonXPKotDhSEous8z7Is.*_gcl_au=1.1.195177486.175707179*_gcl_aw=BRG.177499738.itOLuE8gf4cACE5NNes3E0XDhpvtdYakHI7jdT2X8R4rfA6RE7kQdPeIIT0eSNlumuuLswGvRsK1HfAUVc6LtKQNKj..&_gz=2.193157381.195218596.178935487-865580304.161237071&_bdsid=avu59t.n~ZAFKN.172690659.173483987&_bd_prev_page=https://usaattorneyblog.com/site.php?58vffez42248.html HTTP/1.1" 200 19013 "-" "Mozilla/5.0 (Linux; Android 6.0.1; Nexus 5X Build/MMB29P) AppleWebKit/537.36 (KHTML, like Gecko) Chrome/135.0.7049.95 Mobile Safari/537.36 (compatible; Googlebot/2.1; +http://www.google.com/bot.html)"
66.249.65.35 - - [29/Apr/2025:03:19:46 -0400] "GET /?_gl=1*tzpy3w1*_ga*mvGznzmPMXJPJkWkCAzyEoaVJWIE*_ga_DPVECRHBN*DL086Ey7anBR1kHpZuWe2gb6KuVytMfRcajeonXPKotDhSEous8z7Is.*_gcl_au=1.1.195177486.175707179*_gcl_aw=BRG.177499738.itOLuE8gf4cACE5NNes3E0XDhpvtdYakHI7jdT2X8R4rfA6RE7kQdPeIIT0eSNlumuuLswGvRsK1HfAUVc6LtKQNKj..&_gz=2.193157381.195218596.178935487-865580304.161237071&_bdsid=avu59t.n~ZAFKN.172690659.173483987&_bd_prev_page=https://usaattorneyblog.com/site.php?58vqhi36790.html HTTP/1.1" 200 19051 "-" "Mozilla/5.0 (Linux; Android 6.0.1; Nexus 5X Build/MMB29P) AppleWebKit/537.36 (KHTML, like Gecko) Chrome/135.0.7049.95 Mobile Safari/537.36 (compatible; Googlebot/2.1; +http://www.google.com/bot.html)"
66.249.65.35 - - [29/Apr/2025:03:19:59 -0400] "GET /?_gl=1*tzpy3w1*_ga*mvGznzmPMXJPJkWkCAzyEoaVJWIE*_ga_DPVECRHBN*DL086Ey7anBR1kHpZuWe2gb6KuVytMfRcajeonXPKotDhSEous8z7Is.*_gcl_au=1.1.195177486.175707179*_gcl_aw=BRG.177499738.itOLuE8gf4cACE5NNes3E0XDhpvtdYakHI7jdT2X8R4rfA6RE7kQdPeIIT0eSNlumuuLswGvRsK1HfAUVc6LtKQNKj..&_gz=2.193157381.195218596.178935487-865580304.161237071&_bdsid=avu59t.n~ZAFKN.172690659.173483987&_bd_prev_page=https://usaattorneyblog.com/site.php?58ygd3104.html HTTP/1.1" 200 19960 "-" "Mozilla/5.0 (Linux; Android 6.0.1; Nexus 5X Build/MMB29P) AppleWebKit/537.36 (KHTML, like Gecko) Chrome/135.0.7049.95 Mobile Safari/537.36 (compatible; Googlebot/2.1; +http://www.google.com/bot.html)"
114.119.153.132 - - [29/Apr/2025:03:20:19 -0400] "GET /wp-includes/wp-db.php HTTP/1.1" 403 1242 "https://usaattorneyblog.com/wp-includes/" "Mozilla/5.0 (Linux; Android 7.0;) AppleWebKit/537.36 (KHTML, like Gecko) Mobile Safari/537.36 (compatible; PetalBot;+https://webmaster.petalsearch.com/site/petalbot)"
69.57.162.13 - - [29/Apr/2025:03:20:23 -0400] "POST /wp-cron.php?doing_wp_cron=1745911223.7224280834197998046875 HTTP/1.1" 403 1242 "-" "WordPress/6.8; https://usaattorneyblog.com"
49.51.183.84 - - [29/Apr/2025:03:20:21 -0400] "GET /tag/pinellas-county/ HTTP/1.1" 200 12048 "-" "Mozilla/5.0 (iPhone; CPU iPhone OS 13_2_3 like Mac OS X) AppleWebKit/605.1.15 (KHTML, like Gecko) Version/13.0.3 Mobile/15E148 Safari/604.1"
66.249.65.35 - - [29/Apr/2025:03:20:25 -0400] "GET /?_gl=1*tzpy3w1*_ga*mvGznzmPMXJPJkWkCAzyEoaVJWIE*_ga_DPVECRHBN*DL086Ey7anBR1kHpZuWe2gb6KuVytMfRcajeonXPKotDhSEous8z7Is.*_gcl_au=1.1.195177486.175707179*_gcl_aw=BRG.177499738.itOLuE8gf4cACE5NNes3E0XDhpvtdYakHI7jdT2X8R4rfA6RE7kQdPeIIT0eSNlumuuLswGvRsK1HfAUVc6LtKQNKj..&_gz=2.193157381.195218596.178935487-865580304.161237071&_bdsid=avu59t.n~ZAFKN.172690659.173483987&_bd_prev_page=https://usaattorneyblog.com/site.php?58dhsxi36928.html HTTP/1.1" 200 18752 "-" "Mozilla/5.0 (Linux; Android 6.0.1; Nexus 5X Build/MMB29P) AppleWebKit/537.36 (KHTML, like Gecko) Chrome/135.0.7049.95 Mobile Safari/537.36 (compatible; Googlebot/2.1; +http://www.google.com/bot.html)"
66.249.65.35 - - [29/Apr/2025:03:20:43 -0400] "GET /?_gl=1*tzpy3w1*_ga*mvGznzmPMXJPJkWkCAzyEoaVJWIE*_ga_DPVECRHBN*DL086Ey7anBR1kHpZuWe2gb6KuVytMfRcajeonXPKotDhSEous8z7Is.*_gcl_au=1.1.195177486.175707179*_gcl_aw=BRG.177499738.itOLuE8gf4cACE5NNes3E0XDhpvtdYakHI7jdT2X8R4rfA6RE7kQdPeIIT0eSNlumuuLswGvRsK1HfAUVc6LtKQNKj..&_gz=2.193157381.195218596.178935487-865580304.161237071&_bdsid=avu59t.n~ZAFKN.172690659.173483987&_bd_prev_page=https://usaattorneyblog.com/site.php?58gqfo3220.html HTTP/1.1" 200 19099 "-" "Mozilla/5.0 (Linux; Android 6.0.1; Nexus 5X Build/MMB29P) AppleWebKit/537.36 (KHTML, like Gecko) Chrome/135.0.7049.95 Mobile Safari/537.36 (compatible; Googlebot/2.1; +http://www.google.com/bot.html)"
66.249.65.35 - - [29/Apr/2025:03:20:55 -0400] "GET /?_gl=1*tzpy3w1*_ga*mvGznzmPMXJPJkWkCAzyEoaVJWIE*_ga_DPVECRHBN*DL086Ey7anBR1kHpZuWe2gb6KuVytMfRcajeonXPKotDhSEous8z7Is.*_gcl_au=1.1.195177486.175707179*_gcl_aw=BRG.177499738.itOLuE8gf4cACE5NNes3E0XDhpvtdYakHI7jdT2X8R4rfA6RE7kQdPeIIT0eSNlumuuLswGvRsK1HfAUVc6LtKQNKj..&_gz=2.193157381.195218596.178935487-865580304.161237071&_bdsid=avu59t.n~ZAFKN.172690659.173483987&_bd_prev_page=https://usaattorneyblog.com/site.php?58lqgd36902.html HTTP/1.1" 200 19207 "-" "Mozilla/5.0 (Linux; Android 6.0.1; Nexus 5X Build/MMB29P) AppleWebKit/537.36 (KHTML, like Gecko) Chrome/135.0.7049.95 Mobile Safari/537.36 (compatible; Googlebot/2.1; +http://www.google.com/bot.html)"
66.249.65.35 - - [29/Apr/2025:03:21:19 -0400] "GET /?_gl=1*tzpy3w1*_ga*mvGznzmPMXJPJkWkCAzyEoaVJWIE*_ga_DPVECRHBN*DL086Ey7anBR1kHpZuWe2gb6KuVytMfRcajeonXPKotDhSEous8z7Is.*_gcl_au=1.1.195177486.175707179*_gcl_aw=BRG.177499738.itOLuE8gf4cACE5NNes3E0XDhpvtdYakHI7jdT2X8R4rfA6RE7kQdPeIIT0eSNlumuuLswGvRsK1HfAUVc6LtKQNKj..&_gz=2.193157381.195218596.178935487-865580304.161237071&_bdsid=avu59t.n~ZAFKN.172690659.173483987&_bd_prev_page=https://usaattorneyblog.com/site.php?58giblx42088.html HTTP/1.1" 200 19255 "-" "Mozilla/5.0 (Linux; Android 6.0.1; Nexus 5X Build/MMB29P) AppleWebKit/537.36 (KHTML, like Gecko) Chrome/135.0.7049.95 Mobile Safari/537.36 (compatible; Googlebot/2.1; +http://www.google.com/bot.html)"
66.249.65.35 - - [29/Apr/2025:03:21:31 -0400] "GET /?_gl=1*tzpy3w1*_ga*mvGznzmPMXJPJkWkCAzyEoaVJWIE*_ga_DPVECRHBN*DL086Ey7anBR1kHpZuWe2gb6KuVytMfRcajeonXPKotDhSEous8z7Is.*_gcl_au=1.1.195177486.175707179*_gcl_aw=BRG.177499738.itOLuE8gf4cACE5NNes3E0XDhpvtdYakHI7jdT2X8R4rfA6RE7kQdPeIIT0eSNlumuuLswGvRsK1HfAUVc6LtKQNKj..&_gz=2.193157381.195218596.178935487-865580304.161237071&_bdsid=avu59t.n~ZAFKN.172690659.173483987&_bd_prev_page=https://usaattorneyblog.com/site.php?58oqdfz42158.html HTTP/1.1" 200 19529 "-" "Mozilla/5.0 (Linux; Android 6.0.1; Nexus 5X Build/MMB29P) AppleWebKit/537.36 (KHTML, like Gecko) Chrome/135.0.7049.95 Mobile Safari/537.36 (compatible; Googlebot/2.1; +http://www.google.com/bot.html)"
66.249.65.35 - - [29/Apr/2025:03:21:53 -0400] "GET /?_gl=1*tzpy3w1*_ga*mvGznzmPMXJPJkWkCAzyEoaVJWIE*_ga_DPVECRHBN*DL086Ey7anBR1kHpZuWe2gb6KuVytMfRcajeonXPKotDhSEous8z7Is.*_gcl_au=1.1.195177486.175707179*_gcl_aw=BRG.177499738.itOLuE8gf4cACE5NNes3E0XDhpvtdYakHI7jdT2X8R4rfA6RE7kQdPeIIT0eSNlumuuLswGvRsK1HfAUVc6LtKQNKj..&_gz=2.193157381.195218596.178935487-865580304.161237071&_bdsid=avu59t.n~ZAFKN.172690659.173483987&_bd_prev_page=https://usaattorneyblog.com/site.php?58uul42200.html HTTP/1.1" 200 21736 "-" "Mozilla/5.0 (Linux; Android 6.0.1; Nexus 5X Build/MMB29P) AppleWebKit/537.36 (KHTML, like Gecko) Chrome/135.0.7049.95 Mobile Safari/537.36 (compatible; Googlebot/2.1; +http://www.google.com/bot.html)"
66.249.65.36 - - [29/Apr/2025:03:22:53 -0400] "GET /?_gl=1*tzpy3w1*_ga*mvGznzmPMXJPJkWkCAzyEoaVJWIE*_ga_DPVECRHBN*DL086Ey7anBR1kHpZuWe2gb6KuVytMfRcajeonXPKotDhSEous8z7Is.*_gcl_au=1.1.195177486.175707179*_gcl_aw=BRG.177499738.itOLuE8gf4cACE5NNes3E0XDhpvtdYakHI7jdT2X8R4rfA6RE7kQdPeIIT0eSNlumuuLswGvRsK1HfAUVc6LtKQNKj..&_gz=2.193157381.195218596.178935487-865580304.161237071&_bdsid=avu59t.n~ZAFKN.172690659.173483987&_bd_prev_page=https://usaattorneyblog.com/site.php?29aksba1319.html HTTP/1.1" 200 18267 "-" "Mozilla/5.0 (Linux; Android 6.0.1; Nexus 5X Build/MMB29P) AppleWebKit/537.36 (KHTML, like Gecko) Chrome/135.0.7049.95 Mobile Safari/537.36 (compatible; Googlebot/2.1; +http://www.google.com/bot.html)"
157.55.39.201 - - [29/Apr/2025:03:23:15 -0400] "GET /best-online-casino-app-united-kingdom/ HTTP/1.1" 200 17 "-" "Mozilla/5.0 AppleWebKit/537.36 (KHTML, like Gecko; compatible; bingbot/2.0; +http://www.bing.com/bingbot.htm) Chrome/116.0.1938.76 Safari/537.36"
66.249.65.35 - - [29/Apr/2025:03:23:15 -0400] "GET /?_gl=1*tzpy3w1*_ga*mvGznzmPMXJPJkWkCAzyEoaVJWIE*_ga_DPVECRHBN*DL086Ey7anBR1kHpZuWe2gb6KuVytMfRcajeonXPKotDhSEous8z7Is.*_gcl_au=1.1.195177486.175707179*_gcl_aw=BRG.177499738.itOLuE8gf4cACE5NNes3E0XDhpvtdYakHI7jdT2X8R4rfA6RE7kQdPeIIT0eSNlumuuLswGvRsK1HfAUVc6LtKQNKj..&_gz=2.193157381.195218596.178935487-865580304.161237071&_bdsid=avu59t.n~ZAFKN.172690659.173483987&_bd_prev_page=https://usaattorneyblog.com/site.php?29qnxl17795.html HTTP/1.1" 200 19486 "-" "Mozilla/5.0 (Linux; Android 6.0.1; Nexus 5X Build/MMB29P) AppleWebKit/537.36 (KHTML, like Gecko) Chrome/135.0.7049.95 Mobile Safari/537.36 (compatible; Googlebot/2.1; +http://www.google.com/bot.html)"
66.249.65.36 - - [29/Apr/2025:03:23:27 -0400] "GET /?_gl=1*tzpy3w1*_ga*mvGznzmPMXJPJkWkCAzyEoaVJWIE*_ga_DPVECRHBN*DL086Ey7anBR1kHpZuWe2gb6KuVytMfRcajeonXPKotDhSEous8z7Is.*_gcl_au=1.1.195177486.175707179*_gcl_aw=BRG.177499738.itOLuE8gf4cACE5NNes3E0XDhpvtdYakHI7jdT2X8R4rfA6RE7kQdPeIIT0eSNlumuuLswGvRsK1HfAUVc6LtKQNKj..&_gz=2.193157381.195218596.178935487-865580304.161237071&_bdsid=avu59t.n~ZAFKN.172690659.173483987&_bd_prev_page=https://usaattorneyblog.com/site.php?29vtg10689.html HTTP/1.1" 200 18083 "-" "Mozilla/5.0 (Linux; Android 6.0.1; Nexus 5X Build/MMB29P) AppleWebKit/537.36 (KHTML, like Gecko) Chrome/135.0.7049.95 Mobile Safari/537.36 (compatible; Googlebot/2.1; +http://www.google.com/bot.html)"
66.249.65.35 - - [29/Apr/2025:03:23:38 -0400] "GET /?_gl=1*tzpy3w1*_ga*mvGznzmPMXJPJkWkCAzyEoaVJWIE*_ga_DPVECRHBN*DL086Ey7anBR1kHpZuWe2gb6KuVytMfRcajeonXPKotDhSEous8z7Is.*_gcl_au=1.1.195177486.175707179*_gcl_aw=BRG.177499738.itOLuE8gf4cACE5NNes3E0XDhpvtdYakHI7jdT2X8R4rfA6RE7kQdPeIIT0eSNlumuuLswGvRsK1HfAUVc6LtKQNKj..&_gz=2.193157381.195218596.178935487-865580304.161237071&_bdsid=avu59t.n~ZAFKN.172690659.173483987&_bd_prev_page=https://usaattorneyblog.com/site.php?29nbwx17843.html HTTP/1.1" 200 18192 "-" "Mozilla/5.0 (Linux; Android 6.0.1; Nexus 5X Build/MMB29P) AppleWebKit/537.36 (KHTML, like Gecko) Chrome/135.0.7049.95 Mobile Safari/537.36 (compatible; Googlebot/2.1; +http://www.google.com/bot.html)"
66.249.65.35 - - [29/Apr/2025:03:23:49 -0400] "GET /?_gl=1*tzpy3w1*_ga*mvGznzmPMXJPJkWkCAzyEoaVJWIE*_ga_DPVECRHBN*DL086Ey7anBR1kHpZuWe2gb6KuVytMfRcajeonXPKotDhSEous8z7Is.*_gcl_au=1.1.195177486.175707179*_gcl_aw=BRG.177499738.itOLuE8gf4cACE5NNes3E0XDhpvtdYakHI7jdT2X8R4rfA6RE7kQdPeIIT0eSNlumuuLswGvRsK1HfAUVc6LtKQNKj..&_gz=2.193157381.195218596.178935487-865580304.161237071&_bdsid=avu59t.n~ZAFKN.172690659.173483987&_bd_prev_page=https://usaattorneyblog.com/site.php?29hralo10093.html HTTP/1.1" 200 18485 "-" "Mozilla/5.0 (Linux; Android 6.0.1; Nexus 5X Build/MMB29P) AppleWebKit/537.36 (KHTML, like Gecko) Chrome/135.0.7049.95 Mobile Safari/537.36 (compatible; Googlebot/2.1; +http://www.google.com/bot.html)"
66.249.65.36 - - [29/Apr/2025:03:24:01 -0400] "GET /?_gl=1*tzpy3w1*_ga*mvGznzmPMXJPJkWkCAzyEoaVJWIE*_ga_DPVECRHBN*DL086Ey7anBR1kHpZuWe2gb6KuVytMfRcajeonXPKotDhSEous8z7Is.*_gcl_au=1.1.195177486.175707179*_gcl_aw=BRG.177499738.itOLuE8gf4cACE5NNes3E0XDhpvtdYakHI7jdT2X8R4rfA6RE7kQdPeIIT0eSNlumuuLswGvRsK1HfAUVc6LtKQNKj..&_gz=2.193157381.195218596.178935487-865580304.161237071&_bdsid=avu59t.n~ZAFKN.172690659.173483987&_bd_prev_page=https://usaattorneyblog.com/site.php?29yso17855.html HTTP/1.1" 200 18589 "-" "Mozilla/5.0 (Linux; Android 6.0.1; Nexus 5X Build/MMB29P) AppleWebKit/537.36 (KHTML, like Gecko) Chrome/135.0.7049.95 Mobile Safari/537.36 (compatible; Googlebot/2.1; +http://www.google.com/bot.html)"
66.249.65.35 - - [29/Apr/2025:03:24:12 -0400] "GET /?_gl=1*tzpy3w1*_ga*mvGznzmPMXJPJkWkCAzyEoaVJWIE*_ga_DPVECRHBN*DL086Ey7anBR1kHpZuWe2gb6KuVytMfRcajeonXPKotDhSEous8z7Is.*_gcl_au=1.1.195177486.175707179*_gcl_aw=BRG.177499738.itOLuE8gf4cACE5NNes3E0XDhpvtdYakHI7jdT2X8R4rfA6RE7kQdPeIIT0eSNlumuuLswGvRsK1HfAUVc6LtKQNKj..&_gz=2.193157381.195218596.178935487-865580304.161237071&_bdsid=avu59t.n~ZAFKN.172690659.173483987&_bd_prev_page=https://usaattorneyblog.com/site.php?29sws10683.html HTTP/1.1" 200 19091 "-" "Mozilla/5.0 (Linux; Android 6.0.1; Nexus 5X Build/MMB29P) AppleWebKit/537.36 (KHTML, like Gecko) Chrome/135.0.7049.95 Mobile Safari/537.36 (compatible; Googlebot/2.1; +http://www.google.com/bot.html)"
66.249.65.35 - - [29/Apr/2025:03:24:24 -0400] "GET /?_gl=1*tzpy3w1*_ga*mvGznzmPMXJPJkWkCAzyEoaVJWIE*_ga_DPVECRHBN*DL086Ey7anBR1kHpZuWe2gb6KuVytMfRcajeonXPKotDhSEous8z7Is.*_gcl_au=1.1.195177486.175707179*_gcl_aw=BRG.177499738.itOLuE8gf4cACE5NNes3E0XDhpvtdYakHI7jdT2X8R4rfA6RE7kQdPeIIT0eSNlumuuLswGvRsK1HfAUVc6LtKQNKj..&_gz=2.193157381.195218596.178935487-865580304.161237071&_bdsid=avu59t.n~ZAFKN.172690659.173483987&_bd_prev_page=https://usaattorneyblog.com/site.php?29eubcx32075.html HTTP/1.1" 200 18458 "-" "Mozilla/5.0 (Linux; Android 6.0.1; Nexus 5X Build/MMB29P) AppleWebKit/537.36 (KHTML, like Gecko) Chrome/135.0.7049.95 Mobile Safari/537.36 (compatible; Googlebot/2.1; +http://www.google.com/bot.html)"
114.119.156.172 - - [29/Apr/2025:03:24:27 -0400] "GET /wp-includes/theme.json HTTP/1.1" 200 8704 "https://usaattorneyblog.com/wp-includes/" "Mozilla/5.0 (Linux; Android 7.0;) AppleWebKit/537.36 (KHTML, like Gecko) Mobile Safari/537.36 (compatible; PetalBot;+https://webmaster.petalsearch.com/site/petalbot)"
66.249.65.35 - - [29/Apr/2025:03:24:36 -0400] "GET /?_gl=1*tzpy3w1*_ga*mvGznzmPMXJPJkWkCAzyEoaVJWIE*_ga_DPVECRHBN*DL086Ey7anBR1kHpZuWe2gb6KuVytMfRcajeonXPKotDhSEous8z7Is.*_gcl_au=1.1.195177486.175707179*_gcl_aw=BRG.177499738.itOLuE8gf4cACE5NNes3E0XDhpvtdYakHI7jdT2X8R4rfA6RE7kQdPeIIT0eSNlumuuLswGvRsK1HfAUVc6LtKQNKj..&_gz=2.193157381.195218596.178935487-865580304.161237071&_bdsid=avu59t.n~ZAFKN.172690659.173483987&_bd_prev_page=https://usaattorneyblog.com/site.php?29cgznz17735.html HTTP/1.1" 200 17490 "-" "Mozilla/5.0 (Linux; Android 6.0.1; Nexus 5X Build/MMB29P) AppleWebKit/537.36 (KHTML, like Gecko) Chrome/135.0.7049.95 Mobile Safari/537.36 (compatible; Googlebot/2.1; +http://www.google.com/bot.html)"
66.249.65.35 - - [29/Apr/2025:03:24:47 -0400] "GET /?_gl=1*tzpy3w1*_ga*mvGznzmPMXJPJkWkCAzyEoaVJWIE*_ga_DPVECRHBN*DL086Ey7anBR1kHpZuWe2gb6KuVytMfRcajeonXPKotDhSEous8z7Is.*_gcl_au=1.1.195177486.175707179*_gcl_aw=BRG.177499738.itOLuE8gf4cACE5NNes3E0XDhpvtdYakHI7jdT2X8R4rfA6RE7kQdPeIIT0eSNlumuuLswGvRsK1HfAUVc6LtKQNKj..&_gz=2.193157381.195218596.178935487-865580304.161237071&_bdsid=avu59t.n~ZAFKN.172690659.173483987&_bd_prev_page=https://usaattorneyblog.com/site.php?29ucg17725.html HTTP/1.1" 200 17921 "-" "Mozilla/5.0 (Linux; Android 6.0.1; Nexus 5X Build/MMB29P) AppleWebKit/537.36 (KHTML, like Gecko) Chrome/135.0.7049.95 Mobile Safari/537.36 (compatible; Googlebot/2.1; +http://www.google.com/bot.html)"
66.249.65.35 - - [29/Apr/2025:03:24:59 -0400] "GET /?_gl=1*tzpy3w1*_ga*mvGznzmPMXJPJkWkCAzyEoaVJWIE*_ga_DPVECRHBN*DL086Ey7anBR1kHpZuWe2gb6KuVytMfRcajeonXPKotDhSEous8z7Is.*_gcl_au=1.1.195177486.175707179*_gcl_aw=BRG.177499738.itOLuE8gf4cACE5NNes3E0XDhpvtdYakHI7jdT2X8R4rfA6RE7kQdPeIIT0eSNlumuuLswGvRsK1HfAUVc6LtKQNKj..&_gz=2.193157381.195218596.178935487-865580304.161237071&_bdsid=avu59t.n~ZAFKN.172690659.173483987&_bd_prev_page=https://usaattorneyblog.com/site.php?29yskku10211.html HTTP/1.1" 200 18572 "-" "Mozilla/5.0 (Linux; Android 6.0.1; Nexus 5X Build/MMB29P) AppleWebKit/537.36 (KHTML, like Gecko) Chrome/135.0.7049.95 Mobile Safari/537.36 (compatible; Googlebot/2.1; +http://www.google.com/bot.html)"
40.77.167.72 - - [29/Apr/2025:03:25:00 -0400] "GET /mobile-phone-casinos-you-can-deposit-by-phone-billing/ HTTP/1.1" 200 17 "-" "Mozilla/5.0 AppleWebKit/537.36 (KHTML, like Gecko; compatible; bingbot/2.0; +http://www.bing.com/bingbot.htm) Chrome/116.0.1938.76 Safari/537.36"
66.249.65.35 - - [29/Apr/2025:03:25:10 -0400] "GET /?_gl=1*tzpy3w1*_ga*mvGznzmPMXJPJkWkCAzyEoaVJWIE*_ga_DPVECRHBN*DL086Ey7anBR1kHpZuWe2gb6KuVytMfRcajeonXPKotDhSEous8z7Is.*_gcl_au=1.1.195177486.175707179*_gcl_aw=BRG.177499738.itOLuE8gf4cACE5NNes3E0XDhpvtdYakHI7jdT2X8R4rfA6RE7kQdPeIIT0eSNlumuuLswGvRsK1HfAUVc6LtKQNKj..&_gz=2.193157381.195218596.178935487-865580304.161237071&_bdsid=avu59t.n~ZAFKN.172690659.173483987&_bd_prev_page=https://usaattorneyblog.com/site.php?5jlh23655.html HTTP/1.1" 200 18323 "-" "Mozilla/5.0 (Linux; Android 6.0.1; Nexus 5X Build/MMB29P) AppleWebKit/537.36 (KHTML, like Gecko) Chrome/135.0.7049.95 Mobile Safari/537.36 (compatible; Googlebot/2.1; +http://www.google.com/bot.html)"
66.249.65.36 - - [29/Apr/2025:03:25:33 -0400] "GET /?_gl=1*tzpy3w1*_ga*mvGznzmPMXJPJkWkCAzyEoaVJWIE*_ga_DPVECRHBN*DL086Ey7anBR1kHpZuWe2gb6KuVytMfRcajeonXPKotDhSEous8z7Is.*_gcl_au=1.1.195177486.175707179*_gcl_aw=BRG.177499738.itOLuE8gf4cACE5NNes3E0XDhpvtdYakHI7jdT2X8R4rfA6RE7kQdPeIIT0eSNlumuuLswGvRsK1HfAUVc6LtKQNKj..&_gz=2.193157381.195218596.178935487-865580304.161237071&_bdsid=avu59t.n~ZAFKN.172690659.173483987&_bd_prev_page=https://usaattorneyblog.com/site.php?29offis10295.html HTTP/1.1" 200 20486 "-" "Mozilla/5.0 (Linux; Android 6.0.1; Nexus 5X Build/MMB29P) AppleWebKit/537.36 (KHTML, like Gecko) Chrome/135.0.7049.95 Mobile Safari/537.36 (compatible; Googlebot/2.1; +http://www.google.com/bot.html)"
66.249.65.35 - - [29/Apr/2025:03:25:44 -0400] "GET /?_gl=1*tzpy3w1*_ga*mvGznzmPMXJPJkWkCAzyEoaVJWIE*_ga_DPVECRHBN*DL086Ey7anBR1kHpZuWe2gb6KuVytMfRcajeonXPKotDhSEous8z7Is.*_gcl_au=1.1.195177486.175707179*_gcl_aw=BRG.177499738.itOLuE8gf4cACE5NNes3E0XDhpvtdYakHI7jdT2X8R4rfA6RE7kQdPeIIT0eSNlumuuLswGvRsK1HfAUVc6LtKQNKj..&_gz=2.193157381.195218596.178935487-865580304.161237071&_bdsid=avu59t.n~ZAFKN.172690659.173483987&_bd_prev_page=https://usaattorneyblog.com/site.php?29zzoe10165.html HTTP/1.1" 200 17729 "-" "Mozilla/5.0 (Linux; Android 6.0.1; Nexus 5X Build/MMB29P) AppleWebKit/537.36 (KHTML, like Gecko) Chrome/135.0.7049.95 Mobile Safari/537.36 (compatible; Googlebot/2.1; +http://www.google.com/bot.html)"
66.249.65.35 - - [29/Apr/2025:03:25:56 -0400] "GET /?_gl=1*tzpy3w1*_ga*mvGznzmPMXJPJkWkCAzyEoaVJWIE*_ga_DPVECRHBN*DL086Ey7anBR1kHpZuWe2gb6KuVytMfRcajeonXPKotDhSEous8z7Is.*_gcl_au=1.1.195177486.175707179*_gcl_aw=BRG.177499738.itOLuE8gf4cACE5NNes3E0XDhpvtdYakHI7jdT2X8R4rfA6RE7kQdPeIIT0eSNlumuuLswGvRsK1HfAUVc6LtKQNKj..&_gz=2.193157381.195218596.178935487-865580304.161237071&_bdsid=avu59t.n~ZAFKN.172690659.173483987&_bd_prev_page=https://usaattorneyblog.com/site.php?29lrd10521.html HTTP/1.1" 200 19037 "-" "Mozilla/5.0 (Linux; Android 6.0.1; Nexus 5X Build/MMB29P) AppleWebKit/537.36 (KHTML, like Gecko) Chrome/135.0.7049.95 Mobile Safari/537.36 (compatible; Googlebot/2.1; +http://www.google.com/bot.html)"
66.249.65.36 - - [29/Apr/2025:03:26:19 -0400] "GET /?_gl=1*tzpy3w1*_ga*mvGznzmPMXJPJkWkCAzyEoaVJWIE*_ga_DPVECRHBN*DL086Ey7anBR1kHpZuWe2gb6KuVytMfRcajeonXPKotDhSEous8z7Is.*_gcl_au=1.1.195177486.175707179*_gcl_aw=BRG.177499738.itOLuE8gf4cACE5NNes3E0XDhpvtdYakHI7jdT2X8R4rfA6RE7kQdPeIIT0eSNlumuuLswGvRsK1HfAUVc6LtKQNKj..&_gz=2.193157381.195218596.178935487-865580304.161237071&_bdsid=avu59t.n~ZAFKN.172690659.173483987&_bd_prev_page=https://usaattorneyblog.com/site.php?29xhbyd17907.html HTTP/1.1" 200 20519 "-" "Mozilla/5.0 (Linux; Android 6.0.1; Nexus 5X Build/MMB29P) AppleWebKit/537.36 (KHTML, like Gecko) Chrome/135.0.7049.95 Mobile Safari/537.36 (compatible; Googlebot/2.1; +http://www.google.com/bot.html)"
